 {"id":2323,"date":"2020-12-12T02:20:01","date_gmt":"2020-12-12T02:20:01","guid":{"rendered":"https:\/\/www.feyalegria.org\/argentina\/?page_id=2323"},"modified":"2021-04-25T03:23:55","modified_gmt":"2021-04-25T03:23:55","slug":"eventos","status":"publish","type":"page","link":"https:\/\/www.feyalegria.org\/argentina\/eventos\/","title":{"rendered":"Eventos"},"content":{"rendered":"<div class=\"wpb-content-wrapper\"><p>[vc_row][vc_column]<div style=\"background-color:;height: 50px\" class=\"nicdark_section  \"><\/div>[\/vc_column][\/vc_row][vc_row content_placement=&#8221;top&#8221;][vc_column][vc_tta_tabs style=&#8221;modern&#8221; spacing=&#8221;2&#8243; gap=&#8221;3&#8243; active_section=&#8221;1&#8243; css_animation=&#8221;fadeIn&#8221;][vc_tta_section title=&#8221;Noche de Fe y Alegr\u00eda&#8221; tab_id=&#8221;1607906223809-27971f3e-f5bc&#8221;][vc_row_inner][vc_column_inner offset=&#8221;vc_hidden-lg&#8221;] <h4 style=\"color:#3a3a3a;padding:px;text-align:center;font-size:20px;line-height:22px;letter-spacing: px;font-weight:bold\" class=\"   nd_options_first_font \">Noche de Fe y Alegr\u00eda 2020<\/h4> [vc_empty_space][vc_single_image image=&#8221;2446&#8243; img_size=&#8221;full&#8221; alignment=&#8221;center&#8221; style=&#8221;vc_box_rounded&#8221; onclick=&#8221;link_image&#8221;][vc_column_text]<\/p>\n<p align=\"Justify\"><strong>Fecha:<\/strong> 28 de Noviembre de 2020<\/p>\n<p align=\"Justify\"><strong>Lugar<\/strong>: Streaming Live Canal YouTube Fe y Alegr\u00eda<\/p>\n<p align=\"Justify\"><strong>Conductora:<\/strong> Virginia Acosta<\/p>\n<p align=\"Justify\"><strong>Art\u00edstas:<\/strong> Sofia Morales, Consuelo Castillo, Bruno Arga\u00f1araz, Florencia de Pompert, Luis Moulin \/ Bel\u00e9n Belcastro y Diego Gutierrez.<\/p>\n<p>[\/vc_column_text] <h4 style=\"color:#3a3a3a;padding:px;text-align:center;font-size:20px;line-height:22px;letter-spacing: px;font-weight:bold\" class=\"   nd_options_first_font \">Noche de Fe y Alegr\u00eda 2019<\/h4> [vc_empty_space][vc_single_image image=&#8221;2444&#8243; img_size=&#8221;full&#8221; alignment=&#8221;center&#8221; style=&#8221;vc_box_rounded&#8221; onclick=&#8221;link_image&#8221; css=&#8221;.vc_custom_1616062653260{padding-top: 10px !important;}&#8221;][vc_column_text]<\/p>\n<p align=\"Justify\"><strong>Fecha:<\/strong> 10 de Octubre de 2019<\/p>\n<p align=\"Justify\"><strong>Lugar<\/strong>: Sal\u00f3n Principal del Colegio del Salvador<\/p>\n<p align=\"Justify\"><strong>Conductora:<\/strong> Silvina Chedieck<\/p>\n<p align=\"Justify\"><strong>Shows:<\/strong> Los del Portezuelo<\/p>\n<p>[\/vc_column_text] <h4 style=\"color:#3a3a3a;padding:px;text-align:center;font-size:20px;line-height:22px;letter-spacing: px;font-weight:bold\" class=\"   nd_options_first_font \">Noche de Fe y Alegr\u00eda 2018<\/h4> [vc_empty_space][vc_single_image image=&#8221;2445&#8243; img_size=&#8221;full&#8221; alignment=&#8221;center&#8221; style=&#8221;vc_box_rounded&#8221; onclick=&#8221;link_image&#8221; css=&#8221;.vc_custom_1616062661403{padding-top: 10px !important;}&#8221;][vc_column_text]<\/p>\n<p align=\"Justify\"><strong>Fecha:<\/strong> 11 de Ocrubre de 2018<\/p>\n<p align=\"Justify\"><strong>Lugar<\/strong>: Sal\u00f3n Principal del Colegio del Salvador<\/p>\n<p align=\"Justify\"><strong>Conductora:<\/strong> Silvina Chedieck<\/p>\n<p align=\"Justify\"><strong>Shows:<\/strong> Brush up (m\u00fasica en vivo) y C\u00e9sar Banana Pueyrred\u00f3n (cantante) aqu\u00ed puedes <a href=\"https:\/\/d3pugrm67vf9n7.cloudfront.net\/wp-content\/uploads\/sites\/22\/2020\/12\/14002050\/NocheFyA-2018.pdf\" target=\"_blank\" rel=\"noopener noreferrer\"><em>ver y descargar el programa<\/em><\/a><\/p>\n<p>[\/vc_column_text] <h4 style=\"color:#3a3a3a;padding:px;text-align:center;font-size:20px;line-height:22px;letter-spacing: px;font-weight:bold\" class=\"   nd_options_first_font \">Noche de Fe y Alegr\u00eda 2017<\/h4> [vc_empty_space][vc_single_image image=&#8221;2443&#8243; img_size=&#8221;full&#8221; alignment=&#8221;center&#8221; style=&#8221;vc_box_rounded&#8221; onclick=&#8221;link_image&#8221; css=&#8221;.vc_custom_1616062669251{padding-top: 10px !important;}&#8221;][vc_column_text]<\/p>\n<p align=\"Justify\"><strong>Fecha:<\/strong> 07 de Septiembre de 2017<\/p>\n<p align=\"Justify\"><strong>Lugar<\/strong>: Sal\u00f3n Principal del Colegio del Salvador<\/p>\n<p align=\"Justify\"><strong>Conductora:<\/strong> Silvina Chedieck<\/p>\n<p align=\"Justify\"><strong>Shows:<\/strong> Lucila Gandolfo (actriz y cantante, Grupo del Ciel (m\u00fasica en vivo) y Santiago Valerini (tenor) con el Coro del colegio del Salvador<\/p>\n<p>[\/vc_column_text][\/vc_column_inner][\/vc_row_inner][vc_row_inner content_placement=&#8221;middle&#8221; css=&#8221;.vc_custom_1619320452763{margin-right: 40px !important;margin-left: 40px !important;}&#8221;][vc_column_inner width=&#8221;1\/2&#8243; alignment=&#8221;center&#8221; offset=&#8221;vc_hidden-md vc_hidden-sm vc_hidden-xs&#8221;][vc_empty_space] <h4 style=\"color:#3a3a3a;padding:px;text-align:center;font-size:20px;line-height:22px;letter-spacing: px;font-weight:bold\" class=\"   nd_options_first_font \">Noche de Fe y Alegr\u00eda 2020<\/h4> [vc_empty_space][vc_single_image image=&#8221;2446&#8243; img_size=&#8221;full&#8221; alignment=&#8221;center&#8221; style=&#8221;vc_box_rounded&#8221; onclick=&#8221;link_image&#8221; css=&#8221;.vc_custom_1616062643479{padding-top: 10px !important;}&#8221;][vc_column_text css=&#8221;.vc_custom_1607908030133{margin-left: 50px !important;}&#8221;]<\/p>\n<p align=\"Justify\"><strong>Fecha:<\/strong> 28 de Noviembre de 2020<\/p>\n<p align=\"Justify\"><strong>Lugar<\/strong>: Streaming Live Canal YouTube Fe y Alegr\u00eda<\/p>\n<p align=\"Justify\"><strong>Conductora:<\/strong> Virginia Acosta<\/p>\n<p align=\"Justify\"><strong>Art\u00edstas:<\/strong> Sofia Morales, Consuelo Castillo, Bruno Arga\u00f1araz, Florencia de Pompert, Luis Moulin \/ Bel\u00e9n Belcastro y Diego Gutierrez.<\/p>\n<p>[\/vc_column_text][\/vc_column_inner][vc_column_inner width=&#8221;1\/2&#8243; alignment=&#8221;center&#8221; offset=&#8221;vc_hidden-md vc_hidden-sm vc_hidden-xs&#8221;][vc_empty_space height=&#8221;10px&#8221;] <h4 style=\"color:#3a3a3a;padding:px;text-align:center;font-size:20px;line-height:22px;letter-spacing: px;font-weight:bold\" class=\"   nd_options_first_font \">Noche de Fe y Alegr\u00eda 2019<\/h4> [vc_empty_space][vc_single_image image=&#8221;2444&#8243; img_size=&#8221;full&#8221; alignment=&#8221;center&#8221; style=&#8221;vc_box_rounded&#8221; onclick=&#8221;link_image&#8221; css=&#8221;.vc_custom_1616062653260{padding-top: 10px !important;}&#8221;][vc_column_text css=&#8221;.vc_custom_1607908057404{margin-left: 50px !important;}&#8221;]<\/p>\n<p align=\"Justify\"><strong>Fecha:<\/strong> 10 de Octubre de 2019<\/p>\n<p align=\"Justify\"><strong>Lugar<\/strong>: Sal\u00f3n Principal del Colegio del Salvador<\/p>\n<p align=\"Justify\"><strong>Conductora:<\/strong> Silvina Chedieck<\/p>\n<p align=\"Justify\"><strong>Shows:<\/strong> Los del Portezuelo<\/p>\n<p>&nbsp;<\/p>\n<p>[\/vc_column_text][\/vc_column_inner][\/vc_row_inner][vc_row_inner content_placement=&#8221;middle&#8221; css=&#8221;.vc_custom_1619320468261{margin-right: 40px !important;margin-left: 40px !important;}&#8221;][vc_column_inner width=&#8221;1\/2&#8243; alignment=&#8221;center&#8221; offset=&#8221;vc_hidden-md vc_hidden-sm vc_hidden-xs&#8221;] <h4 style=\"color:#3a3a3a;padding:px;text-align:center;font-size:20px;line-height:22px;letter-spacing: px;font-weight:bold\" class=\"   nd_options_first_font \">Noche de Fe y Alegr\u00eda 2018<\/h4> [vc_empty_space][vc_single_image image=&#8221;2445&#8243; img_size=&#8221;full&#8221; alignment=&#8221;center&#8221; style=&#8221;vc_box_rounded&#8221; onclick=&#8221;link_image&#8221; css=&#8221;.vc_custom_1616062661403{padding-top: 10px !important;}&#8221;][vc_column_text css=&#8221;.vc_custom_1607908068939{margin-left: 50px !important;}&#8221;]<\/p>\n<p align=\"Justify\"><strong>Fecha:<\/strong> 11 de Ocrubre de 2018<\/p>\n<p align=\"Justify\"><strong>Lugar<\/strong>: Sal\u00f3n Principal del Colegio del Salvador<\/p>\n<p align=\"Justify\"><strong>Conductora:<\/strong> Silvina Chedieck<\/p>\n<p align=\"Justify\"><strong>Shows:<\/strong> Brush up (m\u00fasica en vivo) y C\u00e9sar Banana Pueyrred\u00f3n (cantante) aqu\u00ed puedes <a href=\"https:\/\/d3pugrm67vf9n7.cloudfront.net\/wp-content\/uploads\/sites\/22\/2020\/12\/14002050\/NocheFyA-2018.pdf\" target=\"_blank\" rel=\"noopener noreferrer\"><em>ver y descargar el programa<\/em><\/a><\/p>\n<p>[\/vc_column_text][\/vc_column_inner][vc_column_inner width=&#8221;1\/2&#8243; alignment=&#8221;center&#8221; offset=&#8221;vc_hidden-md vc_hidden-sm vc_hidden-xs&#8221;] <h4 style=\"color:#3a3a3a;padding:px;text-align:center;font-size:20px;line-height:22px;letter-spacing: px;font-weight:bold\" class=\"   nd_options_first_font \">Noche de Fe y Alegr\u00eda 2017<\/h4> [vc_empty_space][vc_single_image image=&#8221;2443&#8243; img_size=&#8221;full&#8221; alignment=&#8221;center&#8221; style=&#8221;vc_box_rounded&#8221; onclick=&#8221;link_image&#8221; css=&#8221;.vc_custom_1616062669251{padding-top: 10px !important;}&#8221;][vc_column_text css=&#8221;.vc_custom_1607908093733{margin-left: 50px !important;}&#8221;]<\/p>\n<p align=\"Justify\"><strong>Fecha:<\/strong> 07 de Septiembre de 2017<\/p>\n<p align=\"Justify\"><strong>Lugar<\/strong>: Sal\u00f3n Principal del Colegio del Salvador<\/p>\n<p align=\"Justify\"><strong>Conductora:<\/strong> Silvina Chedieck<\/p>\n<p align=\"Justify\"><strong>Shows:<\/strong> Lucila Gandolfo (actriz y cantante, Grupo del Ciel (m\u00fasica en vivo) y Santiago Valerini (tenor) con el Coro del colegio del Salvador<\/p>\n<p>[\/vc_column_text][\/vc_column_inner][\/vc_row_inner][\/vc_tta_section][vc_tta_section title=&#8221;Show de Lucila Gandolfo&#8221; tab_id=&#8221;1594050094910-e3ef1762-e72a&#8221;][vc_row_inner content_placement=&#8221;middle&#8221; css=&#8221;.vc_custom_1619320817041{margin-right: 40px !important;margin-left: 40px !important;}&#8221;][vc_column_inner width=&#8221;1\/2&#8243; alignment=&#8221;center&#8221; offset=&#8221;vc_hidden-md vc_hidden-sm vc_hidden-xs&#8221;][vc_empty_space] <h4 style=\"color:#3a3a3a;padding:px;text-align:center;font-size:20px;line-height:22px;letter-spacing: px;font-weight:bold\" class=\"   nd_options_first_font \">Show de Lucila Gandolfo 2019<\/h4> [vc_empty_space][vc_single_image image=&#8221;2452&#8243; img_size=&#8221;full&#8221; alignment=&#8221;center&#8221; style=&#8221;vc_box_rounded&#8221; onclick=&#8221;link_image&#8221; css=&#8221;.vc_custom_1616062870655{padding-top: 10px !important;}&#8221;][vc_column_text css=&#8221;.vc_custom_1607908117252{margin-left: 50px !important;}&#8221;]<\/p>\n<p align=\"Justify\"><strong>Fecha:<\/strong> 15 de Noviembre de 2019<\/p>\n<p align=\"Justify\"><strong>Lugar:<\/strong> Sal\u00f3n Principal del Colegio del Salvador<\/p>\n<p align=\"Justify\"><strong>Show:<\/strong> Lucila Gandolfo (actriz y cantante)<\/p>\n<p>[\/vc_column_text][\/vc_column_inner][vc_column_inner width=&#8221;1\/2&#8243; alignment=&#8221;center&#8221; offset=&#8221;vc_hidden-md vc_hidden-sm vc_hidden-xs&#8221;][vc_empty_space] <h4 style=\"color:#3a3a3a;padding:px;text-align:center;font-size:20px;line-height:22px;letter-spacing: px;font-weight:bold\" class=\"   nd_options_first_font \">Show de Lucila Gandolfo 2018<\/h4> [vc_empty_space][vc_single_image image=&#8221;2451&#8243; img_size=&#8221;full&#8221; alignment=&#8221;center&#8221; style=&#8221;vc_box_rounded&#8221; onclick=&#8221;link_image&#8221; css=&#8221;.vc_custom_1616062877835{padding-top: 10px !important;}&#8221;][vc_column_text css=&#8221;.vc_custom_1607908128314{margin-left: 50px !important;}&#8221;]<\/p>\n<p align=\"Justify\"><strong>Fecha:<\/strong> 14 de Noviembre de 2018<\/p>\n<p align=\"Justify\"><strong>Lugar:<\/strong> Sal\u00f3n Principal del Colegio del Salvador<\/p>\n<p align=\"Justify\"><strong>Show:<\/strong> Lucila Gandolfo (actriz y cantante)<\/p>\n<p>[\/vc_column_text][\/vc_column_inner][\/vc_row_inner][vc_row_inner][vc_column_inner offset=&#8221;vc_hidden-lg&#8221;] <h4 style=\"color:#3a3a3a;padding:px;text-align:center;font-size:20px;line-height:22px;letter-spacing: px;font-weight:bold\" class=\"   nd_options_first_font \">Show de Lucila Gandolfo 2019<\/h4> [vc_empty_space][vc_single_image image=&#8221;2452&#8243; img_size=&#8221;full&#8221; alignment=&#8221;center&#8221; style=&#8221;vc_box_rounded&#8221; onclick=&#8221;link_image&#8221; css=&#8221;.vc_custom_1616062870655{padding-top: 10px !important;}&#8221;][vc_column_text]<\/p>\n<p align=\"Justify\"><strong>Fecha:<\/strong> 15 de Noviembre de 2019<\/p>\n<p align=\"Justify\"><strong>Lugar:<\/strong> Sal\u00f3n Principal del Colegio del Salvador<\/p>\n<p align=\"Justify\"><strong>Show:<\/strong> Lucila Gandolfo (actriz y cantante)<\/p>\n<p>[\/vc_column_text] <h4 style=\"color:#3a3a3a;padding:px;text-align:center;font-size:20px;line-height:22px;letter-spacing: px;font-weight:bold\" class=\"   nd_options_first_font \">Show de Lucila Gandolfo 2018<\/h4> [vc_empty_space][vc_single_image image=&#8221;2451&#8243; img_size=&#8221;full&#8221; alignment=&#8221;center&#8221; style=&#8221;vc_box_rounded&#8221; onclick=&#8221;link_image&#8221; css=&#8221;.vc_custom_1616062877835{padding-top: 10px !important;}&#8221;][vc_column_text]<\/p>\n<p align=\"Justify\"><strong>Fecha:<\/strong> 14 de Noviembre de 2018<\/p>\n<p align=\"Justify\"><strong>Lugar:<\/strong> Sal\u00f3n Principal del Colegio del Salvador<\/p>\n<p align=\"Justify\"><strong>Show:<\/strong> Lucila Gandolfo (actriz y cantante)<\/p>\n<p>[\/vc_column_text][\/vc_column_inner][\/vc_row_inner][\/vc_tta_section][\/vc_tta_tabs][\/vc_column][\/vc_row][vc_row][vc_column]<div style=\"background-color:;height: 50px\" class=\"nicdark_section  \"><\/div>[\/vc_column][\/vc_row]<\/p>\n<\/div>","protected":false},"excerpt":{"rendered":"<p>[vc_row][vc_column][\/vc_column][\/vc_row][vc_row content_placement=&#8221;top&#8221;][vc_column][vc_tta_tabs style=&#8221;modern&#8221; spacing=&#8221;2&#8243; gap=&#8221;3&#8243; active_section=&#8221;1&#8243; css_animation=&#8221;fadeIn&#8221;][vc_tta_section title=&#8221;Noche de Fe y Alegr\u00eda&#8221; tab_id=&#8221;1607906223809-27971f3e-f5bc&#8221;][vc_row_inner][vc_column_inner offset=&#8221;vc_hidden-lg&#8221;][vc_empty_space][vc_single_image image=&#8221;2446&#8243; img_size=&#8221;full&#8221; alignment=&#8221;center&#8221; style=&#8221;vc_box_rounded&#8221; onclick=&#8221;link_image&#8221;][vc_column_text] Fecha: 28 de Noviembre de 2020 Lugar: Streaming Live Canal YouTube Fe y Alegr\u00eda Conductora: Virginia Acosta Art\u00edstas: Sofia Morales, Consuelo Castillo, Bruno Arga\u00f1araz, Florencia de Pompert, Luis Moulin \/ Bel\u00e9n Belcastro y Diego Gutierrez. [\/vc_column_text][vc_empty_space][vc_single_image<\/p>\n","protected":false},"author":19,"featured_media":0,"parent":0,"menu_order":0,"comment_status":"closed","ping_status":"closed","template":"","meta":{"_acf_changed":false,"footnotes":""},"folder":[],"class_list":["post-2323","page","type-page","status-publish","hentry"],"acf":[],"yoast_head":"<!-- This site is optimized with the Yoast SEO plugin v27.5 - https:\/\/yoast.com\/product\/yoast-seo-wordpress\/ -->\n<title>Eventos - #SomosFeyAlegria en Argentina<\/title>\n<meta name=\"robots\" content=\"index, follow, max-snippet:-1, max-image-preview:large, max-video-preview:-1\" \/>\n<link rel=\"canonical\" href=\"https:\/\/www.feyalegria.org\/argentina\/eventos\/\" \/>\n<meta property=\"og:locale\" content=\"es_ES\" \/>\n<meta property=\"og:type\" content=\"article\" \/>\n<meta property=\"og:title\" content=\"Eventos - #SomosFeyAlegria en Argentina\" \/>\n<meta property=\"og:description\" content=\"[vc_row][vc_column][\/vc_column][\/vc_row][vc_row content_placement=&#8221;top&#8221;][vc_column][vc_tta_tabs style=&#8221;modern&#8221; spacing=&#8221;2&#8243; gap=&#8221;3&#8243; active_section=&#8221;1&#8243; css_animation=&#8221;fadeIn&#8221;][vc_tta_section title=&#8221;Noche de Fe y Alegr\u00eda&#8221; tab_id=&#8221;1607906223809-27971f3e-f5bc&#8221;][vc_row_inner][vc_column_inner offset=&#8221;vc_hidden-lg&#8221;][vc_empty_space][vc_single_image image=&#8221;2446&#8243; img_size=&#8221;full&#8221; alignment=&#8221;center&#8221; style=&#8221;vc_box_rounded&#8221; onclick=&#8221;link_image&#8221;][vc_column_text] Fecha: 28 de Noviembre de 2020 Lugar: Streaming Live Canal YouTube Fe y Alegr\u00eda Conductora: Virginia Acosta Art\u00edstas: Sofia Morales, Consuelo Castillo, Bruno Arga\u00f1araz, Florencia de Pompert, Luis Moulin \/ Bel\u00e9n Belcastro y Diego Gutierrez. [\/vc_column_text][vc_empty_space][vc_single_image\" \/>\n<meta property=\"og:url\" content=\"https:\/\/www.feyalegria.org\/argentina\/eventos\/\" \/>\n<meta property=\"og:site_name\" content=\"#SomosFeyAlegria en Argentina\" \/>\n<meta property=\"article:modified_time\" content=\"2021-04-25T03:23:55+00:00\" \/>\n<meta name=\"twitter:card\" content=\"summary_large_image\" \/>\n<meta name=\"twitter:label1\" content=\"Tiempo de lectura\" \/>\n\t<meta name=\"twitter:data1\" content=\"8 minutos\" \/>\n<script type=\"application\/ld+json\" class=\"yoast-schema-graph\">{\"@context\":\"https:\\\/\\\/schema.org\",\"@graph\":[{\"@type\":\"WebPage\",\"@id\":\"https:\\\/\\\/www.feyalegria.org\\\/argentina\\\/eventos\\\/\",\"url\":\"https:\\\/\\\/www.feyalegria.org\\\/argentina\\\/eventos\\\/\",\"name\":\"Eventos - #SomosFeyAlegria en Argentina\",\"isPartOf\":{\"@id\":\"https:\\\/\\\/www.feyalegria.org\\\/argentina\\\/#website\"},\"datePublished\":\"2020-12-12T02:20:01+00:00\",\"dateModified\":\"2021-04-25T03:23:55+00:00\",\"breadcrumb\":{\"@id\":\"https:\\\/\\\/www.feyalegria.org\\\/argentina\\\/eventos\\\/#breadcrumb\"},\"inLanguage\":\"es-CO\",\"potentialAction\":[{\"@type\":\"ReadAction\",\"target\":[\"https:\\\/\\\/www.feyalegria.org\\\/argentina\\\/eventos\\\/\"]}]},{\"@type\":\"BreadcrumbList\",\"@id\":\"https:\\\/\\\/www.feyalegria.org\\\/argentina\\\/eventos\\\/#breadcrumb\",\"itemListElement\":[{\"@type\":\"ListItem\",\"position\":1,\"name\":\"Home\",\"item\":\"https:\\\/\\\/www.feyalegria.org\\\/argentina\\\/\"},{\"@type\":\"ListItem\",\"position\":2,\"name\":\"Eventos\"}]},{\"@type\":\"WebSite\",\"@id\":\"https:\\\/\\\/www.feyalegria.org\\\/argentina\\\/#website\",\"url\":\"https:\\\/\\\/www.feyalegria.org\\\/argentina\\\/\",\"name\":\"#SomosFeyAlegria en Argentina\",\"description\":\"\",\"potentialAction\":[{\"@type\":\"SearchAction\",\"target\":{\"@type\":\"EntryPoint\",\"urlTemplate\":\"https:\\\/\\\/www.feyalegria.org\\\/argentina\\\/?s={search_term_string}\"},\"query-input\":{\"@type\":\"PropertyValueSpecification\",\"valueRequired\":true,\"valueName\":\"search_term_string\"}}],\"inLanguage\":\"es-CO\"}]}<\/script>\n<!-- \/ Yoast SEO plugin. -->","yoast_head_json":{"title":"Eventos - #SomosFeyAlegria en Argentina","robots":{"index":"index","follow":"follow","max-snippet":"max-snippet:-1","max-image-preview":"max-image-preview:large","max-video-preview":"max-video-preview:-1"},"canonical":"https:\/\/www.feyalegria.org\/argentina\/eventos\/","og_locale":"es_ES","og_type":"article","og_title":"Eventos - #SomosFeyAlegria en Argentina","og_description":"[vc_row][vc_column][\/vc_column][\/vc_row][vc_row content_placement=&#8221;top&#8221;][vc_column][vc_tta_tabs style=&#8221;modern&#8221; spacing=&#8221;2&#8243; gap=&#8221;3&#8243; active_section=&#8221;1&#8243; css_animation=&#8221;fadeIn&#8221;][vc_tta_section title=&#8221;Noche de Fe y Alegr\u00eda&#8221; tab_id=&#8221;1607906223809-27971f3e-f5bc&#8221;][vc_row_inner][vc_column_inner offset=&#8221;vc_hidden-lg&#8221;][vc_empty_space][vc_single_image image=&#8221;2446&#8243; img_size=&#8221;full&#8221; alignment=&#8221;center&#8221; style=&#8221;vc_box_rounded&#8221; onclick=&#8221;link_image&#8221;][vc_column_text] Fecha: 28 de Noviembre de 2020 Lugar: Streaming Live Canal YouTube Fe y Alegr\u00eda Conductora: Virginia Acosta Art\u00edstas: Sofia Morales, Consuelo Castillo, Bruno Arga\u00f1araz, Florencia de Pompert, Luis Moulin \/ Bel\u00e9n Belcastro y Diego Gutierrez. [\/vc_column_text][vc_empty_space][vc_single_image","og_url":"https:\/\/www.feyalegria.org\/argentina\/eventos\/","og_site_name":"#SomosFeyAlegria en Argentina","article_modified_time":"2021-04-25T03:23:55+00:00","twitter_card":"summary_large_image","twitter_misc":{"Tiempo de lectura":"8 minutos"},"schema":{"@context":"https:\/\/schema.org","@graph":[{"@type":"WebPage","@id":"https:\/\/www.feyalegria.org\/argentina\/eventos\/","url":"https:\/\/www.feyalegria.org\/argentina\/eventos\/","name":"Eventos - #SomosFeyAlegria en Argentina","isPartOf":{"@id":"https:\/\/www.feyalegria.org\/argentina\/#website"},"datePublished":"2020-12-12T02:20:01+00:00","dateModified":"2021-04-25T03:23:55+00:00","breadcrumb":{"@id":"https:\/\/www.feyalegria.org\/argentina\/eventos\/#breadcrumb"},"inLanguage":"es-CO","potentialAction":[{"@type":"ReadAction","target":["https:\/\/www.feyalegria.org\/argentina\/eventos\/"]}]},{"@type":"BreadcrumbList","@id":"https:\/\/www.feyalegria.org\/argentina\/eventos\/#breadcrumb","itemListElement":[{"@type":"ListItem","position":1,"name":"Home","item":"https:\/\/www.feyalegria.org\/argentina\/"},{"@type":"ListItem","position":2,"name":"Eventos"}]},{"@type":"WebSite","@id":"https:\/\/www.feyalegria.org\/argentina\/#website","url":"https:\/\/www.feyalegria.org\/argentina\/","name":"#SomosFeyAlegria en Argentina","description":"","potentialAction":[{"@type":"SearchAction","target":{"@type":"EntryPoint","urlTemplate":"https:\/\/www.feyalegria.org\/argentina\/?s={search_term_string}"},"query-input":{"@type":"PropertyValueSpecification","valueRequired":true,"valueName":"search_term_string"}}],"inLanguage":"es-CO"}]}},"_links":{"self":[{"href":"https:\/\/www.feyalegria.org\/argentina\/wp-json\/wp\/v2\/pages\/2323","targetHints":{"allow":["GET"]}}],"collection":[{"href":"https:\/\/www.feyalegria.org\/argentina\/wp-json\/wp\/v2\/pages"}],"about":[{"href":"https:\/\/www.feyalegria.org\/argentina\/wp-json\/wp\/v2\/types\/page"}],"author":[{"embeddable":true,"href":"https:\/\/www.feyalegria.org\/argentina\/wp-json\/wp\/v2\/users\/19"}],"replies":[{"embeddable":true,"href":"https:\/\/www.feyalegria.org\/argentina\/wp-json\/wp\/v2\/comments?post=2323"}],"version-history":[{"count":0,"href":"https:\/\/www.feyalegria.org\/argentina\/wp-json\/wp\/v2\/pages\/2323\/revisions"}],"wp:attachment":[{"href":"https:\/\/www.feyalegria.org\/argentina\/wp-json\/wp\/v2\/media?parent=2323"}],"wp:term":[{"taxonomy":"folder","embeddable":true,"href":"https:\/\/www.feyalegria.org\/argentina\/wp-json\/wp\/v2\/folder?post=2323"}],"curies":[{"name":"wp","href":"https:\/\/api.w.org\/{rel}","templated":true}]}}