 {"id":2835,"date":"2021-02-17T03:53:55","date_gmt":"2021-02-17T03:53:55","guid":{"rendered":"https:\/\/www.feyalegria.org\/argentina\/?page_id=2835"},"modified":"2021-02-17T03:53:55","modified_gmt":"2021-02-17T03:53:55","slug":"vicente-lopez-buenos-aires","status":"publish","type":"page","link":"https:\/\/www.feyalegria.org\/argentina\/vicente-lopez-buenos-aires\/","title":{"rendered":"VICENTE L\u00d3PEZ (BUENOS AIRES)"},"content":{"rendered":"<div class=\"wpb-content-wrapper\"><p>[vc_row content_placement=&#8221;middle&#8221; css=&#8221;.vc_custom_1613527971484{padding-top: 20px !important;}&#8221;][vc_column]<div style=\"background-color:;height: 30px\" class=\"nicdark_section  \"><\/div>[vc_column_text]<\/p>\n<h4 style=\"text-align: center\"><strong>Acompa\u00f1amiento a terceros<\/strong><\/h4>\n<p>[\/vc_column_text][vc_separator color=&#8221;custom&#8221; accent_color=&#8221;#aa0f16&#8243;][\/vc_column][\/vc_row][vc_row css=&#8221;.vc_custom_1613528167583{padding-top: 40px !important;}&#8221;][vc_column][vc_tta_tabs active_section=&#8221;1&#8243;][vc_tta_section title=&#8221;Capilla Virgen de Lujan&#8221; tab_id=&#8221;1613419974601-3f6daf55-562e&#8221;][vc_row_inner css=&#8221;.vc_custom_1613429772879{padding-top: 40px !important;}&#8221;][vc_column_inner width=&#8221;1\/2&#8243;][vc_gmaps link=&#8221;#E-8_JTNDaWZyYW1lJTIwc3JjJTNEJTIyaHR0cHMlM0ElMkYlMkZ3d3cuZ29vZ2xlLmNvbSUyRm1hcHMlMkZlbWJlZCUzRnBiJTNEJTIxMW0xNCUyMTFtOCUyMTFtMyUyMTFkMTY0My4wODY4NzkyNTU1NjgyJTIxMmQtNTguNTIzMTc2NiUyMTNkLTM0LjU0OTE1NTclMjEzbTIlMjExaTEwMjQlMjEyaTc2OCUyMTRmMTMuMSUyMTNtMyUyMTFtMiUyMTFzMHg5NWJjYjczYTkyZDI1YTFkJTI1M0EweDNmZmE2YjIxOWIwMDhlZTQlMjEyc0FudG9uaW8lMjUyMEJlcnV0aSUyNTIwJTI1MjYlMjUyMENhcmxvcyUyNTIwRnJhbmNpc2NvJTI1MjBNZWxvJTI1MkMlMjUyMEZsb3JpZGElMjUyME9lc3RlJTI1MkMlMjUyMFByb3ZpbmNpYSUyNTIwZGUlMjUyMEJ1ZW5vcyUyNTIwQWlyZXMlMjUyQyUyNTIwQXJnZW50aW5hJTIxNWUwJTIxM20yJTIxMXNlcyUyMTJzY28lMjE0djE2MTM1MzM2ODk5MTklMjE1bTIlMjExc2VzJTIxMnNjbyUyMiUyMHdpZHRoJTNEJTIyMzAwJTIyJTIwaGVpZ2h0JTNEJTIyMzAwJTIyJTIwZnJhbWVib3JkZXIlM0QlMjIwJTIyJTIwc3R5bGUlM0QlMjJib3JkZXIlM0EwJTNCJTIyJTIwYWxsb3dmdWxsc2NyZWVuJTNEJTIyJTIyJTIwYXJpYS1oaWRkZW4lM0QlMjJmYWxzZSUyMiUyMHRhYmluZGV4JTNEJTIyMCUyMiUzRSUzQyUyRmlmcmFtZSUzRQ==&#8221;][\/vc_column_inner][vc_column_inner width=&#8221;1\/2&#8243;][vc_column_text]<\/p>\n<h5 style=\"text-align: center\">FORMACI\u00d3N PARA EDUCADORES Y EDUCADORAS<\/h5>\n<p>&nbsp;<\/p>\n<p style=\"text-align: center\">La Parroquia ofrece catequesis para ni\u00f1os, ni\u00f1as y adolescentes.<\/p>\n<p>&nbsp;<\/p>\n<p style=\"text-align: center\">Fe y Alegr\u00eda coordina talleres para educadores y educadoras sobre prevenci\u00f3n de las adicciones, factores de riesgo y factores de protecci\u00f3n.<\/p>\n<p>[\/vc_column_text][\/vc_column_inner][\/vc_row_inner][\/vc_tta_section][vc_tta_section title=&#8221;Capilla Virgen de las Gracias&#8221; tab_id=&#8221;1613533804775-34358de6-c172&#8243;][vc_row_inner css=&#8221;.vc_custom_1613429772879{padding-top: 40px !important;}&#8221;][vc_column_inner width=&#8221;1\/2&#8243;][vc_gmaps link=&#8221;#E-8_JTNDaWZyYW1lJTIwc3JjJTNEJTIyaHR0cHMlM0ElMkYlMkZ3d3cuZ29vZ2xlLmNvbSUyRm1hcHMlMkZlbWJlZCUzRnBiJTNEJTIxMW0xOCUyMTFtMTIlMjExbTMlMjExZDMyODYuMjAyMTIxNTkxNzIyNSUyMTJkLTU4LjUxOTU4ODA4NDc3MTc4JTIxM2QtMzQuNTQ4NDM3NDgwNDczODg2JTIxMm0zJTIxMWYwJTIxMmYwJTIxM2YwJTIxM20yJTIxMWkxMDI0JTIxMmk3NjglMjE0ZjEzLjElMjEzbTMlMjExbTIlMjExczB4OTViY2I3MjUwOTM5OGZkZiUyNTNBMHgyYmVlYzZkOTEzZWIyNjYyJTIxMnNQYXJyb3F1aWElMjUyMFZpcmdlbiUyNTIwZGUlMjUyMGxhcyUyNTIwR3JhY2lhcyUyMTVlMCUyMTNtMiUyMTFzZXMlMjEyc2NvJTIxNHYxNjEzNTMzODUxMTgxJTIxNW0yJTIxMXNlcyUyMTJzY28lMjIlMjB3aWR0aCUzRCUyMjMwMCUyMiUyMGhlaWdodCUzRCUyMjMwMCUyMiUyMGZyYW1lYm9yZGVyJTNEJTIyMCUyMiUyMHN0eWxlJTNEJTIyYm9yZGVyJTNBMCUzQiUyMiUyMGFsbG93ZnVsbHNjcmVlbiUzRCUyMiUyMiUyMGFyaWEtaGlkZGVuJTNEJTIyZmFsc2UlMjIlMjB0YWJpbmRleCUzRCUyMjAlMjIlM0UlM0MlMkZpZnJhbWUlM0U=&#8221;][\/vc_column_inner][vc_column_inner width=&#8221;1\/2&#8243;][vc_column_text]<\/p>\n<h5 style=\"text-align: center\">FORMACI\u00d3N PARA EDUCADORES Y EDUCADORAS<\/h5>\n<p>&nbsp;<\/p>\n<p style=\"text-align: center\">La Parroquia ofrece catequesis para ni\u00f1os, ni\u00f1as y adolescentes.<\/p>\n<p>&nbsp;<\/p>\n<p style=\"text-align: center\">Fe y Alegr\u00eda coordina talleres para educadores y educadoras sobre prevenci\u00f3n de las adicciones, factores de riesgo y factores de protecci\u00f3n.<\/p>\n<p>[\/vc_column_text][\/vc_column_inner][\/vc_row_inner][\/vc_tta_section][vc_tta_section title=&#8221;Centro El Renuevo&#8221; tab_id=&#8221;1613533907394-d9810c38-3ca0&#8243;][vc_row_inner css=&#8221;.vc_custom_1613429772879{padding-top: 40px !important;}&#8221;][vc_column_inner width=&#8221;1\/2&#8243;][vc_gmaps link=&#8221;#E-8_JTNDaWZyYW1lJTIwc3JjJTNEJTIyaHR0cHMlM0ElMkYlMkZ3d3cuZ29vZ2xlLmNvbSUyRm1hcHMlMkZlbWJlZCUzRnBiJTNEJTIxMW0xNCUyMTFtOCUyMTFtMyUyMTFkMTMxNDMuODA2MTAzMTA2ODI1JTIxMmQtNTguNTI1OTExNCUyMTNkLTM0LjU1NDc4MjclMjEzbTIlMjExaTEwMjQlMjEyaTc2OCUyMTRmMTMuMSUyMTNtMyUyMTFtMiUyMTFzMHgwJTI1M0EweDE4NDgwODRlODlhNTIzNTclMjEyc0lnbGVzaWElMjUyMEV2YW5nJTI1QzMlMjVBOWxpY2ElMjUyMEJhdXRpc3RhJTIxNWUwJTIxM20yJTIxMXNlcyUyMTJzY28lMjE0djE2MTM1MzM5NDI1MTMlMjE1bTIlMjExc2VzJTIxMnNjbyUyMiUyMHdpZHRoJTNEJTIyMzAwJTIyJTIwaGVpZ2h0JTNEJTIyMzAwJTIyJTIwZnJhbWVib3JkZXIlM0QlMjIwJTIyJTIwc3R5bGUlM0QlMjJib3JkZXIlM0EwJTNCJTIyJTIwYWxsb3dmdWxsc2NyZWVuJTNEJTIyJTIyJTIwYXJpYS1oaWRkZW4lM0QlMjJmYWxzZSUyMiUyMHRhYmluZGV4JTNEJTIyMCUyMiUzRSUzQyUyRmlmcmFtZSUzRQ==&#8221;][\/vc_column_inner][vc_column_inner width=&#8221;1\/2&#8243;][vc_column_text]<\/p>\n<h5 style=\"text-align: center\">FORMACI\u00d3N PARA EDUCADORES Y EDUCADORAS<\/h5>\n<p>&nbsp;<\/p>\n<p style=\"text-align: center\">La Parroquia ofrece catequesis para ni\u00f1os, ni\u00f1as y adolescentes.<\/p>\n<p>&nbsp;<\/p>\n<p style=\"text-align: center\">Fe y Alegr\u00eda coordina talleres para educadores y educadoras sobre prevenci\u00f3n de las adicciones, factores de riesgo y factores de protecci\u00f3n.<\/p>\n<p>[\/vc_column_text][\/vc_column_inner][\/vc_row_inner][\/vc_tta_section][\/vc_tta_tabs][vc_column_text]<\/p>\n<p style=\"text-align: center\"><strong>Direcci\u00f3n: <\/strong>Francisco N. de Laprida 5280, Villa Martelli, Provincia de Buenos Aires<\/p>\n<p>[\/vc_column_text][\/vc_column][\/vc_row][vc_row][vc_column]<div style=\"background-color:;height: 50px\" class=\"nicdark_section  \"><\/div>[\/vc_column][\/vc_row]<\/p>\n<\/div>","protected":false},"excerpt":{"rendered":"<p>[vc_row content_placement=&#8221;middle&#8221; css=&#8221;.vc_custom_1613527971484{padding-top: 20px !important;}&#8221;][vc_column][vc_column_text] Acompa\u00f1amiento a terceros [\/vc_column_text][vc_separator color=&#8221;custom&#8221; accent_color=&#8221;#aa0f16&#8243;][\/vc_column][\/vc_row][vc_row css=&#8221;.vc_custom_1613528167583{padding-top: 40px !important;}&#8221;][vc_column][vc_tta_tabs active_section=&#8221;1&#8243;][vc_tta_section title=&#8221;Capilla Virgen de Lujan&#8221; tab_id=&#8221;1613419974601-3f6daf55-562e&#8221;][vc_row_inner css=&#8221;.vc_custom_1613429772879{padding-top: 40px !important;}&#8221;][vc_column_inner width=&#8221;1\/2&#8243;][vc_gmaps link=&#8221;#E-8_JTNDaWZyYW1lJTIwc3JjJTNEJTIyaHR0cHMlM0ElMkYlMkZ3d3cuZ29vZ2xlLmNvbSUyRm1hcHMlMkZlbWJlZCUzRnBiJTNEJTIxMW0xNCUyMTFtOCUyMTFtMyUyMTFkMTY0My4wODY4NzkyNTU1NjgyJTIxMmQtNTguNTIzMTc2NiUyMTNkLTM0LjU0OTE1NTclMjEzbTIlMjExaTEwMjQlMjEyaTc2OCUyMTRmMTMuMSUyMTNtMyUyMTFtMiUyMTFzMHg5NWJjYjczYTkyZDI1YTFkJTI1M0EweDNmZmE2YjIxOWIwMDhlZTQlMjEyc0FudG9uaW8lMjUyMEJlcnV0aSUyNTIwJTI1MjYlMjUyMENhcmxvcyUyNTIwRnJhbmNpc2NvJTI1MjBNZWxvJTI1MkMlMjUyMEZsb3JpZGElMjUyME9lc3RlJTI1MkMlMjUyMFByb3ZpbmNpYSUyNTIwZGUlMjUyMEJ1ZW5vcyUyNTIwQWlyZXMlMjUyQyUyNTIwQXJnZW50aW5hJTIxNWUwJTIxM20yJTIxMXNlcyUyMTJzY28lMjE0djE2MTM1MzM2ODk5MTklMjE1bTIlMjExc2VzJTIxMnNjbyUyMiUyMHdpZHRoJTNEJTIyMzAwJTIyJTIwaGVpZ2h0JTNEJTIyMzAwJTIyJTIwZnJhbWVib3JkZXIlM0QlMjIwJTIyJTIwc3R5bGUlM0QlMjJib3JkZXIlM0EwJTNCJTIyJTIwYWxsb3dmdWxsc2NyZWVuJTNEJTIyJTIyJTIwYXJpYS1oaWRkZW4lM0QlMjJmYWxzZSUyMiUyMHRhYmluZGV4JTNEJTIyMCUyMiUzRSUzQyUyRmlmcmFtZSUzRQ==&#8221;][\/vc_column_inner][vc_column_inner width=&#8221;1\/2&#8243;][vc_column_text] FORMACI\u00d3N PARA EDUCADORES Y EDUCADORAS &nbsp; La Parroquia ofrece catequesis para ni\u00f1os, ni\u00f1as y adolescentes. &nbsp; Fe y Alegr\u00eda coordina talleres para educadores y educadoras sobre prevenci\u00f3n de las<\/p>\n","protected":false},"author":19,"featured_media":0,"parent":0,"menu_order":0,"comment_status":"closed","ping_status":"closed","template":"","meta":{"_acf_changed":false,"footnotes":""},"folder":[],"class_list":["post-2835","page","type-page","status-publish","hentry"],"acf":[],"yoast_head":"<!-- This site is optimized with the Yoast SEO plugin v27.2 - https:\/\/yoast.com\/product\/yoast-seo-wordpress\/ -->\n<title>VICENTE L\u00d3PEZ (BUENOS AIRES) - #SomosFeyAlegria en Argentina<\/title>\n<meta name=\"robots\" content=\"index, follow, max-snippet:-1, max-image-preview:large, max-video-preview:-1\" \/>\n<link rel=\"canonical\" href=\"https:\/\/www.feyalegria.org\/argentina\/vicente-lopez-buenos-aires\/\" \/>\n<meta property=\"og:locale\" content=\"es_ES\" \/>\n<meta property=\"og:type\" content=\"article\" \/>\n<meta property=\"og:title\" content=\"VICENTE L\u00d3PEZ (BUENOS AIRES) - #SomosFeyAlegria en Argentina\" \/>\n<meta property=\"og:description\" content=\"[vc_row content_placement=&#8221;middle&#8221; css=&#8221;.vc_custom_1613527971484{padding-top: 20px !important;}&#8221;][vc_column][vc_column_text] Acompa\u00f1amiento a terceros [\/vc_column_text][vc_separator color=&#8221;custom&#8221; accent_color=&#8221;#aa0f16&#8243;][\/vc_column][\/vc_row][vc_row css=&#8221;.vc_custom_1613528167583{padding-top: 40px !important;}&#8221;][vc_column][vc_tta_tabs active_section=&#8221;1&#8243;][vc_tta_section title=&#8221;Capilla Virgen de Lujan&#8221; tab_id=&#8221;1613419974601-3f6daf55-562e&#8221;][vc_row_inner css=&#8221;.vc_custom_1613429772879{padding-top: 40px !important;}&#8221;][vc_column_inner width=&#8221;1\/2&#8243;][vc_gmaps link=&#8221;#E-8_JTNDaWZyYW1lJTIwc3JjJTNEJTIyaHR0cHMlM0ElMkYlMkZ3d3cuZ29vZ2xlLmNvbSUyRm1hcHMlMkZlbWJlZCUzRnBiJTNEJTIxMW0xNCUyMTFtOCUyMTFtMyUyMTFkMTY0My4wODY4NzkyNTU1NjgyJTIxMmQtNTguNTIzMTc2NiUyMTNkLTM0LjU0OTE1NTclMjEzbTIlMjExaTEwMjQlMjEyaTc2OCUyMTRmMTMuMSUyMTNtMyUyMTFtMiUyMTFzMHg5NWJjYjczYTkyZDI1YTFkJTI1M0EweDNmZmE2YjIxOWIwMDhlZTQlMjEyc0FudG9uaW8lMjUyMEJlcnV0aSUyNTIwJTI1MjYlMjUyMENhcmxvcyUyNTIwRnJhbmNpc2NvJTI1MjBNZWxvJTI1MkMlMjUyMEZsb3JpZGElMjUyME9lc3RlJTI1MkMlMjUyMFByb3ZpbmNpYSUyNTIwZGUlMjUyMEJ1ZW5vcyUyNTIwQWlyZXMlMjUyQyUyNTIwQXJnZW50aW5hJTIxNWUwJTIxM20yJTIxMXNlcyUyMTJzY28lMjE0djE2MTM1MzM2ODk5MTklMjE1bTIlMjExc2VzJTIxMnNjbyUyMiUyMHdpZHRoJTNEJTIyMzAwJTIyJTIwaGVpZ2h0JTNEJTIyMzAwJTIyJTIwZnJhbWVib3JkZXIlM0QlMjIwJTIyJTIwc3R5bGUlM0QlMjJib3JkZXIlM0EwJTNCJTIyJTIwYWxsb3dmdWxsc2NyZWVuJTNEJTIyJTIyJTIwYXJpYS1oaWRkZW4lM0QlMjJmYWxzZSUyMiUyMHRhYmluZGV4JTNEJTIyMCUyMiUzRSUzQyUyRmlmcmFtZSUzRQ==&#8221;][\/vc_column_inner][vc_column_inner width=&#8221;1\/2&#8243;][vc_column_text] FORMACI\u00d3N PARA EDUCADORES Y EDUCADORAS &nbsp; La Parroquia ofrece catequesis para ni\u00f1os, ni\u00f1as y adolescentes. &nbsp; Fe y Alegr\u00eda coordina talleres para educadores y educadoras sobre prevenci\u00f3n de las\" \/>\n<meta property=\"og:url\" content=\"https:\/\/www.feyalegria.org\/argentina\/vicente-lopez-buenos-aires\/\" \/>\n<meta property=\"og:site_name\" content=\"#SomosFeyAlegria en Argentina\" \/>\n<meta name=\"twitter:card\" content=\"summary_large_image\" \/>\n<meta name=\"twitter:label1\" content=\"Tiempo de lectura\" \/>\n\t<meta name=\"twitter:data1\" content=\"3 minutos\" \/>\n<script type=\"application\/ld+json\" class=\"yoast-schema-graph\">{\"@context\":\"https:\/\/schema.org\",\"@graph\":[{\"@type\":\"WebPage\",\"@id\":\"https:\/\/www.feyalegria.org\/argentina\/vicente-lopez-buenos-aires\/\",\"url\":\"https:\/\/www.feyalegria.org\/argentina\/vicente-lopez-buenos-aires\/\",\"name\":\"VICENTE L\u00d3PEZ (BUENOS AIRES) - #SomosFeyAlegria en Argentina\",\"isPartOf\":{\"@id\":\"https:\/\/www.feyalegria.org\/argentina\/#website\"},\"datePublished\":\"2021-02-17T03:53:55+00:00\",\"breadcrumb\":{\"@id\":\"https:\/\/www.feyalegria.org\/argentina\/vicente-lopez-buenos-aires\/#breadcrumb\"},\"inLanguage\":\"es-CO\",\"potentialAction\":[{\"@type\":\"ReadAction\",\"target\":[\"https:\/\/www.feyalegria.org\/argentina\/vicente-lopez-buenos-aires\/\"]}]},{\"@type\":\"BreadcrumbList\",\"@id\":\"https:\/\/www.feyalegria.org\/argentina\/vicente-lopez-buenos-aires\/#breadcrumb\",\"itemListElement\":[{\"@type\":\"ListItem\",\"position\":1,\"name\":\"Home\",\"item\":\"https:\/\/www.feyalegria.org\/argentina\/\"},{\"@type\":\"ListItem\",\"position\":2,\"name\":\"VICENTE L\u00d3PEZ (BUENOS AIRES)\"}]},{\"@type\":\"WebSite\",\"@id\":\"https:\/\/www.feyalegria.org\/argentina\/#website\",\"url\":\"https:\/\/www.feyalegria.org\/argentina\/\",\"name\":\"#SomosFeyAlegria en Argentina\",\"description\":\"\",\"potentialAction\":[{\"@type\":\"SearchAction\",\"target\":{\"@type\":\"EntryPoint\",\"urlTemplate\":\"https:\/\/www.feyalegria.org\/argentina\/?s={search_term_string}\"},\"query-input\":{\"@type\":\"PropertyValueSpecification\",\"valueRequired\":true,\"valueName\":\"search_term_string\"}}],\"inLanguage\":\"es-CO\"}]}<\/script>\n<!-- \/ Yoast SEO plugin. -->","yoast_head_json":{"title":"VICENTE L\u00d3PEZ (BUENOS AIRES) - #SomosFeyAlegria en Argentina","robots":{"index":"index","follow":"follow","max-snippet":"max-snippet:-1","max-image-preview":"max-image-preview:large","max-video-preview":"max-video-preview:-1"},"canonical":"https:\/\/www.feyalegria.org\/argentina\/vicente-lopez-buenos-aires\/","og_locale":"es_ES","og_type":"article","og_title":"VICENTE L\u00d3PEZ (BUENOS AIRES) - #SomosFeyAlegria en Argentina","og_description":"[vc_row content_placement=&#8221;middle&#8221; css=&#8221;.vc_custom_1613527971484{padding-top: 20px !important;}&#8221;][vc_column][vc_column_text] Acompa\u00f1amiento a terceros [\/vc_column_text][vc_separator color=&#8221;custom&#8221; accent_color=&#8221;#aa0f16&#8243;][\/vc_column][\/vc_row][vc_row css=&#8221;.vc_custom_1613528167583{padding-top: 40px !important;}&#8221;][vc_column][vc_tta_tabs active_section=&#8221;1&#8243;][vc_tta_section title=&#8221;Capilla Virgen de Lujan&#8221; tab_id=&#8221;1613419974601-3f6daf55-562e&#8221;][vc_row_inner css=&#8221;.vc_custom_1613429772879{padding-top: 40px !important;}&#8221;][vc_column_inner width=&#8221;1\/2&#8243;][vc_gmaps link=&#8221;#E-8_JTNDaWZyYW1lJTIwc3JjJTNEJTIyaHR0cHMlM0ElMkYlMkZ3d3cuZ29vZ2xlLmNvbSUyRm1hcHMlMkZlbWJlZCUzRnBiJTNEJTIxMW0xNCUyMTFtOCUyMTFtMyUyMTFkMTY0My4wODY4NzkyNTU1NjgyJTIxMmQtNTguNTIzMTc2NiUyMTNkLTM0LjU0OTE1NTclMjEzbTIlMjExaTEwMjQlMjEyaTc2OCUyMTRmMTMuMSUyMTNtMyUyMTFtMiUyMTFzMHg5NWJjYjczYTkyZDI1YTFkJTI1M0EweDNmZmE2YjIxOWIwMDhlZTQlMjEyc0FudG9uaW8lMjUyMEJlcnV0aSUyNTIwJTI1MjYlMjUyMENhcmxvcyUyNTIwRnJhbmNpc2NvJTI1MjBNZWxvJTI1MkMlMjUyMEZsb3JpZGElMjUyME9lc3RlJTI1MkMlMjUyMFByb3ZpbmNpYSUyNTIwZGUlMjUyMEJ1ZW5vcyUyNTIwQWlyZXMlMjUyQyUyNTIwQXJnZW50aW5hJTIxNWUwJTIxM20yJTIxMXNlcyUyMTJzY28lMjE0djE2MTM1MzM2ODk5MTklMjE1bTIlMjExc2VzJTIxMnNjbyUyMiUyMHdpZHRoJTNEJTIyMzAwJTIyJTIwaGVpZ2h0JTNEJTIyMzAwJTIyJTIwZnJhbWVib3JkZXIlM0QlMjIwJTIyJTIwc3R5bGUlM0QlMjJib3JkZXIlM0EwJTNCJTIyJTIwYWxsb3dmdWxsc2NyZWVuJTNEJTIyJTIyJTIwYXJpYS1oaWRkZW4lM0QlMjJmYWxzZSUyMiUyMHRhYmluZGV4JTNEJTIyMCUyMiUzRSUzQyUyRmlmcmFtZSUzRQ==&#8221;][\/vc_column_inner][vc_column_inner width=&#8221;1\/2&#8243;][vc_column_text] FORMACI\u00d3N PARA EDUCADORES Y EDUCADORAS &nbsp; La Parroquia ofrece catequesis para ni\u00f1os, ni\u00f1as y adolescentes. &nbsp; Fe y Alegr\u00eda coordina talleres para educadores y educadoras sobre prevenci\u00f3n de las","og_url":"https:\/\/www.feyalegria.org\/argentina\/vicente-lopez-buenos-aires\/","og_site_name":"#SomosFeyAlegria en Argentina","twitter_card":"summary_large_image","twitter_misc":{"Tiempo de lectura":"3 minutos"},"schema":{"@context":"https:\/\/schema.org","@graph":[{"@type":"WebPage","@id":"https:\/\/www.feyalegria.org\/argentina\/vicente-lopez-buenos-aires\/","url":"https:\/\/www.feyalegria.org\/argentina\/vicente-lopez-buenos-aires\/","name":"VICENTE L\u00d3PEZ (BUENOS AIRES) - #SomosFeyAlegria en Argentina","isPartOf":{"@id":"https:\/\/www.feyalegria.org\/argentina\/#website"},"datePublished":"2021-02-17T03:53:55+00:00","breadcrumb":{"@id":"https:\/\/www.feyalegria.org\/argentina\/vicente-lopez-buenos-aires\/#breadcrumb"},"inLanguage":"es-CO","potentialAction":[{"@type":"ReadAction","target":["https:\/\/www.feyalegria.org\/argentina\/vicente-lopez-buenos-aires\/"]}]},{"@type":"BreadcrumbList","@id":"https:\/\/www.feyalegria.org\/argentina\/vicente-lopez-buenos-aires\/#breadcrumb","itemListElement":[{"@type":"ListItem","position":1,"name":"Home","item":"https:\/\/www.feyalegria.org\/argentina\/"},{"@type":"ListItem","position":2,"name":"VICENTE L\u00d3PEZ (BUENOS AIRES)"}]},{"@type":"WebSite","@id":"https:\/\/www.feyalegria.org\/argentina\/#website","url":"https:\/\/www.feyalegria.org\/argentina\/","name":"#SomosFeyAlegria en Argentina","description":"","potentialAction":[{"@type":"SearchAction","target":{"@type":"EntryPoint","urlTemplate":"https:\/\/www.feyalegria.org\/argentina\/?s={search_term_string}"},"query-input":{"@type":"PropertyValueSpecification","valueRequired":true,"valueName":"search_term_string"}}],"inLanguage":"es-CO"}]}},"_links":{"self":[{"href":"https:\/\/www.feyalegria.org\/argentina\/wp-json\/wp\/v2\/pages\/2835","targetHints":{"allow":["GET"]}}],"collection":[{"href":"https:\/\/www.feyalegria.org\/argentina\/wp-json\/wp\/v2\/pages"}],"about":[{"href":"https:\/\/www.feyalegria.org\/argentina\/wp-json\/wp\/v2\/types\/page"}],"author":[{"embeddable":true,"href":"https:\/\/www.feyalegria.org\/argentina\/wp-json\/wp\/v2\/users\/19"}],"replies":[{"embeddable":true,"href":"https:\/\/www.feyalegria.org\/argentina\/wp-json\/wp\/v2\/comments?post=2835"}],"version-history":[{"count":0,"href":"https:\/\/www.feyalegria.org\/argentina\/wp-json\/wp\/v2\/pages\/2835\/revisions"}],"wp:attachment":[{"href":"https:\/\/www.feyalegria.org\/argentina\/wp-json\/wp\/v2\/media?parent=2835"}],"wp:term":[{"taxonomy":"folder","embeddable":true,"href":"https:\/\/www.feyalegria.org\/argentina\/wp-json\/wp\/v2\/folder?post=2835"}],"curies":[{"name":"wp","href":"https:\/\/api.w.org\/{rel}","templated":true}]}}