 {"id":11136,"date":"2026-03-23T10:49:43","date_gmt":"2026-03-23T15:49:43","guid":{"rendered":"https:\/\/www.feyalegria.org\/bolivia\/?page_id=11136"},"modified":"2026-03-24T09:33:53","modified_gmt":"2026-03-24T14:33:53","slug":"corazones-que-hablan","status":"publish","type":"page","link":"https:\/\/www.feyalegria.org\/bolivia\/corazones-que-hablan\/","title":{"rendered":"Corazones que hablan"},"content":{"rendered":"<div class=\"wpb-content-wrapper\"><p>[vc_row enable_first_overlay=\u00bbtrue\u00bb first_overlay_opacity=\u00bb15&#8243;][vc_column]<div style=\"background-color:;height: 30px\" class=\"nicdark_section  \"><\/div>[\/vc_column][\/vc_row][vc_row][vc_column][vc_custom_heading text=\u00bbCorazones que hablan\u00bb font_container=\u00bbtag:h2|font_size:27|text_align:left|color:%23D10A10&#8243; google_fonts=\u00bbfont_family:Paytone%20One%3Aregular|font_style:400%20regular%3A400%3Anormal\u00bb css=\u00bb\u00bb][\/vc_column][\/vc_row][vc_row][vc_column]<div style=\"background-color:;height: 40px\" class=\"nicdark_section  \"><\/div>[\/vc_column][\/vc_row][vc_row enable_second_overlay=\u00bbtrue\u00bb second_overlay_opacity=\u00bb50&#8243; second_background_color=\u00bb#e4e4e4&#8243; enable_parallax=\u00bbtrue\u00bb parallax_style=\u00bbclassic-fast\u00bb css=\u00bb.vc_custom_1676057097145{border-top-width: 50px !important;border-bottom-width: 50px !important;border-radius: 10px !important;}\u00bb][vc_column width=\u00bb1\/2&#8243; offset=\u00bbvc_hidden-md vc_hidden-sm vc_hidden-xs\u00bb][vc_row_inner content_placement=\u00bbmiddle\u00bb][vc_column_inner width=\u00bb1\/2&#8243;][vc_single_image image=\u00bb11125&#8243; alignment=\u00bbcenter\u00bb style=\u00bbvc_box_outline_circle\u00bb border_color=\u00bbjuicy_pink\u00bb css=\u00bb\u00bb][\/vc_column_inner][vc_column_inner width=\u00bb1\/2&#8243;][vc_column_text css=\u00bb\u00bb]<\/p>\n<h2 class=\"vc_custom_heading vc_do_custom_heading\"><span style=\"color: #d10a10;\">Benjam\u00edn lleg\u00f3 con una misi\u00f3n de amor<\/span><\/h2>\n<p>[\/vc_column_text][\/vc_column_inner][\/vc_row_inner][vc_row_inner][vc_column_inner][vc_column_text css_animation=\u00bbleft-to-right\u00bb css=\u00bb.vc_custom_1774281011540{padding-right: 40px !important;padding-left: 40px !important;}\u00bb]Mi hijo Benjam\u00edn actualmente tiene 7 a\u00f1os y aunque su diagn\u00f3stico de S\u00edndrome de Down fue una sorpresa inesperada en casa, tambi\u00e9n fue el inicio de un camino que jam\u00e1s imaginamos, pero que abrazamos con el coraz\u00f3n.<\/p>\n<p>&nbsp;<\/p>\n<p>Al principio sentimos miedo, tristeza y tuvimos muchas preguntas sin respuesta. Es imposible negar esos sentimientos. Pero con el tiempo entendimos algo mucho m\u00e1s grande: Benjam\u00edn no lleg\u00f3 por casualidad, lleg\u00f3 con una misi\u00f3n\u2026 una misi\u00f3n de amor, paciencia y una fortaleza que nos transformar\u00eda como familia.<\/p>\n<p>&nbsp;<\/p>\n<p>Desde sus primeros d\u00edas supimos que el camino ser\u00eda distinto. La hipoton\u00eda, esa debilidad muscular que acompa\u00f1a su condici\u00f3n, hizo que cada movimiento, cada intento por sostenerse o dar un paso, implicara el doble de esfuerzo. Pero tambi\u00e9n nos ense\u00f1\u00f3 a celebrar lo que otros dan por hecho y as\u00ed cada peque\u00f1o avance se convirti\u00f3 en un logro inmenso.<\/p>\n<p>&nbsp;<\/p>\n<p>Hemos recorrido juntos consultorios, terapias y especialistas: neur\u00f3logos, oftalm\u00f3logos, cardi\u00f3logos, terapeutas\u2026 siempre con la esperanza de darle buena salud y las mejores herramientas para su desarrollo. Pero hubo un momento que marc\u00f3 nuestras vidas para siempre: cuando, con tan solo 2 a\u00f1itos, Benjam\u00edn entr\u00f3 a quir\u00f3fano para una cirug\u00eda del coraz\u00f3n. Fueron horas llenas de angustia, pero tambi\u00e9n de fe. Y cuando lo vimos salir, tan peque\u00f1o y tan valiente, entendimos algo que nunca olvidar\u00edamos: nuestro hijo es m\u00e1s fuerte de lo que el mundo imagina.<\/p>\n<p>&nbsp;<\/p>\n<p>Lleg\u00f3 el kinder, la escuela y con ello nuevos retos y experiencias pero tambi\u00e9n grandes bendiciones. En la Unidad Educativa Loyola de Fe y Alegr\u00eda en Sucre encontramos no s\u00f3lo educaci\u00f3n, sino un espacio lleno de amor y comprensi\u00f3n. Todas sus maestras han sido parte fundamental de su crecimiento, acompa\u00f1\u00e1ndolo paso a paso en su aprendizaje y desarrollo integral.<\/p>\n<p>&nbsp;<\/p>\n<p>Porque s\u00ed, cada logro de Benjam\u00edn \u2014esos que para muchos son cotidianos\u2014 para nosotros son victorias gigantes, construidas con esfuerzo, constancia y amor infinito. Cada terapia, cada consulta m\u00e9dica, cada d\u00eda en el aula tienen un solo prop\u00f3sito: que \u00e9l pueda ser independiente, que desarrolle todas sus capacidades, que construya su propio camino y que el d\u00eda de ma\u00f1ana pueda valerse por s\u00ed mismo.<\/p>\n<p>&nbsp;<\/p>\n<p>En medio de todo este recorrido, hay una certeza que lo cambia todo:\u00a0Benjam\u00edn no lleg\u00f3 para que le ense\u00f1\u00e1ramos sobre la vida\u2026\u00a0\u00e9l lleg\u00f3 para ense\u00f1arnos a nosotros lo que realmente significa vivirla.<\/p>\n<p>&nbsp;<\/p>\n<p>\u2014 Mam\u00e1 de Benjam\u00edn[\/vc_column_text][\/vc_column_inner][\/vc_row_inner][\/vc_column][\/vc_row][vc_row enable_second_overlay=\u00bbtrue\u00bb second_overlay_opacity=\u00bb50&#8243; second_background_color=\u00bb#e4e4e4&#8243; enable_parallax=\u00bbtrue\u00bb parallax_style=\u00bbclassic-fast\u00bb css=\u00bb.vc_custom_1676057097145{border-top-width: 50px !important;border-bottom-width: 50px !important;border-radius: 10px !important;}\u00bb][vc_column width=\u00bb1\/2&#8243; offset=\u00bbvc_hidden-lg\u00bb][vc_row_inner content_placement=\u00bbmiddle\u00bb][vc_column_inner width=\u00bb1\/2&#8243;][vc_single_image image=\u00bb6490&#8243; alignment=\u00bbcenter\u00bb style=\u00bbvc_box_outline_circle\u00bb border_color=\u00bbjuicy_pink\u00bb][\/vc_column_inner][vc_column_inner width=\u00bb1\/2&#8243;][vc_column_text]<\/p>\n<h3 style=\"text-align: center;\"><strong><span style=\"color: #aa0f16;\">Misi\u00f3n<\/span><\/strong><\/h3>\n<p>[\/vc_column_text][\/vc_column_inner][\/vc_row_inner][vc_row_inner][vc_column_inner][vc_column_text css_animation=\u00bbleft-to-right\u00bb css=\u00bb.vc_custom_1676314499154{padding-right: 40px !important;padding-left: 40px !important;}\u00bb]<\/p>\n<p style=\"text-align: justify;\"><span style=\"font-family: 'Fira Sans'; font-size: 12pt;\">Somos un Movimiento de Educaci\u00f3n Popular Integral y Promoci\u00f3n Social, nacido e impulsado por la vivencia de la fe cristiana, comprometido en la formaci\u00f3n integral de las personas y en la transformaci\u00f3n de las comunidades en condiciones de vulnerabilidad, pobreza y exclusi\u00f3n, que desarrolla propuestas educativas innovadoras de calidad e implementa diversas estrategias contextualizadas a las necesidades de las personas, la diversidad socio cultural y religiosa de Bolivia.<\/span>[\/vc_column_text][\/vc_column_inner][\/vc_row_inner][\/vc_column][vc_column width=\u00bb1\/2&#8243; offset=\u00bbvc_hidden-lg\u00bb][vc_row_inner content_placement=\u00bbmiddle\u00bb][vc_column_inner width=\u00bb1\/2&#8243;][vc_single_image image=\u00bb4158&#8243; alignment=\u00bbcenter\u00bb style=\u00bbvc_box_outline_circle\u00bb border_color=\u00bbjuicy_pink\u00bb][\/vc_column_inner][vc_column_inner width=\u00bb1\/2&#8243;][vc_column_text]<\/p>\n<h3 style=\"text-align: center;\"><strong><span style=\"color: #aa0f16;\">Visi\u00f3n<\/span><\/strong><\/h3>\n<p>[\/vc_column_text][\/vc_column_inner][\/vc_row_inner][vc_row_inner][vc_column_inner][vc_column_text css_animation=\u00bbright-to-left\u00bb css=\u00bb.vc_custom_1676314514418{padding-right: 40px !important;padding-left: 40px !important;}\u00bb]<\/p>\n<p style=\"text-align: justify;\"><span style=\"font-family: 'Fira Sans'; font-size: 12pt;\">Las comunidades educativas del Movimiento de Educaci\u00f3n Popular Integral y Promoci\u00f3n Social de FyA Bolivia mejoran su calidad de vida y coadyuvan en la construcci\u00f3n de una sociedad justa, equitativa, inclusiva, intercultural, democr\u00e1tica, productiva y en armon\u00eda con el medio ambiente.<\/span>[\/vc_column_text][\/vc_column_inner][\/vc_row_inner][\/vc_column][\/vc_row][vc_row][vc_column][vc_column_text]<\/p>\n<p>[\/vc_column_text][\/vc_column][\/vc_row]<\/p>\n<\/div>","protected":false},"excerpt":{"rendered":"<p>[vc_row enable_first_overlay=\u00bbtrue\u00bb first_overlay_opacity=\u00bb15&#8243;][vc_column][\/vc_column][\/vc_row][vc_row][vc_column][vc_custom_heading text=\u00bbCorazones que hablan\u00bb font_container=\u00bbtag:h2|font_size:27|text_align:left|color:%23D10A10&#8243; google_fonts=\u00bbfont_family:Paytone%20One%3Aregular|font_style:400%20regular%3A400%3Anormal\u00bb css=\u00bb\u00bb][\/vc_column][\/vc_row][vc_row][vc_column][\/vc_column][\/vc_row][vc_row enable_second_overlay=\u00bbtrue\u00bb second_overlay_opacity=\u00bb50&#8243; second_background_color=\u00bb#e4e4e4&#8243; enable_parallax=\u00bbtrue\u00bb parallax_style=\u00bbclassic-fast\u00bb css=\u00bb.vc_custom_1676057097145{border-top-width: 50px !important;border-bottom-width: 50px !important;border-radius: 10px !important;}\u00bb][vc_column width=\u00bb1\/2&#8243; offset=\u00bbvc_hidden-md vc_hidden-sm vc_hidden-xs\u00bb][vc_row_inner content_placement=\u00bbmiddle\u00bb][vc_column_inner width=\u00bb1\/2&#8243;][vc_single_image image=\u00bb11125&#8243; alignment=\u00bbcenter\u00bb style=\u00bbvc_box_outline_circle\u00bb border_color=\u00bbjuicy_pink\u00bb css=\u00bb\u00bb][\/vc_column_inner][vc_column_inner width=\u00bb1\/2&#8243;][vc_column_text css=\u00bb\u00bb] Benjam\u00edn lleg\u00f3 con una misi\u00f3n de amor [\/vc_column_text][\/vc_column_inner][\/vc_row_inner][vc_row_inner][vc_column_inner][vc_column_text css_animation=\u00bbleft-to-right\u00bb css=\u00bb.vc_custom_1774281011540{padding-right: 40px !important;padding-left: 40px !important;}\u00bb]Mi hijo Benjam\u00edn actualmente tiene 7 a\u00f1os y<\/p>\n","protected":false},"author":73,"featured_media":0,"parent":0,"menu_order":0,"comment_status":"closed","ping_status":"closed","template":"","meta":{"_acf_changed":false,"footnotes":""},"folder":[],"class_list":["post-11136","page","type-page","status-publish","hentry"],"acf":[],"yoast_head":"<!-- This site is optimized with the Yoast SEO plugin v27.2 - https:\/\/yoast.com\/product\/yoast-seo-wordpress\/ -->\n<title>Corazones que hablan - #SomosFeyAlegria en Bolivia<\/title>\n<meta name=\"robots\" content=\"index, follow, max-snippet:-1, max-image-preview:large, max-video-preview:-1\" \/>\n<link rel=\"canonical\" href=\"https:\/\/www.feyalegria.org\/bolivia\/corazones-que-hablan\/\" \/>\n<meta property=\"og:locale\" content=\"es_ES\" \/>\n<meta property=\"og:type\" content=\"article\" \/>\n<meta property=\"og:title\" content=\"Corazones que hablan - #SomosFeyAlegria en Bolivia\" \/>\n<meta property=\"og:description\" content=\"[vc_row enable_first_overlay=\u00bbtrue\u00bb first_overlay_opacity=\u00bb15&#8243;][vc_column][\/vc_column][\/vc_row][vc_row][vc_column][vc_custom_heading text=\u00bbCorazones que hablan\u00bb font_container=\u00bbtag:h2|font_size:27|text_align:left|color:%23D10A10&#8243; google_fonts=\u00bbfont_family:Paytone%20One%3Aregular|font_style:400%20regular%3A400%3Anormal\u00bb css=\u00bb\u00bb][\/vc_column][\/vc_row][vc_row][vc_column][\/vc_column][\/vc_row][vc_row enable_second_overlay=\u00bbtrue\u00bb second_overlay_opacity=\u00bb50&#8243; second_background_color=\u00bb#e4e4e4&#8243; enable_parallax=\u00bbtrue\u00bb parallax_style=\u00bbclassic-fast\u00bb css=\u00bb.vc_custom_1676057097145{border-top-width: 50px !important;border-bottom-width: 50px !important;border-radius: 10px !important;}\u00bb][vc_column width=\u00bb1\/2&#8243; offset=\u00bbvc_hidden-md vc_hidden-sm vc_hidden-xs\u00bb][vc_row_inner content_placement=\u00bbmiddle\u00bb][vc_column_inner width=\u00bb1\/2&#8243;][vc_single_image image=\u00bb11125&#8243; alignment=\u00bbcenter\u00bb style=\u00bbvc_box_outline_circle\u00bb border_color=\u00bbjuicy_pink\u00bb css=\u00bb\u00bb][\/vc_column_inner][vc_column_inner width=\u00bb1\/2&#8243;][vc_column_text css=\u00bb\u00bb] Benjam\u00edn lleg\u00f3 con una misi\u00f3n de amor [\/vc_column_text][\/vc_column_inner][\/vc_row_inner][vc_row_inner][vc_column_inner][vc_column_text css_animation=\u00bbleft-to-right\u00bb css=\u00bb.vc_custom_1774281011540{padding-right: 40px !important;padding-left: 40px !important;}\u00bb]Mi hijo Benjam\u00edn actualmente tiene 7 a\u00f1os y\" \/>\n<meta property=\"og:url\" content=\"https:\/\/www.feyalegria.org\/bolivia\/corazones-que-hablan\/\" \/>\n<meta property=\"og:site_name\" content=\"#SomosFeyAlegria en Bolivia\" \/>\n<meta property=\"article:modified_time\" content=\"2026-03-24T14:33:53+00:00\" \/>\n<meta name=\"twitter:card\" content=\"summary_large_image\" \/>\n<meta name=\"twitter:label1\" content=\"Tiempo de lectura\" \/>\n\t<meta name=\"twitter:data1\" content=\"4 minutos\" \/>\n<script type=\"application\/ld+json\" class=\"yoast-schema-graph\">{\"@context\":\"https:\/\/schema.org\",\"@graph\":[{\"@type\":\"WebPage\",\"@id\":\"https:\/\/www.feyalegria.org\/bolivia\/corazones-que-hablan\/\",\"url\":\"https:\/\/www.feyalegria.org\/bolivia\/corazones-que-hablan\/\",\"name\":\"Corazones que hablan - #SomosFeyAlegria en Bolivia\",\"isPartOf\":{\"@id\":\"https:\/\/www.feyalegria.org\/bolivia\/#website\"},\"datePublished\":\"2026-03-23T15:49:43+00:00\",\"dateModified\":\"2026-03-24T14:33:53+00:00\",\"breadcrumb\":{\"@id\":\"https:\/\/www.feyalegria.org\/bolivia\/corazones-que-hablan\/#breadcrumb\"},\"inLanguage\":\"es\",\"potentialAction\":[{\"@type\":\"ReadAction\",\"target\":[\"https:\/\/www.feyalegria.org\/bolivia\/corazones-que-hablan\/\"]}]},{\"@type\":\"BreadcrumbList\",\"@id\":\"https:\/\/www.feyalegria.org\/bolivia\/corazones-que-hablan\/#breadcrumb\",\"itemListElement\":[{\"@type\":\"ListItem\",\"position\":1,\"name\":\"Home\",\"item\":\"https:\/\/www.feyalegria.org\/bolivia\/\"},{\"@type\":\"ListItem\",\"position\":2,\"name\":\"Corazones que hablan\"}]},{\"@type\":\"WebSite\",\"@id\":\"https:\/\/www.feyalegria.org\/bolivia\/#website\",\"url\":\"https:\/\/www.feyalegria.org\/bolivia\/\",\"name\":\"#SomosFeyAlegria en Bolivia\",\"description\":\"Movimiento de Educaci\u00f3n Popular y Promoci\u00f3n Social\",\"potentialAction\":[{\"@type\":\"SearchAction\",\"target\":{\"@type\":\"EntryPoint\",\"urlTemplate\":\"https:\/\/www.feyalegria.org\/bolivia\/?s={search_term_string}\"},\"query-input\":{\"@type\":\"PropertyValueSpecification\",\"valueRequired\":true,\"valueName\":\"search_term_string\"}}],\"inLanguage\":\"es\"}]}<\/script>\n<!-- \/ Yoast SEO plugin. -->","yoast_head_json":{"title":"Corazones que hablan - #SomosFeyAlegria en Bolivia","robots":{"index":"index","follow":"follow","max-snippet":"max-snippet:-1","max-image-preview":"max-image-preview:large","max-video-preview":"max-video-preview:-1"},"canonical":"https:\/\/www.feyalegria.org\/bolivia\/corazones-que-hablan\/","og_locale":"es_ES","og_type":"article","og_title":"Corazones que hablan - #SomosFeyAlegria en Bolivia","og_description":"[vc_row enable_first_overlay=\u00bbtrue\u00bb first_overlay_opacity=\u00bb15&#8243;][vc_column][\/vc_column][\/vc_row][vc_row][vc_column][vc_custom_heading text=\u00bbCorazones que hablan\u00bb font_container=\u00bbtag:h2|font_size:27|text_align:left|color:%23D10A10&#8243; google_fonts=\u00bbfont_family:Paytone%20One%3Aregular|font_style:400%20regular%3A400%3Anormal\u00bb css=\u00bb\u00bb][\/vc_column][\/vc_row][vc_row][vc_column][\/vc_column][\/vc_row][vc_row enable_second_overlay=\u00bbtrue\u00bb second_overlay_opacity=\u00bb50&#8243; second_background_color=\u00bb#e4e4e4&#8243; enable_parallax=\u00bbtrue\u00bb parallax_style=\u00bbclassic-fast\u00bb css=\u00bb.vc_custom_1676057097145{border-top-width: 50px !important;border-bottom-width: 50px !important;border-radius: 10px !important;}\u00bb][vc_column width=\u00bb1\/2&#8243; offset=\u00bbvc_hidden-md vc_hidden-sm vc_hidden-xs\u00bb][vc_row_inner content_placement=\u00bbmiddle\u00bb][vc_column_inner width=\u00bb1\/2&#8243;][vc_single_image image=\u00bb11125&#8243; alignment=\u00bbcenter\u00bb style=\u00bbvc_box_outline_circle\u00bb border_color=\u00bbjuicy_pink\u00bb css=\u00bb\u00bb][\/vc_column_inner][vc_column_inner width=\u00bb1\/2&#8243;][vc_column_text css=\u00bb\u00bb] Benjam\u00edn lleg\u00f3 con una misi\u00f3n de amor [\/vc_column_text][\/vc_column_inner][\/vc_row_inner][vc_row_inner][vc_column_inner][vc_column_text css_animation=\u00bbleft-to-right\u00bb css=\u00bb.vc_custom_1774281011540{padding-right: 40px !important;padding-left: 40px !important;}\u00bb]Mi hijo Benjam\u00edn actualmente tiene 7 a\u00f1os y","og_url":"https:\/\/www.feyalegria.org\/bolivia\/corazones-que-hablan\/","og_site_name":"#SomosFeyAlegria en Bolivia","article_modified_time":"2026-03-24T14:33:53+00:00","twitter_card":"summary_large_image","twitter_misc":{"Tiempo de lectura":"4 minutos"},"schema":{"@context":"https:\/\/schema.org","@graph":[{"@type":"WebPage","@id":"https:\/\/www.feyalegria.org\/bolivia\/corazones-que-hablan\/","url":"https:\/\/www.feyalegria.org\/bolivia\/corazones-que-hablan\/","name":"Corazones que hablan - #SomosFeyAlegria en Bolivia","isPartOf":{"@id":"https:\/\/www.feyalegria.org\/bolivia\/#website"},"datePublished":"2026-03-23T15:49:43+00:00","dateModified":"2026-03-24T14:33:53+00:00","breadcrumb":{"@id":"https:\/\/www.feyalegria.org\/bolivia\/corazones-que-hablan\/#breadcrumb"},"inLanguage":"es","potentialAction":[{"@type":"ReadAction","target":["https:\/\/www.feyalegria.org\/bolivia\/corazones-que-hablan\/"]}]},{"@type":"BreadcrumbList","@id":"https:\/\/www.feyalegria.org\/bolivia\/corazones-que-hablan\/#breadcrumb","itemListElement":[{"@type":"ListItem","position":1,"name":"Home","item":"https:\/\/www.feyalegria.org\/bolivia\/"},{"@type":"ListItem","position":2,"name":"Corazones que hablan"}]},{"@type":"WebSite","@id":"https:\/\/www.feyalegria.org\/bolivia\/#website","url":"https:\/\/www.feyalegria.org\/bolivia\/","name":"#SomosFeyAlegria en Bolivia","description":"Movimiento de Educaci\u00f3n Popular y Promoci\u00f3n Social","potentialAction":[{"@type":"SearchAction","target":{"@type":"EntryPoint","urlTemplate":"https:\/\/www.feyalegria.org\/bolivia\/?s={search_term_string}"},"query-input":{"@type":"PropertyValueSpecification","valueRequired":true,"valueName":"search_term_string"}}],"inLanguage":"es"}]}},"_links":{"self":[{"href":"https:\/\/www.feyalegria.org\/bolivia\/wp-json\/wp\/v2\/pages\/11136","targetHints":{"allow":["GET"]}}],"collection":[{"href":"https:\/\/www.feyalegria.org\/bolivia\/wp-json\/wp\/v2\/pages"}],"about":[{"href":"https:\/\/www.feyalegria.org\/bolivia\/wp-json\/wp\/v2\/types\/page"}],"author":[{"embeddable":true,"href":"https:\/\/www.feyalegria.org\/bolivia\/wp-json\/wp\/v2\/users\/73"}],"replies":[{"embeddable":true,"href":"https:\/\/www.feyalegria.org\/bolivia\/wp-json\/wp\/v2\/comments?post=11136"}],"version-history":[{"count":12,"href":"https:\/\/www.feyalegria.org\/bolivia\/wp-json\/wp\/v2\/pages\/11136\/revisions"}],"predecessor-version":[{"id":11140,"href":"https:\/\/www.feyalegria.org\/bolivia\/wp-json\/wp\/v2\/pages\/11136\/revisions\/11140"}],"wp:attachment":[{"href":"https:\/\/www.feyalegria.org\/bolivia\/wp-json\/wp\/v2\/media?parent=11136"}],"wp:term":[{"taxonomy":"folder","embeddable":true,"href":"https:\/\/www.feyalegria.org\/bolivia\/wp-json\/wp\/v2\/folder?post=11136"}],"curies":[{"name":"wp","href":"https:\/\/api.w.org\/{rel}","templated":true}]}}