 {"id":2127,"date":"2020-10-20T18:34:42","date_gmt":"2020-10-20T23:34:42","guid":{"rendered":"https:\/\/www.feyalegria.org\/bolivia\/?page_id=2127"},"modified":"2023-06-21T10:07:00","modified_gmt":"2023-06-21T15:07:00","slug":"educacion-regular","status":"publish","type":"page","link":"https:\/\/www.feyalegria.org\/bolivia\/educacion-regular\/","title":{"rendered":"Educaci\u00f3n Regular"},"content":{"rendered":"<div class=\"wpb-content-wrapper\"><p>[vc_row][vc_column width=\u00bb5\/6&#8243;]<div style=\"background-color:;height: 50px\" class=\"nicdark_section  \"><\/div>[\/vc_column][vc_column width=\u00bb1\/6&#8243;]<a href=\"https:\/\/www.feyalegria.org\/bolivia\/lineas-estrategicas\/\" title=\"Fe y Alegr\u00eda Bolivia\"  data-id=\"mpc_button-3069e67c9bcbb21\" class=\"mpc-button mpc-init mpc-transition mpc-typography--default \" ><div class=\"mpc-button__content mpc-effect-type--stay mpc-effect-side--left\"><i class=\"mpc-button__icon mpc-transition  mi mi-pin_drop\"><\/i><span class=\"mpc-button__title mpc-transition\">Volver al inicio<\/span><\/div><div class=\"mpc-button__background mpc-transition mpc-effect-type--fade mpc-effect-side--in\"><\/div><\/a>[\/vc_column][\/vc_row][vc_row][vc_column][vc_column_text]<\/p>\n<p align=\"justify\"><span style=\"font-family: 'Fira Sans';font-size: 12pt\">Fe y Alegr\u00eda en Bolivia trabaja en Educaci\u00f3n Regular promoviendo la formaci\u00f3n integral hol\u00edstica de calidad de ni\u00f1os, ni\u00f1as, adolescentes y j\u00f3venes en los nueve departamentos de Bolivia.<\/span><\/p>\n<p align=\"justify\"><span style=\"font-family: 'Fira Sans';font-size: 12pt\">El servicio educativo del \u00c1rea comprende los tres niveles educativos:<\/span><\/p>\n<ol>\n<li>\n<p align=\"justify\"><span style=\"font-family: 'Fira Sans';font-size: 12pt\">Educaci\u00f3n Inicial en Familia Comunitaria Escolarizada que asisten ni\u00f1os y ni\u00f1as de 4 a 5 a\u00f1os de edad.<\/span><\/p>\n<\/li>\n<li>\n<p align=\"justify\"><span style=\"font-family: 'Fira Sans';font-size: 12pt\">Educaci\u00f3n Primaria Comunitaria Vocacional que asisten ni\u00f1os y ni\u00f1as de 6 a 11 a\u00f1os de edad.<\/span><\/p>\n<\/li>\n<li>\n<p align=\"justify\"><span style=\"font-family: 'Fira Sans';font-size: 12pt\">Educaci\u00f3n Secundaria Comunitaria Productiva que asisten adolescentes y j\u00f3venes varones y mujeres 12 a 17 a\u00f1os de edad.<\/span><\/p>\n<\/li>\n<\/ol>\n<p>[\/vc_column_text][\/vc_column][\/vc_row][vc_row content_placement=\u00bbmiddle\u00bb enable_top_separator=\u00bbtrue\u00bb top_separator_style=\u00bbcircle-center\u00bb enable_bottom_separator=\u00bbtrue\u00bb bottom_separator_style=\u00bbcircle-center\u00bb][vc_column alignment=\u00bbcenter\u00bb]<div class=\"mpc-carousel__wrapper mpc-waypoint\"><div id=\"mpc_carousel_anything-8469e67c9bcbc44\" class=\"mpc-carousel-anything mpc-init \"  data-mpcslick='{\"infinite\":true,\"autoplay\":true,\"slidesToShow\":3,\"slidesToScroll\":1,\"centerMode\":false,\"initialSlide\":0,\"autoplaySpeed\":3000}' data-slick-cols=\"3\"><div data-id=\"mpc_ihover-1969e67c9bcbd00\" class=\"mpc-ihover-wrapper mpc-init \"><div class=\"mpc-ihover-item ih-item circle effect1  \" data-effect=\"effect1\"><a  href=\"#\" ><div class=\"spinner\"><\/div><div class=\"img\"><div class=\"mpc-image-box\" style=\"background-image: url(https:\/\/d3pugrm67vf9n7.cloudfront.net\/wp-content\/uploads\/sites\/28\/2023\/02\/09100827\/DSC_0585.jpg);\"><\/div><\/div><div class=\"info\"><div class=\"info-wrap\"><\/div><\/div><\/a><\/div><\/div><div data-id=\"mpc_ihover-9669e67c9bcc4d3\" class=\"mpc-ihover-wrapper mpc-init \"><div class=\"mpc-ihover-item ih-item circle effect1  \" data-effect=\"effect1\"><a  href=\"#\" ><div class=\"spinner\"><\/div><div class=\"img\"><div class=\"mpc-image-box\" style=\"background-image: url(https:\/\/d3pugrm67vf9n7.cloudfront.net\/wp-content\/uploads\/sites\/28\/2023\/02\/09100907\/DSC_0620-scaled.jpg);\"><\/div><\/div><div class=\"info\"><div class=\"info-wrap\"><\/div><\/div><\/a><\/div><\/div><div data-id=\"mpc_ihover-2869e67c9bccb5e\" class=\"mpc-ihover-wrapper mpc-init \"><div class=\"mpc-ihover-item ih-item circle effect1  \" data-effect=\"effect1\"><a  href=\"#\" ><div class=\"spinner\"><\/div><div class=\"img\"><div class=\"mpc-image-box\" style=\"background-image: url(https:\/\/d3pugrm67vf9n7.cloudfront.net\/wp-content\/uploads\/sites\/28\/2023\/02\/09100816\/DSC_0569-scaled.jpg);\"><\/div><\/div><div class=\"info\"><div class=\"info-wrap\"><\/div><\/div><\/a><\/div><\/div><div data-id=\"mpc_ihover-10069e67c9bcd164\" class=\"mpc-ihover-wrapper mpc-init \"><div class=\"mpc-ihover-item ih-item circle effect1  \" data-effect=\"effect1\"><a  href=\"#\" ><div class=\"spinner\"><\/div><div class=\"img\"><div class=\"mpc-image-box\" style=\"background-image: url(https:\/\/d3pugrm67vf9n7.cloudfront.net\/wp-content\/uploads\/sites\/28\/2023\/02\/09100414\/vale-Estudiantes-Esmoruco-2017-1-scaled.jpg);\"><\/div><\/div><div class=\"info\"><div class=\"info-wrap\"><h3 class=\"mpc-ihover-title\"><\/h3><div class=\"mpc-ihover-divider-wrap\"><div class=\"mpc-ihover-divider\"><\/div><\/div><div class=\"mpc-ihover-content\"><\/div><\/div><\/div><\/a><\/div><\/div><\/div><div class=\"mpc-navigation mpc-init mpc-align--left mpc-navigation--style_1  mpc-nav-preset--\" data-mpcslider=\"mpc_carousel_anything-8469e67c9bcbc44\"><div class=\"mpc-nav__arrow mpcslick-prev\"><div class=\"mpc-nav__icon mpc-transition\"><i class=\"\"><div class=\"mpc-nav__background mpc-transition mpc-effect-type--fade mpc-effect-side--in\"><\/div><\/i><\/div><\/div><div class=\"mpc-nav__arrow mpcslick-next\"><div class=\"mpc-nav__icon mpc-transition\"><i class=\"\"><div class=\"mpc-nav__background mpc-transition mpc-effect-type--fade mpc-effect-side--in\"><\/div><\/i><\/div><\/div><\/div><\/div>[vc_empty_space height=\u00bb10px\u00bb][\/vc_column][\/vc_row][vc_row][vc_column][vc_empty_space height=\u00bb10px\u00bb][\/vc_column][\/vc_row][vc_row css=\u00bb.vc_custom_1685371191235{background-color: rgba(170,15,22,0.5) !important;*background-color: rgb(170,15,22) !important;}\u00bb][vc_column][vc_column_text]<\/p>\n<h3 style=\"text-align: center\"><span style=\"color: #ffffff\"><strong>Prop\u00f3sito educativo<\/strong><\/span><\/h3>\n<p>[\/vc_column_text][vc_column_text]<span style=\"font-family: 'Fira Sans';font-size: 12pt;color: #ffffff\">-Formar personas comprometidas consigo mismas, su comunidad y el pa\u00eds permiti\u00e9ndoles trabajar en el mejoramiento de su calidad de vida y la construcci\u00f3n de una sociedad inclusiva, intra e intercultural, democr\u00e1tica, productiva y en armon\u00eda con el medio ambiente.<\/span><\/p>\n<p><span style=\"font-family: 'Fira Sans';font-size: 12pt;color: #ffffff\">&#8211;<\/span><span style=\"font-family: 'Fira Sans';font-size: 12pt;color: #ffffff\">Desarrollar una Educaci\u00f3n Popular de calidad con participaci\u00f3n social en las Unidades Educativas dando espacio al logro de aprendizajes pertinentes y contextualizados de los estudiantes.<\/span>[\/vc_column_text][vc_single_image image=\u00bb7825&#8243; img_size=\u00bbmedium\u00bb alignment=\u00bbcenter\u00bb style=\u00bbvc_box_rounded\u00bb][vc_column_text]<\/p>\n<p align=\"justify\"><span style=\"font-family: 'Fira Sans';font-size: 12pt;color: #ffffff\">El modelo educativo del \u00e1rea de Educaci\u00f3n Regular en Fe y Alegr\u00eda tiene sustento en la Educaci\u00f3n Popular, el Sistema de Mejora de la Calidad de Fe y Alegr\u00eda, los principios educativos basados en la fe cristiana y el modelo educativo Socio Comunitario Productivo del pa\u00eds.<\/span><\/p>\n<p>[\/vc_column_text][\/vc_column][\/vc_row][vc_row][vc_column][vc_separator][\/vc_column][\/vc_row][vc_row][vc_column][vc_column_text]<\/p>\n<p align=\"justify\"><span style=\"font-family: 'Fira Sans';font-size: 12pt\">En los \u00faltimos a\u00f1os hemos implementado proyectos relacionados al mejoramiento de localidad educativa vinculada a las tem\u00e1ticas de:<\/span><\/p>\n<ul>\n<li>\n<p align=\"justify\"><span style=\"font-family: 'Fira Sans';font-size: 12pt\">Sistema de mejora de la calidad<\/span><\/p>\n<\/li>\n<li>\n<p align=\"justify\"><span style=\"font-family: 'Fira Sans';font-size: 12pt\">Equidad e igualdad de g\u00e9nero<\/span><\/p>\n<\/li>\n<li>\n<p align=\"justify\"><span style=\"font-family: 'Fira Sans';font-size: 12pt\">Prevenci\u00f3n y atenci\u00f3n de violencia en raz\u00f3n de g\u00e9nero<\/span><\/p>\n<\/li>\n<li>\n<p align=\"justify\"><span style=\"font-family: 'Fira Sans';font-size: 12pt\">Educaci\u00f3n Intra e intercultural biling\u00fce<\/span><\/p>\n<\/li>\n<li>\n<p align=\"justify\"><span style=\"font-family: 'Fira Sans';font-size: 12pt\">Inform\u00e1tica educativa<\/span><\/p>\n<\/li>\n<li>\n<p align=\"justify\"><span style=\"font-family: 'Fira Sans';font-size: 12pt\">Implementaci\u00f3n del bachillerato t\u00e9cnico human\u00edstico<\/span><\/p>\n<\/li>\n<li>\n<p align=\"justify\"><span style=\"font-family: 'Fira Sans';font-size: 12pt\">Dinamizaci\u00f3n de padres y madres de familia<\/span><\/p>\n<\/li>\n<\/ul>\n<p>[\/vc_column_text][\/vc_column][\/vc_row]<\/p>\n<\/div>","protected":false},"excerpt":{"rendered":"<p>[vc_row][vc_column width=\u00bb5\/6&#8243;][\/vc_column][vc_column width=\u00bb1\/6&#8243;][\/vc_column][\/vc_row][vc_row][vc_column][vc_column_text] Fe y Alegr\u00eda en Bolivia trabaja en Educaci\u00f3n Regular promoviendo la formaci\u00f3n integral hol\u00edstica de calidad de ni\u00f1os, ni\u00f1as, adolescentes y j\u00f3venes en los nueve departamentos de Bolivia. El servicio educativo del \u00c1rea comprende los tres niveles educativos: Educaci\u00f3n Inicial en Familia Comunitaria Escolarizada que asisten ni\u00f1os y ni\u00f1as de 4 a<\/p>\n","protected":false},"author":74,"featured_media":0,"parent":0,"menu_order":0,"comment_status":"closed","ping_status":"closed","template":"","meta":{"_acf_changed":false,"footnotes":""},"folder":[],"class_list":["post-2127","page","type-page","status-publish","hentry"],"acf":[],"yoast_head":"<!-- This site is optimized with the Yoast SEO plugin v27.2 - https:\/\/yoast.com\/product\/yoast-seo-wordpress\/ -->\n<title>Educaci\u00f3n Regular - #SomosFeyAlegria en Bolivia<\/title>\n<meta name=\"robots\" content=\"index, follow, max-snippet:-1, max-image-preview:large, max-video-preview:-1\" \/>\n<link rel=\"canonical\" href=\"https:\/\/www.feyalegria.org\/bolivia\/educacion-regular\/\" \/>\n<meta property=\"og:locale\" content=\"es_ES\" \/>\n<meta property=\"og:type\" content=\"article\" \/>\n<meta property=\"og:title\" content=\"Educaci\u00f3n Regular - #SomosFeyAlegria en Bolivia\" \/>\n<meta property=\"og:description\" content=\"[vc_row][vc_column width=\u00bb5\/6&#8243;][\/vc_column][vc_column width=\u00bb1\/6&#8243;][\/vc_column][\/vc_row][vc_row][vc_column][vc_column_text] Fe y Alegr\u00eda en Bolivia trabaja en Educaci\u00f3n Regular promoviendo la formaci\u00f3n integral hol\u00edstica de calidad de ni\u00f1os, ni\u00f1as, adolescentes y j\u00f3venes en los nueve departamentos de Bolivia. El servicio educativo del \u00c1rea comprende los tres niveles educativos: Educaci\u00f3n Inicial en Familia Comunitaria Escolarizada que asisten ni\u00f1os y ni\u00f1as de 4 a\" \/>\n<meta property=\"og:url\" content=\"https:\/\/www.feyalegria.org\/bolivia\/educacion-regular\/\" \/>\n<meta property=\"og:site_name\" content=\"#SomosFeyAlegria en Bolivia\" \/>\n<meta property=\"article:modified_time\" content=\"2023-06-21T15:07:00+00:00\" \/>\n<meta name=\"twitter:card\" content=\"summary_large_image\" \/>\n<meta name=\"twitter:label1\" content=\"Tiempo de lectura\" \/>\n\t<meta name=\"twitter:data1\" content=\"2 minutos\" \/>\n<script type=\"application\/ld+json\" class=\"yoast-schema-graph\">{\"@context\":\"https:\/\/schema.org\",\"@graph\":[{\"@type\":\"WebPage\",\"@id\":\"https:\/\/www.feyalegria.org\/bolivia\/educacion-regular\/\",\"url\":\"https:\/\/www.feyalegria.org\/bolivia\/educacion-regular\/\",\"name\":\"Educaci\u00f3n Regular - #SomosFeyAlegria en Bolivia\",\"isPartOf\":{\"@id\":\"https:\/\/www.feyalegria.org\/bolivia\/#website\"},\"datePublished\":\"2020-10-20T23:34:42+00:00\",\"dateModified\":\"2023-06-21T15:07:00+00:00\",\"breadcrumb\":{\"@id\":\"https:\/\/www.feyalegria.org\/bolivia\/educacion-regular\/#breadcrumb\"},\"inLanguage\":\"es\",\"potentialAction\":[{\"@type\":\"ReadAction\",\"target\":[\"https:\/\/www.feyalegria.org\/bolivia\/educacion-regular\/\"]}]},{\"@type\":\"BreadcrumbList\",\"@id\":\"https:\/\/www.feyalegria.org\/bolivia\/educacion-regular\/#breadcrumb\",\"itemListElement\":[{\"@type\":\"ListItem\",\"position\":1,\"name\":\"Home\",\"item\":\"https:\/\/www.feyalegria.org\/bolivia\/\"},{\"@type\":\"ListItem\",\"position\":2,\"name\":\"Educaci\u00f3n Regular\"}]},{\"@type\":\"WebSite\",\"@id\":\"https:\/\/www.feyalegria.org\/bolivia\/#website\",\"url\":\"https:\/\/www.feyalegria.org\/bolivia\/\",\"name\":\"#SomosFeyAlegria en Bolivia\",\"description\":\"Movimiento de Educaci\u00f3n Popular y Promoci\u00f3n Social\",\"potentialAction\":[{\"@type\":\"SearchAction\",\"target\":{\"@type\":\"EntryPoint\",\"urlTemplate\":\"https:\/\/www.feyalegria.org\/bolivia\/?s={search_term_string}\"},\"query-input\":{\"@type\":\"PropertyValueSpecification\",\"valueRequired\":true,\"valueName\":\"search_term_string\"}}],\"inLanguage\":\"es\"}]}<\/script>\n<!-- \/ Yoast SEO plugin. -->","yoast_head_json":{"title":"Educaci\u00f3n Regular - #SomosFeyAlegria en Bolivia","robots":{"index":"index","follow":"follow","max-snippet":"max-snippet:-1","max-image-preview":"max-image-preview:large","max-video-preview":"max-video-preview:-1"},"canonical":"https:\/\/www.feyalegria.org\/bolivia\/educacion-regular\/","og_locale":"es_ES","og_type":"article","og_title":"Educaci\u00f3n Regular - #SomosFeyAlegria en Bolivia","og_description":"[vc_row][vc_column width=\u00bb5\/6&#8243;][\/vc_column][vc_column width=\u00bb1\/6&#8243;][\/vc_column][\/vc_row][vc_row][vc_column][vc_column_text] Fe y Alegr\u00eda en Bolivia trabaja en Educaci\u00f3n Regular promoviendo la formaci\u00f3n integral hol\u00edstica de calidad de ni\u00f1os, ni\u00f1as, adolescentes y j\u00f3venes en los nueve departamentos de Bolivia. El servicio educativo del \u00c1rea comprende los tres niveles educativos: Educaci\u00f3n Inicial en Familia Comunitaria Escolarizada que asisten ni\u00f1os y ni\u00f1as de 4 a","og_url":"https:\/\/www.feyalegria.org\/bolivia\/educacion-regular\/","og_site_name":"#SomosFeyAlegria en Bolivia","article_modified_time":"2023-06-21T15:07:00+00:00","twitter_card":"summary_large_image","twitter_misc":{"Tiempo de lectura":"2 minutos"},"schema":{"@context":"https:\/\/schema.org","@graph":[{"@type":"WebPage","@id":"https:\/\/www.feyalegria.org\/bolivia\/educacion-regular\/","url":"https:\/\/www.feyalegria.org\/bolivia\/educacion-regular\/","name":"Educaci\u00f3n Regular - #SomosFeyAlegria en Bolivia","isPartOf":{"@id":"https:\/\/www.feyalegria.org\/bolivia\/#website"},"datePublished":"2020-10-20T23:34:42+00:00","dateModified":"2023-06-21T15:07:00+00:00","breadcrumb":{"@id":"https:\/\/www.feyalegria.org\/bolivia\/educacion-regular\/#breadcrumb"},"inLanguage":"es","potentialAction":[{"@type":"ReadAction","target":["https:\/\/www.feyalegria.org\/bolivia\/educacion-regular\/"]}]},{"@type":"BreadcrumbList","@id":"https:\/\/www.feyalegria.org\/bolivia\/educacion-regular\/#breadcrumb","itemListElement":[{"@type":"ListItem","position":1,"name":"Home","item":"https:\/\/www.feyalegria.org\/bolivia\/"},{"@type":"ListItem","position":2,"name":"Educaci\u00f3n Regular"}]},{"@type":"WebSite","@id":"https:\/\/www.feyalegria.org\/bolivia\/#website","url":"https:\/\/www.feyalegria.org\/bolivia\/","name":"#SomosFeyAlegria en Bolivia","description":"Movimiento de Educaci\u00f3n Popular y Promoci\u00f3n Social","potentialAction":[{"@type":"SearchAction","target":{"@type":"EntryPoint","urlTemplate":"https:\/\/www.feyalegria.org\/bolivia\/?s={search_term_string}"},"query-input":{"@type":"PropertyValueSpecification","valueRequired":true,"valueName":"search_term_string"}}],"inLanguage":"es"}]}},"_links":{"self":[{"href":"https:\/\/www.feyalegria.org\/bolivia\/wp-json\/wp\/v2\/pages\/2127","targetHints":{"allow":["GET"]}}],"collection":[{"href":"https:\/\/www.feyalegria.org\/bolivia\/wp-json\/wp\/v2\/pages"}],"about":[{"href":"https:\/\/www.feyalegria.org\/bolivia\/wp-json\/wp\/v2\/types\/page"}],"author":[{"embeddable":true,"href":"https:\/\/www.feyalegria.org\/bolivia\/wp-json\/wp\/v2\/users\/74"}],"replies":[{"embeddable":true,"href":"https:\/\/www.feyalegria.org\/bolivia\/wp-json\/wp\/v2\/comments?post=2127"}],"version-history":[{"count":0,"href":"https:\/\/www.feyalegria.org\/bolivia\/wp-json\/wp\/v2\/pages\/2127\/revisions"}],"wp:attachment":[{"href":"https:\/\/www.feyalegria.org\/bolivia\/wp-json\/wp\/v2\/media?parent=2127"}],"wp:term":[{"taxonomy":"folder","embeddable":true,"href":"https:\/\/www.feyalegria.org\/bolivia\/wp-json\/wp\/v2\/folder?post=2127"}],"curies":[{"name":"wp","href":"https:\/\/api.w.org\/{rel}","templated":true}]}}