 {"id":3034,"date":"2021-02-02T19:04:28","date_gmt":"2021-02-03T00:04:28","guid":{"rendered":"https:\/\/www.feyalegria.org\/bolivia\/?page_id=3034"},"modified":"2026-03-10T13:33:11","modified_gmt":"2026-03-10T18:33:11","slug":"lineas-estrategicas","status":"publish","type":"page","link":"https:\/\/www.feyalegria.org\/bolivia\/lineas-estrategicas\/","title":{"rendered":"L\u00edneas estrat\u00e9gicas"},"content":{"rendered":"<div class=\"wpb-content-wrapper\"><p>[vc_row enable_first_overlay=\u00bbtrue\u00bb first_overlay_opacity=\u00bb15&#8243;][vc_column]<div style=\"background-color:;height: 10px\" class=\"nicdark_section  \"><\/div>[vc_column_text]<\/p>\n<p align=\"justify\"><span style=\"font-family: 'Fira Sans'; font-size: 12pt;\">En convenio con el Ministerio de Educaci\u00f3n, Fe y Alegr\u00eda administra un total de 400 Unidades y Centros Educativos en los 9 departamentos del pa\u00eds. As\u00ed, abarca el 5% del Sistema Educativo Nacional y aporta con educaci\u00f3n de calidad al proceso de aprendizaje de 174.985 estudiantes.<\/span><\/p>\n<p>[\/vc_column_text][\/vc_column][\/vc_row][vc_row][vc_column][vc_empty_space height=\u00bb10px\u00bb][vc_single_image image=\u00bb8972&#8243; img_size=\u00bblarge\u00bb alignment=\u00bbcenter\u00bb style=\u00bbvc_box_rounded\u00bb css_animation=\u00bbfadeIn\u00bb][vc_empty_space height=\u00bb30px\u00bb][vc_column_text css=\u00bb\u00bb]<\/p>\n<p align=\"justify\"><span style=\"font-family: 'Fira Sans'; font-size: 12pt;\">Trabajamos en varios programas educativos.\u00a0\u00a0<\/span><\/p>\n<p>[\/vc_column_text][\/vc_column][\/vc_row][vc_row enable_first_overlay=\u00bbtrue\u00bb first_overlay_opacity=\u00bb15&#8243;][vc_column][vc_tta_tabs active_section=\u00bb1&#8243;][vc_tta_section title=\u00bbEducaci\u00f3n para la Primera Infancia\u00bb tab_id=\u00bb1773167403874-76cfed18-25c8&#8243;][\/vc_tta_section][vc_tta_section i_icon_fontawesome=\u00bbfas fa-school\u00bb add_icon=\u00bbtrue\u00bb title=\u00bbEducaci\u00f3n Regular\u00bb tab_id=\u00bb1676044455067-82949fc5-5b5c\u00bb][vc_empty_space][vc_column_text]<\/p>\n<p align=\"justify\"><span style=\"font-family: 'Fira Sans'; font-size: 12pt;\">Es la l\u00ednea estrat\u00e9gica con mayor cobertura a nivel nacional con 317 Unidades Educativas en los 9 departamentos. <\/span><\/p>\n<p align=\"justify\"><span style=\"font-family: 'Fira Sans'; font-size: 12pt;\">Promueve la innovaci\u00f3n, creatividad y mejora permanente en el proceso pedag\u00f3gico curricular para la formaci\u00f3n integral de ni\u00f1os, ni\u00f1as y adolescentes en edad escolar. Act\u00faa hacia una educaci\u00f3n de calidad, inclusiva, intra\/intercultural, con equidad de g\u00e9nero, tecnol\u00f3gica productiva, justa y de cuidado por el medio ambiente.<\/span><\/p>\n<p>[\/vc_column_text][vc_single_image image=\u00bb8968&#8243; img_size=\u00bbfull\u00bb alignment=\u00bbcenter\u00bb style=\u00bbvc_box_rounded\u00bb css_animation=\u00bbfadeIn\u00bb title=\u00bbCobertura Educaci\u00f3n Regular\u00bb]<div style=\"background-color:;height: px\" class=\"nicdark_section  \"><\/div>[vc_btn title=\u00bbM\u00e1s informaci\u00f3n\u00bb style=\u00bbcustom\u00bb custom_background=\u00bb#aa0f16&#8243; custom_text=\u00bb#ffffff\u00bb align=\u00bbcenter\u00bb link=\u00bburl:https%3A%2F%2Fwww.feyalegria.org%2Fbolivia%2Feducacion-regular%2F|title:Educaci%C3%B3n%20Regular|target:_blank\u00bb][\/vc_tta_section][vc_tta_section i_icon_fontawesome=\u00bbfas fa-sign-language\u00bb add_icon=\u00bbtrue\u00bb title=\u00bbEducaci\u00f3n Inclusiva\u00bb tab_id=\u00bb1676044455130-c16eb22d-5e37&#8243;][vc_empty_space][vc_column_text]<\/p>\n<p align=\"justify\"><span style=\"font-family: 'Fira Sans'; font-size: 12pt;\">Desarrolla procesos de sensibilizaci\u00f3n, formaci\u00f3n, asesoramiento, acompa\u00f1amiento y fortalecimiento a la red de apoyo a los Centros de Educaci\u00f3n Especial (CEE) y los Centros Inclusivos en educaci\u00f3n regular, educaci\u00f3n t\u00e9cnica para el desarrollo educativo y a la participaci\u00f3n de los estudiantes con alg\u00fan tipo de discapacidad y sus familias en el continuo educativo. <\/span><\/p>\n<p align=\"justify\"><span style=\"font-family: 'Fira Sans'; font-size: 12pt;\">Tambi\u00e9n realiza procesos de inclusi\u00f3n laboral y desarrollo de emprendimientos de j\u00f3venes con discapacidad.<\/span><\/p>\n<p>[\/vc_column_text][vc_single_image image=\u00bb8967&#8243; img_size=\u00bbfull\u00bb alignment=\u00bbcenter\u00bb style=\u00bbvc_box_rounded\u00bb css_animation=\u00bbfadeIn\u00bb title=\u00bbCobertura Educaci\u00f3n Inclusiva\u00bb]<div style=\"background-color:;height: px\" class=\"nicdark_section  \"><\/div>[vc_btn title=\u00bbM\u00e1s informaci\u00f3n\u00bb style=\u00bbcustom\u00bb custom_background=\u00bb#aa0f16&#8243; custom_text=\u00bb#ffffff\u00bb align=\u00bbcenter\u00bb link=\u00bburl:https%3A%2F%2Fwww.feyalegria.org%2Fbolivia%2Feducacion-inclusiva%2F|title:Educaci%C3%B3n%20Inclusiva|target:_blank\u00bb][\/vc_tta_section][vc_tta_section i_icon_fontawesome=\u00bbfas fa-briefcase\u00bb add_icon=\u00bbtrue\u00bb title=\u00bbFormaci\u00f3n para el Trabajo\u00bb tab_id=\u00bb1676044540456-2c712d15-3245&#8243;][vc_empty_space][vc_column_text]<\/p>\n<p align=\"justify\"><span style=\"font-family: 'Fira Sans'; font-size: 12pt;\">Trabaja con los centros de formaci\u00f3n t\u00e9cnica como Institutos T\u00e9cnico Superior (ITS) y Centros de Educaci\u00f3n Alternativa (CEA) que, paralelamente a su formaci\u00f3n t\u00e9cnica, capacita a los y las j\u00f3venes en competencias socioemocionales y de emprendimiento.<\/span><\/p>\n<p align=\"justify\"><span style=\"font-family: 'Fira Sans'; font-size: 12pt;\">Adicionalmente a la formaci\u00f3n te\u00f3rica, se fortalece el \u00e1mbito humano con principios y valores en el intento de elevar el perfil empleable para una incorporaci\u00f3n r\u00e1pida y eficiente al \u00e1mbito laboral.<\/span><\/p>\n<p>[\/vc_column_text][vc_single_image image=\u00bb8966&#8243; img_size=\u00bbfull\u00bb alignment=\u00bbcenter\u00bb style=\u00bbvc_box_rounded\u00bb css_animation=\u00bbfadeIn\u00bb title=\u00bbCobertura Formaci\u00f3n para el Trabajo\u00bb]<div style=\"background-color:;height: px\" class=\"nicdark_section  \"><\/div>[vc_btn title=\u00bbM\u00e1s informaci\u00f3n\u00bb style=\u00bbcustom\u00bb custom_background=\u00bb#aa0f16&#8243; custom_text=\u00bb#ffffff\u00bb align=\u00bbcenter\u00bb link=\u00bburl:https%3A%2F%2Fwww.feyalegria.org%2Fbolivia%2F%3Fpage_id%3D2940|title:Formaci%C3%B3n%20para%20el%20Trabajo|target:_blank\u00bb][\/vc_tta_section][vc_tta_section i_icon_fontawesome=\u00bbfas fa-home\u00bb add_icon=\u00bbtrue\u00bb title=\u00bbEducaci\u00f3n Desescolarizada\u00bb tab_id=\u00bb1676044566014-2c999266-f7da\u00bb][vc_empty_space][vc_column_text]<\/p>\n<p align=\"justify\"><span style=\"font-family: 'Fira Sans'; font-size: 12pt;\">Se encarga de promocionar procesos educativos de calidad con personas que tienen dificultades de acceso al sistema de educaci\u00f3n formal o regular. Tambi\u00e9n se encarga de proporcionar proceso de capacitaci\u00f3n permanente, sobre todo orientada al \u00e1mbito productivo.<\/span><\/p>\n<p align=\"justify\"><span style=\"font-family: 'Fira Sans'; font-size: 12pt;\">En esta \u00c1rea destaca el trabajo con las denominadas \u201cYachay Wasi\u201d (\u201cCasa del Saber\u201d que son internados rurales para adolescentes y j\u00f3venes quechuas) las cuales permiten a estos estudiantes cursar el nivel secundario viviendo en espacios alejados de sus lugares de residencia (donde las escuelas no tienen el mencionado nivel). <\/span><\/p>\n<p align=\"justify\"><span style=\"font-family: 'Fira Sans'; font-size: 12pt;\">Se procura que los estudiantes desarrollen capacidades ampliadas de formaci\u00f3n complementaria en liderazgo comunitario, ciudadan\u00eda activa y capacitaci\u00f3n t\u00e9cnica con enfoques intra e intercultural, perspectiva de g\u00e9nero y cuidado del medio ambiente<\/span><\/p>\n<p>[\/vc_column_text][vc_single_image image=\u00bb8969&#8243; img_size=\u00bbfull\u00bb alignment=\u00bbcenter\u00bb style=\u00bbvc_box_rounded\u00bb css_animation=\u00bbfadeIn\u00bb title=\u00bbCobertura Educaci\u00f3n Desescolarizada\u00bb]<div style=\"background-color:;height: px\" class=\"nicdark_section  \"><\/div>[vc_btn title=\u00bbM\u00e1s informaci\u00f3n\u00bb style=\u00bbcustom\u00bb custom_background=\u00bb#aa0f16&#8243; custom_text=\u00bb#ffffff\u00bb align=\u00bbcenter\u00bb link=\u00bburl:https%3A%2F%2Fwww.feyalegria.org%2Fbolivia%2Feducacion-desescolarizada%2F|title:Educaci%C3%B3n%20Desescolarizada|target:_blank\u00bb][\/vc_tta_section][\/vc_tta_tabs][\/vc_column][\/vc_row][vc_row][vc_column][vc_empty_space height=\u00bb30px\u00bb][vc_column_text]<\/p>\n<h3><span style=\"font-size: 18pt; color: #aa0f16;\"><strong>Enfoques Transversales<\/strong><\/span><\/h3>\n<p>[\/vc_column_text][accordion_father][accordion_son title=\u00bbEducaci\u00f3n en Valores\u00bb]<\/p>\n<p align=\"justify\"><span style=\"font-family: 'Fira Sans'; font-size: 12pt;\">\u00c1rea de soporte institucional donde Fe y Alegr\u00eda Bolivia cuida de que todos sus integrantes (personal de oficinas, person<\/span><span style=\"font-size: 12pt;\">al de centro<\/span><span style=\"font-size: 12pt;\">s educativos, estudiantes y padres\/madres de familia) reflexionen, se capaciten y participen de actividades relacionadas a la vivencia de la fe cristiana.<\/span><\/p>\n<h4 align=\"justify\"><span style=\"font-family: 'Fira Sans'; font-size: 14pt; color: #aa0f16;\">Desaf\u00edos: <\/span><\/h4>\n<ul>\n<li>\n<p align=\"justify\"><span style=\"font-family: 'Fira Sans'; font-size: 12pt;\">Que las Unidades y Centros Educativos tengan planes curriculares de formaci\u00f3n en valores y ciudadan\u00eda actualizados, reglamentos y mecanismos de convivencia y protecci\u00f3n contra la violencia por g\u00e9nero, generaci\u00f3n y origen \u00e9tnico-cultural.<\/span><\/p>\n<\/li>\n<li>\n<p align=\"justify\"><span style=\"font-family: 'Fira Sans'; font-size: 12pt;\">Que los estudiantes realicen proyectos de vida digna realizables orientando su profesionalizaci\u00f3n, vida laboral y participaci\u00f3n sociopol\u00edtica.<\/span><\/p>\n<\/li>\n<li>\n<p align=\"justify\"><span style=\"font-family: 'Fira Sans'; font-size: 12pt;\">Que los estudiantes ejerzan liderazgo comunitario y ciudadan\u00eda activa en gobiernos estudiantiles y brigadas de comunicaci\u00f3n.<\/span><\/p>\n<\/li>\n<li>\n<p align=\"justify\"><span style=\"font-family: 'Fira Sans'; font-size: 12pt;\">Que los padres\/madres de familia aporten a la convivencia familiar, escolar y social de una manera respetuosa y con protecci\u00f3n de ni\u00f1as, ni\u00f1os y adolescentes contra toda violenc<\/span>ia.<\/p>\n<\/li>\n<\/ul>\n<h4 style=\"text-align: center;\"><a href=\"https:\/\/www.feyalegria.org\/bolivia\/educacion-en-valores\/\" target=\"_blank\" rel=\"noopener noreferrer\"><span style=\"color: #aa0f16;\">M\u00e1s informaci\u00f3n<\/span><\/a><\/h4>\n<p>[\/accordion_son][accordion_son title=\u00bbFormaci\u00f3n Docente\u00bb]<\/p>\n<p align=\"justify\"><span style=\"font-family: 'Fira Sans'; font-size: 12pt;\">\u00c1rea de soporte institucional con la que Fe y Alegr\u00eda cuida de que su personal de oficinas y centros educativos reciba formaci\u00f3n en servicio que pueda mejorar la calidad de los procesos de ense\u00f1anza-aprendizaje y que contribuyen a una mejor educaci\u00f3n de los estudiantes.<\/span><\/p>\n<p align=\"justify\"><span style=\"font-family: 'Fira Sans'; font-size: 12pt;\">Se trabaja realizando cursos de formaci\u00f3n docente en innovaci\u00f3n y mejora de la calidad educativa, intra e interculturalidad, perspectiva de g\u00e9nero y cuidado del medio ambiente.<\/span><\/p>\n<h4 style=\"text-align: center;\"><a href=\"https:\/\/www.feyalegria.org\/bolivia\/formacion-para-docentes\/\" target=\"_blank\" rel=\"noopener noreferrer\"><span style=\"color: #aa0f16;\">M\u00e1s informaci\u00f3n<\/span><\/a><\/h4>\n<p>[\/accordion_son][\/accordion_father][\/vc_column][\/vc_row]<\/p>\n<\/div>","protected":false},"excerpt":{"rendered":"<p>[vc_row enable_first_overlay=\u00bbtrue\u00bb first_overlay_opacity=\u00bb15&#8243;][vc_column][vc_column_text] En convenio con el Ministerio de Educaci\u00f3n, Fe y Alegr\u00eda administra un total de 400 Unidades y Centros Educativos en los 9 departamentos del pa\u00eds. As\u00ed, abarca el 5% del Sistema Educativo Nacional y aporta con educaci\u00f3n de calidad al proceso de aprendizaje de 174.985 estudiantes. [\/vc_column_text][\/vc_column][\/vc_row][vc_row][vc_column][vc_empty_space height=\u00bb10px\u00bb][vc_single_image image=\u00bb8972&#8243; img_size=\u00bblarge\u00bb alignment=\u00bbcenter\u00bb style=\u00bbvc_box_rounded\u00bb<\/p>\n","protected":false},"author":74,"featured_media":0,"parent":0,"menu_order":0,"comment_status":"closed","ping_status":"closed","template":"","meta":{"_acf_changed":false,"footnotes":""},"folder":[],"class_list":["post-3034","page","type-page","status-publish","hentry"],"acf":[],"yoast_head":"<!-- This site is optimized with the Yoast SEO plugin v27.2 - https:\/\/yoast.com\/product\/yoast-seo-wordpress\/ -->\n<title>L\u00edneas estrat\u00e9gicas - #SomosFeyAlegria en Bolivia<\/title>\n<meta name=\"robots\" content=\"index, follow, max-snippet:-1, max-image-preview:large, max-video-preview:-1\" \/>\n<link rel=\"canonical\" href=\"https:\/\/www.feyalegria.org\/bolivia\/lineas-estrategicas\/\" \/>\n<meta property=\"og:locale\" content=\"es_ES\" \/>\n<meta property=\"og:type\" content=\"article\" \/>\n<meta property=\"og:title\" content=\"L\u00edneas estrat\u00e9gicas - #SomosFeyAlegria en Bolivia\" \/>\n<meta property=\"og:description\" content=\"[vc_row enable_first_overlay=\u00bbtrue\u00bb first_overlay_opacity=\u00bb15&#8243;][vc_column][vc_column_text] En convenio con el Ministerio de Educaci\u00f3n, Fe y Alegr\u00eda administra un total de 400 Unidades y Centros Educativos en los 9 departamentos del pa\u00eds. As\u00ed, abarca el 5% del Sistema Educativo Nacional y aporta con educaci\u00f3n de calidad al proceso de aprendizaje de 174.985 estudiantes. [\/vc_column_text][\/vc_column][\/vc_row][vc_row][vc_column][vc_empty_space height=\u00bb10px\u00bb][vc_single_image image=\u00bb8972&#8243; img_size=\u00bblarge\u00bb alignment=\u00bbcenter\u00bb style=\u00bbvc_box_rounded\u00bb\" \/>\n<meta property=\"og:url\" content=\"https:\/\/www.feyalegria.org\/bolivia\/lineas-estrategicas\/\" \/>\n<meta property=\"og:site_name\" content=\"#SomosFeyAlegria en Bolivia\" \/>\n<meta property=\"article:modified_time\" content=\"2026-03-10T18:33:11+00:00\" \/>\n<meta name=\"twitter:card\" content=\"summary_large_image\" \/>\n<meta name=\"twitter:label1\" content=\"Tiempo de lectura\" \/>\n\t<meta name=\"twitter:data1\" content=\"5 minutos\" \/>\n<script type=\"application\/ld+json\" class=\"yoast-schema-graph\">{\"@context\":\"https:\/\/schema.org\",\"@graph\":[{\"@type\":\"WebPage\",\"@id\":\"https:\/\/www.feyalegria.org\/bolivia\/lineas-estrategicas\/\",\"url\":\"https:\/\/www.feyalegria.org\/bolivia\/lineas-estrategicas\/\",\"name\":\"L\u00edneas estrat\u00e9gicas - #SomosFeyAlegria en Bolivia\",\"isPartOf\":{\"@id\":\"https:\/\/www.feyalegria.org\/bolivia\/#website\"},\"datePublished\":\"2021-02-03T00:04:28+00:00\",\"dateModified\":\"2026-03-10T18:33:11+00:00\",\"breadcrumb\":{\"@id\":\"https:\/\/www.feyalegria.org\/bolivia\/lineas-estrategicas\/#breadcrumb\"},\"inLanguage\":\"es\",\"potentialAction\":[{\"@type\":\"ReadAction\",\"target\":[\"https:\/\/www.feyalegria.org\/bolivia\/lineas-estrategicas\/\"]}]},{\"@type\":\"BreadcrumbList\",\"@id\":\"https:\/\/www.feyalegria.org\/bolivia\/lineas-estrategicas\/#breadcrumb\",\"itemListElement\":[{\"@type\":\"ListItem\",\"position\":1,\"name\":\"Home\",\"item\":\"https:\/\/www.feyalegria.org\/bolivia\/\"},{\"@type\":\"ListItem\",\"position\":2,\"name\":\"L\u00edneas estrat\u00e9gicas\"}]},{\"@type\":\"WebSite\",\"@id\":\"https:\/\/www.feyalegria.org\/bolivia\/#website\",\"url\":\"https:\/\/www.feyalegria.org\/bolivia\/\",\"name\":\"#SomosFeyAlegria en Bolivia\",\"description\":\"Movimiento de Educaci\u00f3n Popular y Promoci\u00f3n Social\",\"potentialAction\":[{\"@type\":\"SearchAction\",\"target\":{\"@type\":\"EntryPoint\",\"urlTemplate\":\"https:\/\/www.feyalegria.org\/bolivia\/?s={search_term_string}\"},\"query-input\":{\"@type\":\"PropertyValueSpecification\",\"valueRequired\":true,\"valueName\":\"search_term_string\"}}],\"inLanguage\":\"es\"}]}<\/script>\n<!-- \/ Yoast SEO plugin. -->","yoast_head_json":{"title":"L\u00edneas estrat\u00e9gicas - #SomosFeyAlegria en Bolivia","robots":{"index":"index","follow":"follow","max-snippet":"max-snippet:-1","max-image-preview":"max-image-preview:large","max-video-preview":"max-video-preview:-1"},"canonical":"https:\/\/www.feyalegria.org\/bolivia\/lineas-estrategicas\/","og_locale":"es_ES","og_type":"article","og_title":"L\u00edneas estrat\u00e9gicas - #SomosFeyAlegria en Bolivia","og_description":"[vc_row enable_first_overlay=\u00bbtrue\u00bb first_overlay_opacity=\u00bb15&#8243;][vc_column][vc_column_text] En convenio con el Ministerio de Educaci\u00f3n, Fe y Alegr\u00eda administra un total de 400 Unidades y Centros Educativos en los 9 departamentos del pa\u00eds. As\u00ed, abarca el 5% del Sistema Educativo Nacional y aporta con educaci\u00f3n de calidad al proceso de aprendizaje de 174.985 estudiantes. [\/vc_column_text][\/vc_column][\/vc_row][vc_row][vc_column][vc_empty_space height=\u00bb10px\u00bb][vc_single_image image=\u00bb8972&#8243; img_size=\u00bblarge\u00bb alignment=\u00bbcenter\u00bb style=\u00bbvc_box_rounded\u00bb","og_url":"https:\/\/www.feyalegria.org\/bolivia\/lineas-estrategicas\/","og_site_name":"#SomosFeyAlegria en Bolivia","article_modified_time":"2026-03-10T18:33:11+00:00","twitter_card":"summary_large_image","twitter_misc":{"Tiempo de lectura":"5 minutos"},"schema":{"@context":"https:\/\/schema.org","@graph":[{"@type":"WebPage","@id":"https:\/\/www.feyalegria.org\/bolivia\/lineas-estrategicas\/","url":"https:\/\/www.feyalegria.org\/bolivia\/lineas-estrategicas\/","name":"L\u00edneas estrat\u00e9gicas - #SomosFeyAlegria en Bolivia","isPartOf":{"@id":"https:\/\/www.feyalegria.org\/bolivia\/#website"},"datePublished":"2021-02-03T00:04:28+00:00","dateModified":"2026-03-10T18:33:11+00:00","breadcrumb":{"@id":"https:\/\/www.feyalegria.org\/bolivia\/lineas-estrategicas\/#breadcrumb"},"inLanguage":"es","potentialAction":[{"@type":"ReadAction","target":["https:\/\/www.feyalegria.org\/bolivia\/lineas-estrategicas\/"]}]},{"@type":"BreadcrumbList","@id":"https:\/\/www.feyalegria.org\/bolivia\/lineas-estrategicas\/#breadcrumb","itemListElement":[{"@type":"ListItem","position":1,"name":"Home","item":"https:\/\/www.feyalegria.org\/bolivia\/"},{"@type":"ListItem","position":2,"name":"L\u00edneas estrat\u00e9gicas"}]},{"@type":"WebSite","@id":"https:\/\/www.feyalegria.org\/bolivia\/#website","url":"https:\/\/www.feyalegria.org\/bolivia\/","name":"#SomosFeyAlegria en Bolivia","description":"Movimiento de Educaci\u00f3n Popular y Promoci\u00f3n Social","potentialAction":[{"@type":"SearchAction","target":{"@type":"EntryPoint","urlTemplate":"https:\/\/www.feyalegria.org\/bolivia\/?s={search_term_string}"},"query-input":{"@type":"PropertyValueSpecification","valueRequired":true,"valueName":"search_term_string"}}],"inLanguage":"es"}]}},"_links":{"self":[{"href":"https:\/\/www.feyalegria.org\/bolivia\/wp-json\/wp\/v2\/pages\/3034","targetHints":{"allow":["GET"]}}],"collection":[{"href":"https:\/\/www.feyalegria.org\/bolivia\/wp-json\/wp\/v2\/pages"}],"about":[{"href":"https:\/\/www.feyalegria.org\/bolivia\/wp-json\/wp\/v2\/types\/page"}],"author":[{"embeddable":true,"href":"https:\/\/www.feyalegria.org\/bolivia\/wp-json\/wp\/v2\/users\/74"}],"replies":[{"embeddable":true,"href":"https:\/\/www.feyalegria.org\/bolivia\/wp-json\/wp\/v2\/comments?post=3034"}],"version-history":[{"count":4,"href":"https:\/\/www.feyalegria.org\/bolivia\/wp-json\/wp\/v2\/pages\/3034\/revisions"}],"predecessor-version":[{"id":10910,"href":"https:\/\/www.feyalegria.org\/bolivia\/wp-json\/wp\/v2\/pages\/3034\/revisions\/10910"}],"wp:attachment":[{"href":"https:\/\/www.feyalegria.org\/bolivia\/wp-json\/wp\/v2\/media?parent=3034"}],"wp:term":[{"taxonomy":"folder","embeddable":true,"href":"https:\/\/www.feyalegria.org\/bolivia\/wp-json\/wp\/v2\/folder?post=3034"}],"curies":[{"name":"wp","href":"https:\/\/api.w.org\/{rel}","templated":true}]}}