 {"id":1768,"date":"2020-08-27T20:52:19","date_gmt":"2020-08-27T20:52:19","guid":{"rendered":"https:\/\/www.feyalegria.org\/brasil\/?page_id=1768"},"modified":"2025-03-25T09:18:30","modified_gmt":"2025-03-25T12:18:30","slug":"doeagora","status":"publish","type":"page","link":"https:\/\/www.feyalegria.org\/brasil\/doeagora\/","title":{"rendered":"Doe Agora"},"content":{"rendered":"<div class=\"wpb-content-wrapper\"><p>[vc_row full_width=&#8221;stretch_row_content&#8221; content_placement=&#8221;top&#8221;][vc_column parallax=&#8221;content-moving&#8221; parallax_image=&#8221;23761&#8243; width=&#8221;1\/3&#8243;][vc_row_inner content_placement=&#8221;top&#8221; url=&#8221;url:https%3A%2F%2Fdoeagora.fealegria.org.br|target:_blank&#8221; css=&#8221;.vc_custom_1647344598447{margin-top: 250px !important;margin-right: 10px !important;margin-bottom: 10px !important;margin-left: 10px !important;background-color: rgba(40,40,40,0.15) !important;*background-color: rgb(40,40,40) !important;border-radius: 5px !important;}&#8221;][vc_column_inner][vc_cta h2=&#8221;&#8221; h2_font_container=&#8221;font_size:24&#8243; h2_google_fonts=&#8221;font_family:Montserrat%3Aregular%2C700|font_style:700%20bold%20regular%3A700%3Anormal&#8221; css=&#8221;.vc_custom_1636549194683{background-color: rgba(237,237,237,0.85) !important;*background-color: rgb(237,237,237) !important;}&#8221; use_custom_fonts_h2=&#8221;true&#8221;]<\/p>\n<h3 style=\"text-align: center;\"><img loading=\"lazy\" decoding=\"async\" class=\"alignnone wp-image-23764\" src=\"https:\/\/d3pugrm67vf9n7.cloudfront.net\/wp-content\/uploads\/sites\/23\/2021\/03\/09103739\/doacao-direta-3.png\" alt=\"\" width=\"100\" height=\"80\" \/><\/h3>\n<h3 style=\"text-align: center;\">Doa\u00e7\u00e3o direta<\/h3>\n<p style=\"text-align: center;\">fa\u00e7a uma contribui\u00e7\u00e3o por<strong> cart\u00e3o de cr\u00e9dito,<\/strong><\/p>\n<p style=\"text-align: center;\"><strong> boleto ou PIX<\/strong><\/p>\n<p>[\/vc_cta][\/vc_column_inner][\/vc_row_inner][vc_empty_space height=&#8221;200px&#8221;][\/vc_column][vc_column parallax=&#8221;content-moving&#8221; parallax_image=&#8221;23762&#8243; width=&#8221;1\/3&#8243;][vc_row_inner css=&#8221;.vc_custom_1632370893912{margin-top: 250px !important;margin-right: 10px !important;margin-bottom: 10px !important;margin-left: 10px !important;background-color: rgba(40,40,40,0.15) !important;*background-color: rgb(40,40,40) !important;border-radius: 5px !important;}&#8221;][vc_column_inner url=&#8221;url:https%3A%2F%2Fwww.fealegria.org.br%2Ftransforme-seu-imposto-de-renda-em-oportunidades%2F|target:_blank&#8221;][vc_cta h2=&#8221;&#8221; h2_font_container=&#8221;tag:h2|font_size:24|text_align:left&#8221; h2_google_fonts=&#8221;font_family:Montserrat%3Aregular%2C700|font_style:700%20bold%20regular%3A700%3Anormal&#8221; css=&#8221;.vc_custom_1645479066272{background-color: rgba(237,237,237,0.85) !important;*background-color: rgb(237,237,237) !important;}&#8221; use_custom_fonts_h2=&#8221;true&#8221;]<\/p>\n<h3 style=\"text-align: center;\"><img loading=\"lazy\" decoding=\"async\" class=\"alignnone size-full wp-image-23766\" src=\"https:\/\/d3pugrm67vf9n7.cloudfront.net\/wp-content\/uploads\/sites\/23\/2021\/03\/09111054\/imposto.png\" alt=\"\" width=\"64\" height=\"82\" \/><\/h3>\n<h3 style=\"text-align: center;\">Doa\u00e7\u00e3o por Imposto de Renda<\/h3>\n<p style=\"text-align: center;\">destine<strong>\u00a0seu Imposto de Renda<\/strong> devido para ajudar a Funda\u00e7\u00e3o F\u00e9 e Alegria<\/p>\n<p>[\/vc_cta][\/vc_column_inner][\/vc_row_inner][vc_empty_space height=&#8221;200px&#8221;][\/vc_column][vc_column parallax=&#8221;content-moving&#8221; parallax_image=&#8221;23763&#8243; width=&#8221;1\/3&#8243;][vc_row_inner css=&#8221;.vc_custom_1612977659660{margin-top: 250px !important;margin-right: 10px !important;margin-bottom: 10px !important;margin-left: 10px !important;background-color: rgba(40,40,40,0.15) !important;*background-color: rgb(40,40,40) !important;border-radius: 5px !important;}&#8221;][vc_column_inner url=&#8221;url:https%3A%2F%2Fwww.feyalegria.org%2Fbrasil%2Fnota-fiscal-solidaria%2F|title:Nota%20Fiscal%20Solid%C3%A1ria|target:_blank&#8221;][vc_cta h2=&#8221;&#8221; h2_font_container=&#8221;tag:h2|font_size:24|text_align:left&#8221; h2_google_fonts=&#8221;font_family:Montserrat%3Aregular%2C700|font_style:700%20bold%20regular%3A700%3Anormal&#8221; css=&#8221;.vc_custom_1616116217498{background-color: rgba(237,237,237,0.85) !important;*background-color: rgb(237,237,237) !important;}&#8221; use_custom_fonts_h2=&#8221;true&#8221;]<\/p>\n<h3 style=\"text-align: center;\"><\/h3>\n<h3 style=\"text-align: center;\"><img loading=\"lazy\" decoding=\"async\" class=\"alignnone wp-image-23767\" src=\"https:\/\/d3pugrm67vf9n7.cloudfront.net\/wp-content\/uploads\/sites\/23\/2021\/03\/09111058\/nota-fiscal-3.png\" alt=\"\" width=\"64\" height=\"81\" \/><\/h3>\n<h3 style=\"text-align: center;\"><b>Nota Fiscal Solid\u00e1ria<\/b><\/h3>\n<p style=\"text-align: center;\"><strong>doe sua Nota Fiscal<\/strong> para os projetos de<\/p>\n<p style=\"text-align: center;\">F\u00e9 e Alegria<\/p>\n<p>[\/vc_cta][\/vc_column_inner][\/vc_row_inner][vc_empty_space height=&#8221;200px&#8221;][\/vc_column][\/vc_row]<\/p>\n<\/div>","protected":false},"excerpt":{"rendered":"<p>[vc_row full_width=&#8221;stretch_row_content&#8221; content_placement=&#8221;top&#8221;][vc_column parallax=&#8221;content-moving&#8221; parallax_image=&#8221;23761&#8243; width=&#8221;1\/3&#8243;][vc_row_inner content_placement=&#8221;top&#8221; url=&#8221;url:https%3A%2F%2Fdoeagora.fealegria.org.br|target:_blank&#8221; css=&#8221;.vc_custom_1647344598447{margin-top: 250px !important;margin-right: 10px !important;margin-bottom: 10px !important;margin-left: 10px !important;background-color: rgba(40,40,40,0.15) !important;*background-color: rgb(40,40,40) !important;border-radius: 5px !important;}&#8221;][vc_column_inner][vc_cta h2=&#8221;&#8221; h2_font_container=&#8221;font_size:24&#8243; h2_google_fonts=&#8221;font_family:Montserrat%3Aregular%2C700|font_style:700%20bold%20regular%3A700%3Anormal&#8221; css=&#8221;.vc_custom_1636549194683{background-color: rgba(237,237,237,0.85) !important;*background-color: rgb(237,237,237) !important;}&#8221; use_custom_fonts_h2=&#8221;true&#8221;] Doa\u00e7\u00e3o direta fa\u00e7a uma contribui\u00e7\u00e3o por cart\u00e3o de cr\u00e9dito, boleto ou PIX [\/vc_cta][\/vc_column_inner][\/vc_row_inner][vc_empty_space height=&#8221;200px&#8221;][\/vc_column][vc_column parallax=&#8221;content-moving&#8221; parallax_image=&#8221;23762&#8243; width=&#8221;1\/3&#8243;][vc_row_inner css=&#8221;.vc_custom_1632370893912{margin-top: 250px !important;margin-right: 10px !important;margin-bottom: 10px<\/p>\n","protected":false},"author":19,"featured_media":0,"parent":0,"menu_order":0,"comment_status":"closed","ping_status":"closed","template":"","meta":{"_acf_changed":false,"footnotes":""},"folder":[],"class_list":["post-1768","page","type-page","status-publish","hentry"],"acf":[],"yoast_head":"<!-- This site is optimized with the Yoast SEO plugin v27.2 - https:\/\/yoast.com\/product\/yoast-seo-wordpress\/ -->\n<title>Doe Agora - #SomosF\u00e9eAlegria en Brasil<\/title>\n<meta name=\"robots\" content=\"index, follow, max-snippet:-1, max-image-preview:large, max-video-preview:-1\" \/>\n<link rel=\"canonical\" href=\"https:\/\/www.feyalegria.org\/brasil\/doeagora\/\" \/>\n<meta property=\"og:locale\" content=\"es_ES\" \/>\n<meta property=\"og:type\" content=\"article\" \/>\n<meta property=\"og:title\" content=\"Doe Agora - #SomosF\u00e9eAlegria en Brasil\" \/>\n<meta property=\"og:description\" content=\"[vc_row full_width=&#8221;stretch_row_content&#8221; content_placement=&#8221;top&#8221;][vc_column parallax=&#8221;content-moving&#8221; parallax_image=&#8221;23761&#8243; width=&#8221;1\/3&#8243;][vc_row_inner content_placement=&#8221;top&#8221; url=&#8221;url:https%3A%2F%2Fdoeagora.fealegria.org.br|target:_blank&#8221; css=&#8221;.vc_custom_1647344598447{margin-top: 250px !important;margin-right: 10px !important;margin-bottom: 10px !important;margin-left: 10px !important;background-color: rgba(40,40,40,0.15) !important;*background-color: rgb(40,40,40) !important;border-radius: 5px !important;}&#8221;][vc_column_inner][vc_cta h2=&#8221;&#8221; h2_font_container=&#8221;font_size:24&#8243; h2_google_fonts=&#8221;font_family:Montserrat%3Aregular%2C700|font_style:700%20bold%20regular%3A700%3Anormal&#8221; css=&#8221;.vc_custom_1636549194683{background-color: rgba(237,237,237,0.85) !important;*background-color: rgb(237,237,237) !important;}&#8221; use_custom_fonts_h2=&#8221;true&#8221;] Doa\u00e7\u00e3o direta fa\u00e7a uma contribui\u00e7\u00e3o por cart\u00e3o de cr\u00e9dito, boleto ou PIX [\/vc_cta][\/vc_column_inner][\/vc_row_inner][vc_empty_space height=&#8221;200px&#8221;][\/vc_column][vc_column parallax=&#8221;content-moving&#8221; parallax_image=&#8221;23762&#8243; width=&#8221;1\/3&#8243;][vc_row_inner css=&#8221;.vc_custom_1632370893912{margin-top: 250px !important;margin-right: 10px !important;margin-bottom: 10px\" \/>\n<meta property=\"og:url\" content=\"https:\/\/www.feyalegria.org\/brasil\/doeagora\/\" \/>\n<meta property=\"og:site_name\" content=\"#SomosF\u00e9eAlegria en Brasil\" \/>\n<meta property=\"article:modified_time\" content=\"2025-03-25T12:18:30+00:00\" \/>\n<meta property=\"og:image\" content=\"https:\/\/www.feyalegria.org\/brasil\/wp-content\/uploads\/sites\/23\/2021\/03\/doacao-direta-3.png\" \/>\n<meta name=\"twitter:card\" content=\"summary_large_image\" \/>\n<meta name=\"twitter:label1\" content=\"Tiempo de lectura\" \/>\n\t<meta name=\"twitter:data1\" content=\"2 minutos\" \/>\n<script type=\"application\/ld+json\" class=\"yoast-schema-graph\">{\"@context\":\"https:\/\/schema.org\",\"@graph\":[{\"@type\":\"WebPage\",\"@id\":\"https:\/\/www.feyalegria.org\/brasil\/doeagora\/\",\"url\":\"https:\/\/www.feyalegria.org\/brasil\/doeagora\/\",\"name\":\"Doe Agora - #SomosF\u00e9eAlegria en Brasil\",\"isPartOf\":{\"@id\":\"https:\/\/www.feyalegria.org\/brasil\/#website\"},\"primaryImageOfPage\":{\"@id\":\"https:\/\/www.feyalegria.org\/brasil\/doeagora\/#primaryimage\"},\"image\":{\"@id\":\"https:\/\/www.feyalegria.org\/brasil\/doeagora\/#primaryimage\"},\"thumbnailUrl\":\"https:\/\/www.feyalegria.org\/brasil\/wp-content\/uploads\/sites\/23\/2021\/03\/doacao-direta-3.png\",\"datePublished\":\"2020-08-27T20:52:19+00:00\",\"dateModified\":\"2025-03-25T12:18:30+00:00\",\"inLanguage\":\"es-CO\",\"potentialAction\":[{\"@type\":\"ReadAction\",\"target\":[\"https:\/\/www.feyalegria.org\/brasil\/doeagora\/\"]}]},{\"@type\":\"ImageObject\",\"inLanguage\":\"es-CO\",\"@id\":\"https:\/\/www.feyalegria.org\/brasil\/doeagora\/#primaryimage\",\"url\":\"https:\/\/d3pugrm67vf9n7.cloudfront.net\/wp-content\/uploads\/sites\/23\/2021\/03\/09103739\/doacao-direta-3.png\",\"contentUrl\":\"https:\/\/d3pugrm67vf9n7.cloudfront.net\/wp-content\/uploads\/sites\/23\/2021\/03\/09103739\/doacao-direta-3.png\",\"width\":95,\"height\":76},{\"@type\":\"WebSite\",\"@id\":\"https:\/\/www.feyalegria.org\/brasil\/#website\",\"url\":\"https:\/\/www.feyalegria.org\/brasil\/\",\"name\":\"#SomosF\u00e9eAlegria en Brasil\",\"description\":\"\",\"potentialAction\":[{\"@type\":\"SearchAction\",\"target\":{\"@type\":\"EntryPoint\",\"urlTemplate\":\"https:\/\/www.feyalegria.org\/brasil\/?s={search_term_string}\"},\"query-input\":{\"@type\":\"PropertyValueSpecification\",\"valueRequired\":true,\"valueName\":\"search_term_string\"}}],\"inLanguage\":\"es-CO\"}]}<\/script>\n<!-- \/ Yoast SEO plugin. -->","yoast_head_json":{"title":"Doe Agora - #SomosF\u00e9eAlegria en Brasil","robots":{"index":"index","follow":"follow","max-snippet":"max-snippet:-1","max-image-preview":"max-image-preview:large","max-video-preview":"max-video-preview:-1"},"canonical":"https:\/\/www.feyalegria.org\/brasil\/doeagora\/","og_locale":"es_ES","og_type":"article","og_title":"Doe Agora - #SomosF\u00e9eAlegria en Brasil","og_description":"[vc_row full_width=&#8221;stretch_row_content&#8221; content_placement=&#8221;top&#8221;][vc_column parallax=&#8221;content-moving&#8221; parallax_image=&#8221;23761&#8243; width=&#8221;1\/3&#8243;][vc_row_inner content_placement=&#8221;top&#8221; url=&#8221;url:https%3A%2F%2Fdoeagora.fealegria.org.br|target:_blank&#8221; css=&#8221;.vc_custom_1647344598447{margin-top: 250px !important;margin-right: 10px !important;margin-bottom: 10px !important;margin-left: 10px !important;background-color: rgba(40,40,40,0.15) !important;*background-color: rgb(40,40,40) !important;border-radius: 5px !important;}&#8221;][vc_column_inner][vc_cta h2=&#8221;&#8221; h2_font_container=&#8221;font_size:24&#8243; h2_google_fonts=&#8221;font_family:Montserrat%3Aregular%2C700|font_style:700%20bold%20regular%3A700%3Anormal&#8221; css=&#8221;.vc_custom_1636549194683{background-color: rgba(237,237,237,0.85) !important;*background-color: rgb(237,237,237) !important;}&#8221; use_custom_fonts_h2=&#8221;true&#8221;] Doa\u00e7\u00e3o direta fa\u00e7a uma contribui\u00e7\u00e3o por cart\u00e3o de cr\u00e9dito, boleto ou PIX [\/vc_cta][\/vc_column_inner][\/vc_row_inner][vc_empty_space height=&#8221;200px&#8221;][\/vc_column][vc_column parallax=&#8221;content-moving&#8221; parallax_image=&#8221;23762&#8243; width=&#8221;1\/3&#8243;][vc_row_inner css=&#8221;.vc_custom_1632370893912{margin-top: 250px !important;margin-right: 10px !important;margin-bottom: 10px","og_url":"https:\/\/www.feyalegria.org\/brasil\/doeagora\/","og_site_name":"#SomosF\u00e9eAlegria en Brasil","article_modified_time":"2025-03-25T12:18:30+00:00","og_image":[{"url":"https:\/\/www.feyalegria.org\/brasil\/wp-content\/uploads\/sites\/23\/2021\/03\/doacao-direta-3.png","type":"","width":"","height":""}],"twitter_card":"summary_large_image","twitter_misc":{"Tiempo de lectura":"2 minutos"},"schema":{"@context":"https:\/\/schema.org","@graph":[{"@type":"WebPage","@id":"https:\/\/www.feyalegria.org\/brasil\/doeagora\/","url":"https:\/\/www.feyalegria.org\/brasil\/doeagora\/","name":"Doe Agora - #SomosF\u00e9eAlegria en Brasil","isPartOf":{"@id":"https:\/\/www.feyalegria.org\/brasil\/#website"},"primaryImageOfPage":{"@id":"https:\/\/www.feyalegria.org\/brasil\/doeagora\/#primaryimage"},"image":{"@id":"https:\/\/www.feyalegria.org\/brasil\/doeagora\/#primaryimage"},"thumbnailUrl":"https:\/\/www.feyalegria.org\/brasil\/wp-content\/uploads\/sites\/23\/2021\/03\/doacao-direta-3.png","datePublished":"2020-08-27T20:52:19+00:00","dateModified":"2025-03-25T12:18:30+00:00","inLanguage":"es-CO","potentialAction":[{"@type":"ReadAction","target":["https:\/\/www.feyalegria.org\/brasil\/doeagora\/"]}]},{"@type":"ImageObject","inLanguage":"es-CO","@id":"https:\/\/www.feyalegria.org\/brasil\/doeagora\/#primaryimage","url":"https:\/\/d3pugrm67vf9n7.cloudfront.net\/wp-content\/uploads\/sites\/23\/2021\/03\/09103739\/doacao-direta-3.png","contentUrl":"https:\/\/d3pugrm67vf9n7.cloudfront.net\/wp-content\/uploads\/sites\/23\/2021\/03\/09103739\/doacao-direta-3.png","width":95,"height":76},{"@type":"WebSite","@id":"https:\/\/www.feyalegria.org\/brasil\/#website","url":"https:\/\/www.feyalegria.org\/brasil\/","name":"#SomosF\u00e9eAlegria en Brasil","description":"","potentialAction":[{"@type":"SearchAction","target":{"@type":"EntryPoint","urlTemplate":"https:\/\/www.feyalegria.org\/brasil\/?s={search_term_string}"},"query-input":{"@type":"PropertyValueSpecification","valueRequired":true,"valueName":"search_term_string"}}],"inLanguage":"es-CO"}]}},"_links":{"self":[{"href":"https:\/\/www.feyalegria.org\/brasil\/wp-json\/wp\/v2\/pages\/1768","targetHints":{"allow":["GET"]}}],"collection":[{"href":"https:\/\/www.feyalegria.org\/brasil\/wp-json\/wp\/v2\/pages"}],"about":[{"href":"https:\/\/www.feyalegria.org\/brasil\/wp-json\/wp\/v2\/types\/page"}],"author":[{"embeddable":true,"href":"https:\/\/www.feyalegria.org\/brasil\/wp-json\/wp\/v2\/users\/19"}],"replies":[{"embeddable":true,"href":"https:\/\/www.feyalegria.org\/brasil\/wp-json\/wp\/v2\/comments?post=1768"}],"version-history":[{"count":1,"href":"https:\/\/www.feyalegria.org\/brasil\/wp-json\/wp\/v2\/pages\/1768\/revisions"}],"predecessor-version":[{"id":29871,"href":"https:\/\/www.feyalegria.org\/brasil\/wp-json\/wp\/v2\/pages\/1768\/revisions\/29871"}],"wp:attachment":[{"href":"https:\/\/www.feyalegria.org\/brasil\/wp-json\/wp\/v2\/media?parent=1768"}],"wp:term":[{"taxonomy":"folder","embeddable":true,"href":"https:\/\/www.feyalegria.org\/brasil\/wp-json\/wp\/v2\/folder?post=1768"}],"curies":[{"name":"wp","href":"https:\/\/api.w.org\/{rel}","templated":true}]}}