 {"id":24956,"date":"2021-10-21T19:58:12","date_gmt":"2021-10-21T22:58:12","guid":{"rendered":"https:\/\/www.feyalegria.org\/brasil\/?page_id=24956"},"modified":"2022-09-08T21:02:22","modified_gmt":"2022-09-09T00:02:22","slug":"cariacica","status":"publish","type":"page","link":"https:\/\/www.feyalegria.org\/brasil\/cariacica\/","title":{"rendered":"Centro Social de Educa\u00e7\u00e3o e Cultura Casa Legal"},"content":{"rendered":"<div class=\"wpb-content-wrapper\"><p>[vc_row css=&#8221;.vc_custom_1610136019840{padding-top: 30px !important;}&#8221;][vc_column width=&#8221;5\/6&#8243;][vc_column_text]<\/p>\n<h1>Centro Social de Educa\u00e7\u00e3o e Cultura Casa Legal<\/h1>\n<p>[\/vc_column_text][\/vc_column][vc_column width=&#8221;1\/6&#8243; css=&#8221;.vc_custom_1616259062307{margin-top: -80px !important;}&#8221; offset=&#8221;vc_hidden-md vc_hidden-sm vc_hidden-xs&#8221;][vc_single_image image=&#8221;2283&#8243; img_size=&#8221;150&#8243; alignment=&#8221;right&#8221; style=&#8221;vc_box_circle_2&#8243;][\/vc_column][\/vc_row][vc_row][vc_column width=&#8221;1\/3&#8243;][vc_single_image image=&#8221;25079&#8243; img_size=&#8221;300&#215;300&#8243; alignment=&#8221;center&#8221; style=&#8221;vc_box_circle_2&#8243;][\/vc_column][vc_column width=&#8221;2\/3&#8243;][vc_column_text]<\/p>\n<h3>Hist\u00f3ria<\/h3>\n<p>[\/vc_column_text][vc_empty_space height=&#8221;10px&#8221;][vc_column_text]O projeto Casa Legal surgiu no ano 2000, na regi\u00e3o da Grande Vit\u00f3ria (ES), com o objetivo de oferecer atividades educativas complementares \u00e0 Educa\u00e7\u00e3o Formal. Desse modo, foi iniciada a trajet\u00f3ria da Funda\u00e7\u00e3o F\u00e9 e Alegria na comunidade de Nova Esperan\u00e7a, bairro localizado em Cariacica, munic\u00edpio capixaba com uma das menores rendas per capita do estado. As ruas localizadas nos entornos da unidade, por sua vez, n\u00e3o s\u00e3o pavimentadas, refor\u00e7ando o posicionamento F\u00e9 e Alegria, de autoria do fundador Pe. Jos\u00e9 Maria V\u00e9laz, <em>SJ<\/em>: \u201cNosso trabalho come\u00e7a onde o asfalto termina\u201d.<\/p>\n<p>&nbsp;<\/p>\n<p>Nos anos seguintes, com a constru\u00e7\u00e3o do Centro Social de Educa\u00e7\u00e3o e Cultura, outros projetos socioeducativos, socioambientais e de apoio comunit\u00e1rio foram oferecidos na comunidade, especialmente nas \u00e1reas da cultura e da gera\u00e7\u00e3o de trabalho e renda.<\/p>\n<p>&nbsp;<\/p>\n<p>Atualmente, o Centro Social de Educa\u00e7\u00e3o e Cultura Casa Legal oferece o Servi\u00e7o de Conviv\u00eancia e Fortalecimento de V\u00ednculos para crian\u00e7as e adolescentes, e est\u00e1 estruturando a implanta\u00e7\u00e3o do Programa Jovem Aprendiz, que visa a inser\u00e7\u00e3o de jovens no mundo do trabalho. Al\u00e9m das a\u00e7\u00f5es de atendimento direto, F\u00e9 e Alegria atua tamb\u00e9m na capacita\u00e7\u00e3o de educadores sociais e outros agentes da rede de prote\u00e7\u00e3o social \u00e0s crian\u00e7as e adolescentes, realizando cursos, semin\u00e1rios e outras atividades.<\/p>\n<p>&nbsp;<\/p>\n<p>Visando contribuir na elabora\u00e7\u00e3o de pol\u00edticas p\u00fablicas e beneficiar a popula\u00e7\u00e3o local, a equipe de F\u00e9 e Alegria em Cariacica participa ativamente das atividades do Conselho Municipal dos Direitos da Crian\u00e7a e do Adolescente e do Conselho Municipal de Assist\u00eancia Social.[\/vc_column_text][vc_empty_space height=&#8221;20px&#8221;][\/vc_column][\/vc_row][vc_row][vc_column css=&#8221;.vc_custom_1615128571603{background-color: #aa0f16 !important;border-radius: 20px !important;}&#8221;][vc_empty_space][vc_column_text css=&#8221;.vc_custom_1636558712740{background-color: #aa0f16 !important;}&#8221;]<\/p>\n<h3 style=\"text-align: center\"><span style=\"color: #ffffff\"><strong>Atendimento<\/strong><\/span><\/h3>\n<p>[\/vc_column_text][vc_empty_space][vc_column_text css=&#8221;.vc_custom_1662682012239{background-color: #aa0f16 !important;}&#8221;]<\/p>\n<h3 style=\"text-align: center\"><span style=\"color: #ffffff\">337 crian\u00e7as e adolescentes, com idades entre 6 e 14 anos<\/span><\/h3>\n<p>[\/vc_column_text][vc_empty_space][\/vc_column][\/vc_row][vc_row][vc_column][vc_empty_space height=&#8221;60px&#8221;][vc_column_text]<\/p>\n<h3><strong>Projetos desenvolvidos<\/strong><\/h3>\n<p>[\/vc_column_text][vc_empty_space height=&#8221;10px&#8221;][vc_column_text]<\/p>\n<h4><span style=\"color: #727176\"><strong>Servi\u00e7o de Conviv\u00eancia e Fortalecimento de V\u00ednculo: 304 <\/strong><\/span><\/h4>\n<h4><\/h4>\n<p>&nbsp;<\/p>\n<h4><span style=\"color: #727176\"><strong>Meios de Vida: 33<\/strong><\/span><\/h4>\n<p>[\/vc_column_text][vc_column_text]O Servi\u00e7o de Conviv\u00eancia e Fortalecimento de V\u00ednculos atua na preven\u00e7\u00e3o de situa\u00e7\u00f5es de risco social, na perman\u00eancia do indiv\u00edduo no sistema educacional e no fortalecimento das rela\u00e7\u00f5es familiares, sociais e comunit\u00e1rias. Por meio do trabalho promovido, o atendido passa a se entender como sujeito de direitos e se torna o protagonista de sua pr\u00f3pria hist\u00f3ria, despertando sua compreens\u00e3o cr\u00edtica da realidade social e do mundo moderno e sua capacidade de transformar os ambientes em que atua.<\/p>\n<p>&nbsp;<\/p>\n<p><span class=\"TextRun SCXW158902906 BCX0\" lang=\"PT\" xml:lang=\"PT\" data-contrast=\"auto\"><span class=\"NormalTextRun SCXW158902906 BCX0\" data-ccp-parastyle=\"___TextoCorrido\" data-ccp-parastyle-defn=\"{&quot;ObjectId&quot;:&quot;9820310b-4d87-4a1c-bac4-e10fc84031bf|9&quot;,&quot;ClassId&quot;:1073872969,&quot;Properties&quot;:[134233614,&quot;true&quot;,134234082,&quot;true&quot;,201340122,&quot;2&quot;,201341983,&quot;0&quot;,201342447,&quot;5&quot;,201342448,&quot;1&quot;,268442635,&quot;24&quot;,335559739,&quot;0&quot;,335559740,&quot;240&quot;,469769226,&quot;Trebuchet MS,Calibri&quot;,469775450,&quot;___TextoCorrido&quot;,469777841,&quot;Trebuchet MS&quot;,469777842,&quot;&quot;,469777843,&quot;Calibri&quot;,469777844,&quot;Trebuchet MS&quot;,469778129,&quot;TextoCorrido&quot;]}\">O projeto Meios de Vida visa contribuir para a inser\u00e7\u00e3o social e laboral de jovens e adultos em situa\u00e7\u00e3o de vulnerabilidade, por meio de programas de qualifica\u00e7\u00e3o profissional voltados com foco no empreendedorismo social e gera\u00e7\u00e3o de renda, com especial aten\u00e7\u00e3o a mulheres em situa\u00e7\u00e3o de risco social.<\/span><\/span>[\/vc_column_text][\/vc_column][\/vc_row][vc_row][vc_column][vc_empty_space][vc_column_text]<\/p>\n<h3><strong>Galeria<\/strong><\/h3>\n<p>[\/vc_column_text][vc_empty_space height=&#8221;10px&#8221;][\/vc_column][\/vc_row][vc_row][vc_column width=&#8221;1\/3&#8243;][vc_images_carousel images=&#8221;25069,25070,25071&#8243; img_size=&#8221;medium&#8221; speed=&#8221;4000&#8243; autoplay=&#8221;yes&#8221; hide_pagination_control=&#8221;yes&#8221; hide_prev_next_buttons=&#8221;yes&#8221; wrap=&#8221;yes&#8221; css_animation=&#8221;fadeIn&#8221;][\/vc_column][vc_column width=&#8221;1\/3&#8243;][vc_images_carousel images=&#8221;25072,25073,25074&#8243; img_size=&#8221;medium&#8221; speed=&#8221;4000&#8243; autoplay=&#8221;yes&#8221; hide_pagination_control=&#8221;yes&#8221; hide_prev_next_buttons=&#8221;yes&#8221; wrap=&#8221;yes&#8221; css_animation=&#8221;fadeIn&#8221;][\/vc_column][vc_column width=&#8221;1\/3&#8243;][vc_images_carousel images=&#8221;25076,25075&#8243; img_size=&#8221;medium&#8221; speed=&#8221;4000&#8243; autoplay=&#8221;yes&#8221; hide_pagination_control=&#8221;yes&#8221; hide_prev_next_buttons=&#8221;yes&#8221; wrap=&#8221;yes&#8221; css_animation=&#8221;fadeIn&#8221;][\/vc_column][\/vc_row][vc_row css=&#8221;.vc_custom_1600382950718{margin-top: -25px !important;}&#8221;][vc_column offset=&#8221;vc_hidden-md vc_hidden-sm vc_hidden-xs&#8221;][vc_empty_space][vc_column_text]<\/p>\n<h3><strong>Contato<\/strong><\/h3>\n<p>[\/vc_column_text][vc_column_text css=&#8221;.vc_custom_1662681930046{padding-top: 20px !important;padding-bottom: 20px !important;background-color: #e4e4e4 !important;border-radius: 20px !important;}&#8221;]<\/p>\n<p style=\"padding-left: 40px\">Rua Vit\u00f3ria<\/p>\n<p style=\"padding-left: 40px\">Nova Esperan\u00e7a | Cariacica (ES)<\/p>\n<p style=\"padding-left: 40px\">CEP: 29157-532<\/p>\n<p style=\"padding-left: 40px\">+55 27 3284-4025<\/p>\n<p style=\"padding-left: 40px\"><span style=\"color: #000080\"><a style=\"color: #000080\" href=\"mailto:contato.cariaca@fealegria.org.br\">contato.cariaca@fealegria.org.br<\/a><\/span><\/p>\n<p>[\/vc_column_text][\/vc_column][\/vc_row][vc_row css=&#8221;.vc_custom_1600382950718{margin-top: -25px !important;}&#8221;][vc_column offset=&#8221;vc_hidden-lg&#8221;][vc_empty_space][vc_column_text]<\/p>\n<h3><strong>Contato<\/strong><\/h3>\n<p>[\/vc_column_text][vc_column_text css=&#8221;.vc_custom_1637195724414{padding-top: 20px !important;padding-bottom: 20px !important;background-color: #e4e4e4 !important;border-radius: 20px !important;}&#8221;]<\/p>\n<p style=\"padding-left: 40px\">Rua Vit\u00f3ria<\/p>\n<p style=\"padding-left: 40px\">Nova Esperan\u00e7a | Cariacica (ES)<\/p>\n<p style=\"padding-left: 40px\">CEP: 29157-532<\/p>\n<p style=\"padding-left: 40px\">+55 27 3284-4025<\/p>\n<p style=\"padding-left: 40px\"><span style=\"color: #3366ff\"><a style=\"color: #3366ff\" href=\"contato.es@fealegria.org.br\">contato.es@fealegria.org.br<\/a><\/span><\/p>\n<p>[\/vc_column_text][\/vc_column][\/vc_row][vc_row][vc_column][vc_empty_space height=&#8221;50px&#8221;][\/vc_column][\/vc_row]<\/p>\n<\/div>","protected":false},"excerpt":{"rendered":"<p>[vc_row css=&#8221;.vc_custom_1610136019840{padding-top: 30px !important;}&#8221;][vc_column width=&#8221;5\/6&#8243;][vc_column_text] Centro Social de Educa\u00e7\u00e3o e Cultura Casa Legal [\/vc_column_text][\/vc_column][vc_column width=&#8221;1\/6&#8243; css=&#8221;.vc_custom_1616259062307{margin-top: -80px !important;}&#8221; offset=&#8221;vc_hidden-md vc_hidden-sm vc_hidden-xs&#8221;][vc_single_image image=&#8221;2283&#8243; img_size=&#8221;150&#8243; alignment=&#8221;right&#8221; style=&#8221;vc_box_circle_2&#8243;][\/vc_column][\/vc_row][vc_row][vc_column width=&#8221;1\/3&#8243;][vc_single_image image=&#8221;25079&#8243; img_size=&#8221;300&#215;300&#8243; alignment=&#8221;center&#8221; style=&#8221;vc_box_circle_2&#8243;][\/vc_column][vc_column width=&#8221;2\/3&#8243;][vc_column_text] Hist\u00f3ria [\/vc_column_text][vc_empty_space height=&#8221;10px&#8221;][vc_column_text]O projeto Casa Legal surgiu no ano 2000, na regi\u00e3o da Grande Vit\u00f3ria (ES), com o objetivo de oferecer atividades educativas complementares<\/p>\n","protected":false},"author":2,"featured_media":0,"parent":0,"menu_order":0,"comment_status":"closed","ping_status":"closed","template":"","meta":{"_acf_changed":false,"footnotes":""},"folder":[],"class_list":["post-24956","page","type-page","status-publish","hentry"],"acf":[],"yoast_head":"<!-- This site is optimized with the Yoast SEO plugin v27.2 - https:\/\/yoast.com\/product\/yoast-seo-wordpress\/ -->\n<title>Centro Social de Educa\u00e7\u00e3o e Cultura Casa Legal - #SomosF\u00e9eAlegria en Brasil<\/title>\n<meta name=\"robots\" content=\"index, follow, max-snippet:-1, max-image-preview:large, max-video-preview:-1\" \/>\n<link rel=\"canonical\" href=\"https:\/\/www.feyalegria.org\/brasil\/cariacica\/\" \/>\n<meta property=\"og:locale\" content=\"es_ES\" \/>\n<meta property=\"og:type\" content=\"article\" \/>\n<meta property=\"og:title\" content=\"Centro Social de Educa\u00e7\u00e3o e Cultura Casa Legal - #SomosF\u00e9eAlegria en Brasil\" \/>\n<meta property=\"og:description\" content=\"[vc_row css=&#8221;.vc_custom_1610136019840{padding-top: 30px !important;}&#8221;][vc_column width=&#8221;5\/6&#8243;][vc_column_text] Centro Social de Educa\u00e7\u00e3o e Cultura Casa Legal [\/vc_column_text][\/vc_column][vc_column width=&#8221;1\/6&#8243; css=&#8221;.vc_custom_1616259062307{margin-top: -80px !important;}&#8221; offset=&#8221;vc_hidden-md vc_hidden-sm vc_hidden-xs&#8221;][vc_single_image image=&#8221;2283&#8243; img_size=&#8221;150&#8243; alignment=&#8221;right&#8221; style=&#8221;vc_box_circle_2&#8243;][\/vc_column][\/vc_row][vc_row][vc_column width=&#8221;1\/3&#8243;][vc_single_image image=&#8221;25079&#8243; img_size=&#8221;300&#215;300&#8243; alignment=&#8221;center&#8221; style=&#8221;vc_box_circle_2&#8243;][\/vc_column][vc_column width=&#8221;2\/3&#8243;][vc_column_text] Hist\u00f3ria [\/vc_column_text][vc_empty_space height=&#8221;10px&#8221;][vc_column_text]O projeto Casa Legal surgiu no ano 2000, na regi\u00e3o da Grande Vit\u00f3ria (ES), com o objetivo de oferecer atividades educativas complementares\" \/>\n<meta property=\"og:url\" content=\"https:\/\/www.feyalegria.org\/brasil\/cariacica\/\" \/>\n<meta property=\"og:site_name\" content=\"#SomosF\u00e9eAlegria en Brasil\" \/>\n<meta property=\"article:modified_time\" content=\"2022-09-09T00:02:22+00:00\" \/>\n<meta name=\"twitter:card\" content=\"summary_large_image\" \/>\n<meta name=\"twitter:label1\" content=\"Tiempo de lectura\" \/>\n\t<meta name=\"twitter:data1\" content=\"5 minutos\" \/>\n<script type=\"application\/ld+json\" class=\"yoast-schema-graph\">{\"@context\":\"https:\/\/schema.org\",\"@graph\":[{\"@type\":\"WebPage\",\"@id\":\"https:\/\/www.feyalegria.org\/brasil\/cariacica\/\",\"url\":\"https:\/\/www.feyalegria.org\/brasil\/cariacica\/\",\"name\":\"Centro Social de Educa\u00e7\u00e3o e Cultura Casa Legal - #SomosF\u00e9eAlegria en Brasil\",\"isPartOf\":{\"@id\":\"https:\/\/www.feyalegria.org\/brasil\/#website\"},\"datePublished\":\"2021-10-21T22:58:12+00:00\",\"dateModified\":\"2022-09-09T00:02:22+00:00\",\"inLanguage\":\"es-CO\",\"potentialAction\":[{\"@type\":\"ReadAction\",\"target\":[\"https:\/\/www.feyalegria.org\/brasil\/cariacica\/\"]}]},{\"@type\":\"WebSite\",\"@id\":\"https:\/\/www.feyalegria.org\/brasil\/#website\",\"url\":\"https:\/\/www.feyalegria.org\/brasil\/\",\"name\":\"#SomosF\u00e9eAlegria en Brasil\",\"description\":\"\",\"potentialAction\":[{\"@type\":\"SearchAction\",\"target\":{\"@type\":\"EntryPoint\",\"urlTemplate\":\"https:\/\/www.feyalegria.org\/brasil\/?s={search_term_string}\"},\"query-input\":{\"@type\":\"PropertyValueSpecification\",\"valueRequired\":true,\"valueName\":\"search_term_string\"}}],\"inLanguage\":\"es-CO\"}]}<\/script>\n<!-- \/ Yoast SEO plugin. -->","yoast_head_json":{"title":"Centro Social de Educa\u00e7\u00e3o e Cultura Casa Legal - #SomosF\u00e9eAlegria en Brasil","robots":{"index":"index","follow":"follow","max-snippet":"max-snippet:-1","max-image-preview":"max-image-preview:large","max-video-preview":"max-video-preview:-1"},"canonical":"https:\/\/www.feyalegria.org\/brasil\/cariacica\/","og_locale":"es_ES","og_type":"article","og_title":"Centro Social de Educa\u00e7\u00e3o e Cultura Casa Legal - #SomosF\u00e9eAlegria en Brasil","og_description":"[vc_row css=&#8221;.vc_custom_1610136019840{padding-top: 30px !important;}&#8221;][vc_column width=&#8221;5\/6&#8243;][vc_column_text] Centro Social de Educa\u00e7\u00e3o e Cultura Casa Legal [\/vc_column_text][\/vc_column][vc_column width=&#8221;1\/6&#8243; css=&#8221;.vc_custom_1616259062307{margin-top: -80px !important;}&#8221; offset=&#8221;vc_hidden-md vc_hidden-sm vc_hidden-xs&#8221;][vc_single_image image=&#8221;2283&#8243; img_size=&#8221;150&#8243; alignment=&#8221;right&#8221; style=&#8221;vc_box_circle_2&#8243;][\/vc_column][\/vc_row][vc_row][vc_column width=&#8221;1\/3&#8243;][vc_single_image image=&#8221;25079&#8243; img_size=&#8221;300&#215;300&#8243; alignment=&#8221;center&#8221; style=&#8221;vc_box_circle_2&#8243;][\/vc_column][vc_column width=&#8221;2\/3&#8243;][vc_column_text] Hist\u00f3ria [\/vc_column_text][vc_empty_space height=&#8221;10px&#8221;][vc_column_text]O projeto Casa Legal surgiu no ano 2000, na regi\u00e3o da Grande Vit\u00f3ria (ES), com o objetivo de oferecer atividades educativas complementares","og_url":"https:\/\/www.feyalegria.org\/brasil\/cariacica\/","og_site_name":"#SomosF\u00e9eAlegria en Brasil","article_modified_time":"2022-09-09T00:02:22+00:00","twitter_card":"summary_large_image","twitter_misc":{"Tiempo de lectura":"5 minutos"},"schema":{"@context":"https:\/\/schema.org","@graph":[{"@type":"WebPage","@id":"https:\/\/www.feyalegria.org\/brasil\/cariacica\/","url":"https:\/\/www.feyalegria.org\/brasil\/cariacica\/","name":"Centro Social de Educa\u00e7\u00e3o e Cultura Casa Legal - #SomosF\u00e9eAlegria en Brasil","isPartOf":{"@id":"https:\/\/www.feyalegria.org\/brasil\/#website"},"datePublished":"2021-10-21T22:58:12+00:00","dateModified":"2022-09-09T00:02:22+00:00","inLanguage":"es-CO","potentialAction":[{"@type":"ReadAction","target":["https:\/\/www.feyalegria.org\/brasil\/cariacica\/"]}]},{"@type":"WebSite","@id":"https:\/\/www.feyalegria.org\/brasil\/#website","url":"https:\/\/www.feyalegria.org\/brasil\/","name":"#SomosF\u00e9eAlegria en Brasil","description":"","potentialAction":[{"@type":"SearchAction","target":{"@type":"EntryPoint","urlTemplate":"https:\/\/www.feyalegria.org\/brasil\/?s={search_term_string}"},"query-input":{"@type":"PropertyValueSpecification","valueRequired":true,"valueName":"search_term_string"}}],"inLanguage":"es-CO"}]}},"_links":{"self":[{"href":"https:\/\/www.feyalegria.org\/brasil\/wp-json\/wp\/v2\/pages\/24956","targetHints":{"allow":["GET"]}}],"collection":[{"href":"https:\/\/www.feyalegria.org\/brasil\/wp-json\/wp\/v2\/pages"}],"about":[{"href":"https:\/\/www.feyalegria.org\/brasil\/wp-json\/wp\/v2\/types\/page"}],"author":[{"embeddable":true,"href":"https:\/\/www.feyalegria.org\/brasil\/wp-json\/wp\/v2\/users\/2"}],"replies":[{"embeddable":true,"href":"https:\/\/www.feyalegria.org\/brasil\/wp-json\/wp\/v2\/comments?post=24956"}],"version-history":[{"count":0,"href":"https:\/\/www.feyalegria.org\/brasil\/wp-json\/wp\/v2\/pages\/24956\/revisions"}],"wp:attachment":[{"href":"https:\/\/www.feyalegria.org\/brasil\/wp-json\/wp\/v2\/media?parent=24956"}],"wp:term":[{"taxonomy":"folder","embeddable":true,"href":"https:\/\/www.feyalegria.org\/brasil\/wp-json\/wp\/v2\/folder?post=24956"}],"curies":[{"name":"wp","href":"https:\/\/api.w.org\/{rel}","templated":true}]}}