 {"id":37,"date":"2020-01-20T19:40:09","date_gmt":"2020-01-20T19:40:09","guid":{"rendered":"https:\/\/www.feyalegria.org\/brasil\/?page_id=37"},"modified":"2023-01-19T15:38:49","modified_gmt":"2023-01-19T18:38:49","slug":"contato","status":"publish","type":"page","link":"https:\/\/www.feyalegria.org\/brasil\/contato\/","title":{"rendered":"Contato"},"content":{"rendered":"<div class=\"wpb-content-wrapper\"><p>[vc_row css=&#8221;.vc_custom_1610143163619{padding-top: 30px !important;}&#8221;][vc_column width=&#8221;5\/6&#8243;][vc_column_text]<\/p>\n<h1>Contato<\/h1>\n<p>[\/vc_column_text][\/vc_column][vc_column width=&#8221;1\/6&#8243; css=&#8221;.vc_custom_1616254911728{margin-top: -80px !important;}&#8221; offset=&#8221;vc_hidden-sm vc_hidden-xs&#8221;][vc_single_image image=&#8221;2290&#8243; img_size=&#8221;150&#8243; alignment=&#8221;right&#8221; style=&#8221;vc_box_circle_2&#8243;][\/vc_column][\/vc_row][vc_row content_placement=&#8221;top&#8221; css=&#8221;.vc_custom_1610146819371{border-radius: 20px !important;}&#8221;][vc_column width=&#8221;1\/3&#8243; alignment=&#8221;center&#8221; css=&#8221;.vc_custom_1615385025539{border-radius: 20px !important;}&#8221;][vc_gmaps link=&#8221;#E-8_JTNDaWZyYW1lJTIwc3JjJTNEJTIyaHR0cHMlM0ElMkYlMkZ3d3cuZ29vZ2xlLmNvbSUyRm1hcHMlMkZlbWJlZCUzRnBiJTNEJTIxMW0xOCUyMTFtMTIlMjExbTMlMjExZDM2NTcuMzI3NTEwOTE3MzI1NSUyMTJkLTQ2LjY2MzAzNDg1MTA4NDMxJTIxM2QtMjMuNTU2Njc4MDg0NjElMjEybTMlMjExZjAlMjEyZjAlMjEzZjAlMjEzbTIlMjExaTEwMjQlMjEyaTc2OCUyMTRmMTMuMSUyMTNtMyUyMTFtMiUyMTFzMHg5NGNlNWJiYjQyOTlkZjMxJTI1M0EweDI5MWFhMDBjNGZkZDIlMjEyelJuVnVaR0hEcDhPamJ5Qkd3NmtnWlNCQmJHVm5jbWxoSUVKeVlYTnBiQSUyMTVlMCUyMTNtMiUyMTFzZXMlMjEyc2NvJTIxNHYxNjEwMTQ2MTQzNjc4JTIxNW0yJTIxMXNlcyUyMTJzY28lMjIlMjB3aWR0aCUzRCUyMjI4MCUyMiUyMGhlaWdodCUzRCUyMjQyMCUyMiUyMGZyYW1lYm9yZGVyJTNEJTIyMCUyMiUyMHN0eWxlJTNEJTIyYm9yZGVyJTNBMCUzQiUyMiUyMGFsbG93ZnVsbHNjcmVlbiUzRCUyMiUyMiUyMGFyaWEtaGlkZGVuJTNEJTIyZmFsc2UlMjIlMjB0YWJpbmRleCUzRCUyMjAlMjIlM0UlM0MlMkZpZnJhbWUlM0U=&#8221;][\/vc_column][vc_column width=&#8221;2\/3&#8243; alignment=&#8221;center&#8221;][vc_column_text]<\/p>\n<h2 style=\"text-align: center\">Funda\u00e7\u00e3o F\u00e9 e Alegria Brasil<\/h2>\n<p>[\/vc_column_text][vc_column_text]<\/p>\n<h4 align=\"center\"><span style=\"color: #333333\">Avenida Paulista, 2.300 \u2013 17\u00ba andar, CEP 01310-300 | Bela Vista \u2013 S\u00e3o Paulo\/SP, telefone: +55 11 3956-6400<\/span><\/h4>\n<p>&nbsp;<\/p>\n<p style=\"text-align: center\"><span style=\"color: #800000\"><strong>fundacao@fealegria.org.br<\/strong><\/span><\/p>\n<p>[\/vc_column_text][vc_separator color=&#8221;custom&#8221; accent_color=&#8221;#aa0f16&#8243;][vc_row_inner css=&#8221;.vc_custom_1615385164544{background-color: #e3e3e3 !important;border-radius: 20px !important;}&#8221;][vc_column_inner][vc_column_text]<\/p>\n<h3 style=\"text-align: center\"><strong>D\u00favidas sobre doa\u00e7\u00f5es<\/strong><\/h3>\n<p>&nbsp;<\/p>\n<h4 style=\"text-align: center\"><span style=\"color: #000080\"><a style=\"color: #000080\" href=\"mailto:mobilizacao@fealegria.org.br\">mobilizacao@fealegria.org.br<\/a><\/span><\/h4>\n<p>[\/vc_column_text][vc_separator color=&#8221;white&#8221;][vc_column_text]<\/p>\n<h3><\/h3>\n<h3 style=\"text-align: center\"><strong>Comunica\u00e7\u00e3o<\/strong><\/h3>\n<p>&nbsp;<\/p>\n<h4 style=\"text-align: center\"><strong><span style=\"color: #000080\"><a style=\"color: #000080\" href=\"mailto:comunicacao@fealegria.org.br\">comunicacao@fealegria.org.br<\/a><\/span><\/strong><\/h4>\n<p>[\/vc_column_text][\/vc_column_inner][\/vc_row_inner][vc_column_text][\/vc_column_text][\/vc_column][\/vc_row]<\/p>\n<\/div>","protected":false},"excerpt":{"rendered":"<p>[vc_row css=&#8221;.vc_custom_1610143163619{padding-top: 30px !important;}&#8221;][vc_column width=&#8221;5\/6&#8243;][vc_column_text] Contato [\/vc_column_text][\/vc_column][vc_column width=&#8221;1\/6&#8243; css=&#8221;.vc_custom_1616254911728{margin-top: -80px !important;}&#8221; offset=&#8221;vc_hidden-sm vc_hidden-xs&#8221;][vc_single_image image=&#8221;2290&#8243; img_size=&#8221;150&#8243; alignment=&#8221;right&#8221; style=&#8221;vc_box_circle_2&#8243;][\/vc_column][\/vc_row][vc_row content_placement=&#8221;top&#8221; css=&#8221;.vc_custom_1610146819371{border-radius: 20px !important;}&#8221;][vc_column width=&#8221;1\/3&#8243; alignment=&#8221;center&#8221; css=&#8221;.vc_custom_1615385025539{border-radius: 20px !important;}&#8221;][vc_gmaps link=&#8221;#E-8_JTNDaWZyYW1lJTIwc3JjJTNEJTIyaHR0cHMlM0ElMkYlMkZ3d3cuZ29vZ2xlLmNvbSUyRm1hcHMlMkZlbWJlZCUzRnBiJTNEJTIxMW0xOCUyMTFtMTIlMjExbTMlMjExZDM2NTcuMzI3NTEwOTE3MzI1NSUyMTJkLTQ2LjY2MzAzNDg1MTA4NDMxJTIxM2QtMjMuNTU2Njc4MDg0NjElMjEybTMlMjExZjAlMjEyZjAlMjEzZjAlMjEzbTIlMjExaTEwMjQlMjEyaTc2OCUyMTRmMTMuMSUyMTNtMyUyMTFtMiUyMTFzMHg5NGNlNWJiYjQyOTlkZjMxJTI1M0EweDI5MWFhMDBjNGZkZDIlMjEyelJuVnVaR0hEcDhPamJ5Qkd3NmtnWlNCQmJHVm5jbWxoSUVKeVlYTnBiQSUyMTVlMCUyMTNtMiUyMTFzZXMlMjEyc2NvJTIxNHYxNjEwMTQ2MTQzNjc4JTIxNW0yJTIxMXNlcyUyMTJzY28lMjIlMjB3aWR0aCUzRCUyMjI4MCUyMiUyMGhlaWdodCUzRCUyMjQyMCUyMiUyMGZyYW1lYm9yZGVyJTNEJTIyMCUyMiUyMHN0eWxlJTNEJTIyYm9yZGVyJTNBMCUzQiUyMiUyMGFsbG93ZnVsbHNjcmVlbiUzRCUyMiUyMiUyMGFyaWEtaGlkZGVuJTNEJTIyZmFsc2UlMjIlMjB0YWJpbmRleCUzRCUyMjAlMjIlM0UlM0MlMkZpZnJhbWUlM0U=&#8221;][\/vc_column][vc_column width=&#8221;2\/3&#8243; alignment=&#8221;center&#8221;][vc_column_text] Funda\u00e7\u00e3o F\u00e9 e Alegria Brasil [\/vc_column_text][vc_column_text] Avenida Paulista, 2.300 \u2013 17\u00ba andar, CEP 01310-300 | Bela Vista \u2013 S\u00e3o Paulo\/SP, telefone: +55 11 3956-6400 &nbsp; fundacao@fealegria.org.br<\/p>\n","protected":false},"author":6,"featured_media":0,"parent":0,"menu_order":0,"comment_status":"closed","ping_status":"closed","template":"","meta":{"_acf_changed":false,"footnotes":""},"folder":[],"class_list":["post-37","page","type-page","status-publish","hentry"],"acf":[],"yoast_head":"<!-- This site is optimized with the Yoast SEO plugin v27.2 - https:\/\/yoast.com\/product\/yoast-seo-wordpress\/ -->\n<title>Contato - #SomosF\u00e9eAlegria en Brasil<\/title>\n<meta name=\"robots\" content=\"index, follow, max-snippet:-1, max-image-preview:large, max-video-preview:-1\" \/>\n<link rel=\"canonical\" href=\"https:\/\/www.feyalegria.org\/brasil\/contato\/\" \/>\n<meta property=\"og:locale\" content=\"es_ES\" \/>\n<meta property=\"og:type\" content=\"article\" \/>\n<meta property=\"og:title\" content=\"Contato - #SomosF\u00e9eAlegria en Brasil\" \/>\n<meta property=\"og:description\" content=\"[vc_row css=&#8221;.vc_custom_1610143163619{padding-top: 30px !important;}&#8221;][vc_column width=&#8221;5\/6&#8243;][vc_column_text] Contato [\/vc_column_text][\/vc_column][vc_column width=&#8221;1\/6&#8243; css=&#8221;.vc_custom_1616254911728{margin-top: -80px !important;}&#8221; offset=&#8221;vc_hidden-sm vc_hidden-xs&#8221;][vc_single_image image=&#8221;2290&#8243; img_size=&#8221;150&#8243; alignment=&#8221;right&#8221; style=&#8221;vc_box_circle_2&#8243;][\/vc_column][\/vc_row][vc_row content_placement=&#8221;top&#8221; css=&#8221;.vc_custom_1610146819371{border-radius: 20px !important;}&#8221;][vc_column width=&#8221;1\/3&#8243; alignment=&#8221;center&#8221; css=&#8221;.vc_custom_1615385025539{border-radius: 20px !important;}&#8221;][vc_gmaps link=&#8221;#E-8_JTNDaWZyYW1lJTIwc3JjJTNEJTIyaHR0cHMlM0ElMkYlMkZ3d3cuZ29vZ2xlLmNvbSUyRm1hcHMlMkZlbWJlZCUzRnBiJTNEJTIxMW0xOCUyMTFtMTIlMjExbTMlMjExZDM2NTcuMzI3NTEwOTE3MzI1NSUyMTJkLTQ2LjY2MzAzNDg1MTA4NDMxJTIxM2QtMjMuNTU2Njc4MDg0NjElMjEybTMlMjExZjAlMjEyZjAlMjEzZjAlMjEzbTIlMjExaTEwMjQlMjEyaTc2OCUyMTRmMTMuMSUyMTNtMyUyMTFtMiUyMTFzMHg5NGNlNWJiYjQyOTlkZjMxJTI1M0EweDI5MWFhMDBjNGZkZDIlMjEyelJuVnVaR0hEcDhPamJ5Qkd3NmtnWlNCQmJHVm5jbWxoSUVKeVlYTnBiQSUyMTVlMCUyMTNtMiUyMTFzZXMlMjEyc2NvJTIxNHYxNjEwMTQ2MTQzNjc4JTIxNW0yJTIxMXNlcyUyMTJzY28lMjIlMjB3aWR0aCUzRCUyMjI4MCUyMiUyMGhlaWdodCUzRCUyMjQyMCUyMiUyMGZyYW1lYm9yZGVyJTNEJTIyMCUyMiUyMHN0eWxlJTNEJTIyYm9yZGVyJTNBMCUzQiUyMiUyMGFsbG93ZnVsbHNjcmVlbiUzRCUyMiUyMiUyMGFyaWEtaGlkZGVuJTNEJTIyZmFsc2UlMjIlMjB0YWJpbmRleCUzRCUyMjAlMjIlM0UlM0MlMkZpZnJhbWUlM0U=&#8221;][\/vc_column][vc_column width=&#8221;2\/3&#8243; alignment=&#8221;center&#8221;][vc_column_text] Funda\u00e7\u00e3o F\u00e9 e Alegria Brasil [\/vc_column_text][vc_column_text] Avenida Paulista, 2.300 \u2013 17\u00ba andar, CEP 01310-300 | Bela Vista \u2013 S\u00e3o Paulo\/SP, telefone: +55 11 3956-6400 &nbsp; fundacao@fealegria.org.br\" \/>\n<meta property=\"og:url\" content=\"https:\/\/www.feyalegria.org\/brasil\/contato\/\" \/>\n<meta property=\"og:site_name\" content=\"#SomosF\u00e9eAlegria en Brasil\" \/>\n<meta property=\"article:modified_time\" content=\"2023-01-19T18:38:49+00:00\" \/>\n<meta name=\"twitter:card\" content=\"summary_large_image\" \/>\n<meta name=\"twitter:label1\" content=\"Tiempo de lectura\" \/>\n\t<meta name=\"twitter:data1\" content=\"1 minuto\" \/>\n<script type=\"application\/ld+json\" class=\"yoast-schema-graph\">{\"@context\":\"https:\/\/schema.org\",\"@graph\":[{\"@type\":\"WebPage\",\"@id\":\"https:\/\/www.feyalegria.org\/brasil\/contato\/\",\"url\":\"https:\/\/www.feyalegria.org\/brasil\/contato\/\",\"name\":\"Contato - #SomosF\u00e9eAlegria en Brasil\",\"isPartOf\":{\"@id\":\"https:\/\/www.feyalegria.org\/brasil\/#website\"},\"datePublished\":\"2020-01-20T19:40:09+00:00\",\"dateModified\":\"2023-01-19T18:38:49+00:00\",\"inLanguage\":\"es-CO\",\"potentialAction\":[{\"@type\":\"ReadAction\",\"target\":[\"https:\/\/www.feyalegria.org\/brasil\/contato\/\"]}]},{\"@type\":\"WebSite\",\"@id\":\"https:\/\/www.feyalegria.org\/brasil\/#website\",\"url\":\"https:\/\/www.feyalegria.org\/brasil\/\",\"name\":\"#SomosF\u00e9eAlegria en Brasil\",\"description\":\"\",\"potentialAction\":[{\"@type\":\"SearchAction\",\"target\":{\"@type\":\"EntryPoint\",\"urlTemplate\":\"https:\/\/www.feyalegria.org\/brasil\/?s={search_term_string}\"},\"query-input\":{\"@type\":\"PropertyValueSpecification\",\"valueRequired\":true,\"valueName\":\"search_term_string\"}}],\"inLanguage\":\"es-CO\"}]}<\/script>\n<!-- \/ Yoast SEO plugin. -->","yoast_head_json":{"title":"Contato - #SomosF\u00e9eAlegria en Brasil","robots":{"index":"index","follow":"follow","max-snippet":"max-snippet:-1","max-image-preview":"max-image-preview:large","max-video-preview":"max-video-preview:-1"},"canonical":"https:\/\/www.feyalegria.org\/brasil\/contato\/","og_locale":"es_ES","og_type":"article","og_title":"Contato - #SomosF\u00e9eAlegria en Brasil","og_description":"[vc_row css=&#8221;.vc_custom_1610143163619{padding-top: 30px !important;}&#8221;][vc_column width=&#8221;5\/6&#8243;][vc_column_text] Contato [\/vc_column_text][\/vc_column][vc_column width=&#8221;1\/6&#8243; css=&#8221;.vc_custom_1616254911728{margin-top: -80px !important;}&#8221; offset=&#8221;vc_hidden-sm vc_hidden-xs&#8221;][vc_single_image image=&#8221;2290&#8243; img_size=&#8221;150&#8243; alignment=&#8221;right&#8221; style=&#8221;vc_box_circle_2&#8243;][\/vc_column][\/vc_row][vc_row content_placement=&#8221;top&#8221; css=&#8221;.vc_custom_1610146819371{border-radius: 20px !important;}&#8221;][vc_column width=&#8221;1\/3&#8243; alignment=&#8221;center&#8221; css=&#8221;.vc_custom_1615385025539{border-radius: 20px !important;}&#8221;][vc_gmaps link=&#8221;#E-8_JTNDaWZyYW1lJTIwc3JjJTNEJTIyaHR0cHMlM0ElMkYlMkZ3d3cuZ29vZ2xlLmNvbSUyRm1hcHMlMkZlbWJlZCUzRnBiJTNEJTIxMW0xOCUyMTFtMTIlMjExbTMlMjExZDM2NTcuMzI3NTEwOTE3MzI1NSUyMTJkLTQ2LjY2MzAzNDg1MTA4NDMxJTIxM2QtMjMuNTU2Njc4MDg0NjElMjEybTMlMjExZjAlMjEyZjAlMjEzZjAlMjEzbTIlMjExaTEwMjQlMjEyaTc2OCUyMTRmMTMuMSUyMTNtMyUyMTFtMiUyMTFzMHg5NGNlNWJiYjQyOTlkZjMxJTI1M0EweDI5MWFhMDBjNGZkZDIlMjEyelJuVnVaR0hEcDhPamJ5Qkd3NmtnWlNCQmJHVm5jbWxoSUVKeVlYTnBiQSUyMTVlMCUyMTNtMiUyMTFzZXMlMjEyc2NvJTIxNHYxNjEwMTQ2MTQzNjc4JTIxNW0yJTIxMXNlcyUyMTJzY28lMjIlMjB3aWR0aCUzRCUyMjI4MCUyMiUyMGhlaWdodCUzRCUyMjQyMCUyMiUyMGZyYW1lYm9yZGVyJTNEJTIyMCUyMiUyMHN0eWxlJTNEJTIyYm9yZGVyJTNBMCUzQiUyMiUyMGFsbG93ZnVsbHNjcmVlbiUzRCUyMiUyMiUyMGFyaWEtaGlkZGVuJTNEJTIyZmFsc2UlMjIlMjB0YWJpbmRleCUzRCUyMjAlMjIlM0UlM0MlMkZpZnJhbWUlM0U=&#8221;][\/vc_column][vc_column width=&#8221;2\/3&#8243; alignment=&#8221;center&#8221;][vc_column_text] Funda\u00e7\u00e3o F\u00e9 e Alegria Brasil [\/vc_column_text][vc_column_text] Avenida Paulista, 2.300 \u2013 17\u00ba andar, CEP 01310-300 | Bela Vista \u2013 S\u00e3o Paulo\/SP, telefone: +55 11 3956-6400 &nbsp; fundacao@fealegria.org.br","og_url":"https:\/\/www.feyalegria.org\/brasil\/contato\/","og_site_name":"#SomosF\u00e9eAlegria en Brasil","article_modified_time":"2023-01-19T18:38:49+00:00","twitter_card":"summary_large_image","twitter_misc":{"Tiempo de lectura":"1 minuto"},"schema":{"@context":"https:\/\/schema.org","@graph":[{"@type":"WebPage","@id":"https:\/\/www.feyalegria.org\/brasil\/contato\/","url":"https:\/\/www.feyalegria.org\/brasil\/contato\/","name":"Contato - #SomosF\u00e9eAlegria en Brasil","isPartOf":{"@id":"https:\/\/www.feyalegria.org\/brasil\/#website"},"datePublished":"2020-01-20T19:40:09+00:00","dateModified":"2023-01-19T18:38:49+00:00","inLanguage":"es-CO","potentialAction":[{"@type":"ReadAction","target":["https:\/\/www.feyalegria.org\/brasil\/contato\/"]}]},{"@type":"WebSite","@id":"https:\/\/www.feyalegria.org\/brasil\/#website","url":"https:\/\/www.feyalegria.org\/brasil\/","name":"#SomosF\u00e9eAlegria en Brasil","description":"","potentialAction":[{"@type":"SearchAction","target":{"@type":"EntryPoint","urlTemplate":"https:\/\/www.feyalegria.org\/brasil\/?s={search_term_string}"},"query-input":{"@type":"PropertyValueSpecification","valueRequired":true,"valueName":"search_term_string"}}],"inLanguage":"es-CO"}]}},"_links":{"self":[{"href":"https:\/\/www.feyalegria.org\/brasil\/wp-json\/wp\/v2\/pages\/37","targetHints":{"allow":["GET"]}}],"collection":[{"href":"https:\/\/www.feyalegria.org\/brasil\/wp-json\/wp\/v2\/pages"}],"about":[{"href":"https:\/\/www.feyalegria.org\/brasil\/wp-json\/wp\/v2\/types\/page"}],"author":[{"embeddable":true,"href":"https:\/\/www.feyalegria.org\/brasil\/wp-json\/wp\/v2\/users\/6"}],"replies":[{"embeddable":true,"href":"https:\/\/www.feyalegria.org\/brasil\/wp-json\/wp\/v2\/comments?post=37"}],"version-history":[{"count":0,"href":"https:\/\/www.feyalegria.org\/brasil\/wp-json\/wp\/v2\/pages\/37\/revisions"}],"wp:attachment":[{"href":"https:\/\/www.feyalegria.org\/brasil\/wp-json\/wp\/v2\/media?parent=37"}],"wp:term":[{"taxonomy":"folder","embeddable":true,"href":"https:\/\/www.feyalegria.org\/brasil\/wp-json\/wp\/v2\/folder?post=37"}],"curies":[{"name":"wp","href":"https:\/\/api.w.org\/{rel}","templated":true}]}}