 {"id":2241,"date":"2020-12-10T10:15:36","date_gmt":"2020-12-10T15:15:36","guid":{"rendered":"https:\/\/www.feyalegria.org\/colombia\/?page_id=2241"},"modified":"2023-01-12T07:43:31","modified_gmt":"2023-01-12T12:43:31","slug":"promocion-de-iniciativas-de-desarrollo-y-empoderamiento-comunitario","status":"publish","type":"page","link":"https:\/\/www.feyalegria.org\/colombia\/promocion-de-iniciativas-de-desarrollo-y-empoderamiento-comunitario\/","title":{"rendered":"Promoci\u00f3n de Iniciativas de Desarrollo y Empoderamiento Comunitario"},"content":{"rendered":"<div class=\"wpb-content-wrapper\"><p>[vc_row full_width=\u00bbstretch_row\u00bb css=\u00bb.vc_custom_1636247890962{background-color: rgba(10,10,10,0.5) !important;*background-color: rgb(10,10,10) !important;}\u00bb][vc_column]<div style=\"background-color:;height: 30px\" class=\"nicdark_section  \"><\/div>[\/vc_column][\/vc_row][vc_row full_width=\u00bbstretch_row\u00bb css=\u00bb.vc_custom_1632634518528{background-color: rgba(10,10,10,0.5) !important;*background-color: rgb(10,10,10) !important;}\u00bb][vc_column][vc_column_text]<\/p>\n<h2 style=\"text-align: center\"><span style=\"color: #ffffff\">Iniciativas de Desarrollo y Empoderamiento Comunitario<\/span><\/h2>\n<p>[\/vc_column_text][\/vc_column][\/vc_row][vc_row full_width=\u00bbstretch_row\u00bb css=\u00bb.vc_custom_1632634566790{background-color: rgba(10,10,10,0.5) !important;*background-color: rgb(10,10,10) !important;}\u00bb][vc_column width=\u00bb1\/4&#8243;][vc_single_image image=\u00bb1854&#8243; img_size=\u00bblarge\u00bb alignment=\u00bbcenter\u00bb style=\u00bbvc_box_shadow_circle_2&#8243;][\/vc_column][vc_column width=\u00bb3\/4&#8243;][vc_column_text]<\/p>\n<p style=\"text-align: justify\"><span style=\"color: #ffffff\">Somos una apuesta misional \u00e9tica, pol\u00edtica, pedag\u00f3gica y cultural que permite fortalecer en j\u00f3venes, mujeres, adultos y adultos mayores sus capacidades ciudadanas y reafirmar compromisos colectivos con su comunidad y territorio.<\/span><\/p>\n<p style=\"text-align: justify\"><span style=\"color: #ffffff\">La metodolog\u00eda popular <em>formAcci\u00f3n para la participaci\u00f3n<\/em> permite que ellas-os realicen ejercicios pedag\u00f3gicos para sentipensar la realidad, cuestionarla, juntarse con otras-os para transformarla, organizarse, movilizarse e incidir pol\u00edticamente con propuestas que defienden la vida digna, el cuidado de la casa com\u00fan, las relaciones equitativas de g\u00e9nero, la diversidad y las ciudadan\u00edas para la paz.<\/span><\/p>\n<p style=\"text-align: justify\"><span style=\"color: #ffffff\">Estos procesos se acompa\u00f1an desde tres servicios que son los c\u00f3mo que permiten visibilizar reflexiones, comprensiones, pr\u00e1cticas y acciones derivadas del proceso formativo, organizativo y de incidencia comunitaria. <\/span><\/p>\n<p style=\"text-align: justify\"><span style=\"color: #ffffff\">Las iniciativas que se construyen comunitariamente desde los tres servicios son movilizadas por equipos formados para dinamizar la propuesta IDEC, por voluntarias-os y practicantes de colectivos, organizaciones e instituciones p\u00fablico-privadas aliadas de IDEC. <\/span><\/p>\n<p style=\"text-align: justify\"><span style=\"color: #ffffff\">Te invitamos a sumar tus manos, voces y gestiones a este sue\u00f1o de <em>transformAccci\u00f3n<\/em> social y pol\u00edtica.<\/span><\/p>\n<p>[\/vc_column_text][\/vc_column][\/vc_row][vc_row full_width=\u00bbstretch_row\u00bb css=\u00bb.vc_custom_1636247890962{background-color: rgba(10,10,10,0.5) !important;*background-color: rgb(10,10,10) !important;}\u00bb][vc_column]<div style=\"background-color:;height: 50px\" class=\"nicdark_section  \"><\/div>[\/vc_column][\/vc_row][vc_row full_width=\u00bbstretch_row\u00bb css=\u00bb.vc_custom_1633610974891{background-color: rgba(191,186,167,0.5) !important;*background-color: rgb(191,186,167) !important;}\u00bb][vc_column]<div style=\"background-color:;height: 50px\" class=\"nicdark_section  \"><\/div>[\/vc_column][\/vc_row][vc_row full_width=\u00bbstretch_row\u00bb css=\u00bb.vc_custom_1633610992773{background-color: rgba(191,186,167,0.5) !important;*background-color: rgb(191,186,167) !important;}\u00bb][vc_column width=\u00bb1\/2&#8243;][vc_column_text el_id=\u00bbParticipAccion\u00bb]<\/p>\n<h2 style=\"text-align: center\"><span style=\"color: #000000\"><strong>ParticipAcci\u00f3n<\/strong><\/span><\/h2>\n<p>&nbsp;<\/p>\n<p style=\"text-align: justify\">Es una metodolog\u00eda de trabajo comunitario que garantiza procesos de formaci\u00f3n, organizaci\u00f3n e incidencia social y comunitaria que integra contenidos y estrategias de la educaci\u00f3n popular, desde estrategias art\u00edsticas, culturales, comunicativas, ambientales y de emprendimiento, elaboradas a partir de los aprendizajes, saberes y pr\u00e1cticas que tienen los grupos, colectivos y organizaciones que se vinculan a estos procesos.<\/p>\n<p style=\"text-align: justify\"><em>ParticipAcci\u00f3n<\/em> promueve el desarrollo de capacidades sociopol\u00edticas, individuales y colectivas, para transformar contextos de vulnerabilidad, desde la construcci\u00f3n de escenarios protectores y confiables que dialogan con la construcci\u00f3n de cultura de paz, la cuidadan\u00eda y la vida digna.<\/p>\n<p style=\"text-align: justify\">Esta propuesta metodol\u00f3gica de trabajo tiene el poder de adaptaci\u00f3n para el desarrollo de iniciativas juveniles, docentes, de liderazgos comunitarios y de procesos formativos para acompa\u00f1antes pedag\u00f3gicos de estas iniciativas.<\/p>\n<p style=\"text-align: justify\">As\u00ed nos comprometemos con la <strong>cuidadan\u00eda<\/strong> para construir m\u00e1s y mejor educaci\u00f3n de calidad para todas y todos.<\/p>\n<p>[\/vc_column_text][\/vc_column][vc_column width=\u00bb1\/2&#8243;][vc_single_image image=\u00bb3230&#8243; img_size=\u00bbfull\u00bb el_id=\u00bbobservatorio\u00bb][\/vc_column][\/vc_row][vc_row full_width=\u00bbstretch_row\u00bb css=\u00bb.vc_custom_1633610974891{background-color: rgba(191,186,167,0.5) !important;*background-color: rgb(191,186,167) !important;}\u00bb][vc_column]<div style=\"background-color:;height: 50px\" class=\"nicdark_section  \"><\/div>[\/vc_column][\/vc_row][vc_row full_width=\u00bbstretch_row\u00bb css=\u00bb.vc_custom_1671543753234{background-color: rgba(191,186,167,0.7) !important;*background-color: rgb(191,186,167) !important;}\u00bb][vc_column]<div style=\"background-color:;height: 50px\" class=\"nicdark_section  \"><\/div>[\/vc_column][\/vc_row][vc_row full_width=\u00bbstretch_row\u00bb css=\u00bb.vc_custom_1671543766639{background-color: rgba(191,186,167,0.7) !important;*background-color: rgb(191,186,167) !important;}\u00bb][vc_column width=\u00bb1\/2&#8243;][vc_single_image image=\u00bb2751&#8243; img_size=\u00bbfull\u00bb el_id=\u00bbcirculomujeres\u00bb][\/vc_column][vc_column width=\u00bb1\/2&#8243;][vc_column_text]<\/p>\n<h2 style=\"text-align: center\"><span style=\"color: #333333\"><strong>C\u00edrculos de mujeres<\/strong><\/span><\/h2>\n<p>&nbsp;<\/p>\n<p style=\"text-align: justify\">Con este servicio consolidamos espacios comunitarios de formaci\u00f3n y acompa\u00f1amiento para\u00a0el <strong>fortalecimiento de culturas territoriales del cuidado,<\/strong>\u00a0<strong>el empoderamiento\u00a0femenino<\/strong>\u00a0y\u00a0<strong>la participaci\u00f3n\u00a0pol\u00edtica<\/strong>,\u00a0que articulan escenarios organizativos que favorecen la juntanza, la reivindicaci\u00f3n de derechos, el desarrollo de capacidades para la cuidadan\u00eda,\u00a0la sororidad y la reflexi\u00f3n-acci\u00f3n sobre las relaciones equitativas de g\u00e9nero, las nuevas masculinidades y las identidades diversas.<\/p>\n<p style=\"text-align: justify\">As\u00ed nos comprometemos con la <strong>igualdad-equidad de g\u00e9nero<\/strong> como estrategia para construir m\u00e1s y mejor justicia para todas y todos.<\/p>\n<p>[\/vc_column_text][\/vc_column][\/vc_row][vc_row full_width=\u00bbstretch_row\u00bb css=\u00bb.vc_custom_1671543782976{background-color: rgba(191,186,167,0.7) !important;*background-color: rgb(191,186,167) !important;}\u00bb][vc_column]<div style=\"background-color:;height: 50px\" class=\"nicdark_section  \"><\/div>[\/vc_column][\/vc_row][vc_row full_width=\u00bbstretch_row\u00bb css=\u00bb.vc_custom_1633610974891{background-color: rgba(191,186,167,0.5) !important;*background-color: rgb(191,186,167) !important;}\u00bb][vc_column]<div style=\"background-color:;height: 50px\" class=\"nicdark_section  \"><\/div>[\/vc_column][\/vc_row][vc_row full_width=\u00bbstretch_row\u00bb css=\u00bb.vc_custom_1633610992773{background-color: rgba(191,186,167,0.5) !important;*background-color: rgb(191,186,167) !important;}\u00bb][vc_column width=\u00bb1\/2&#8243;][vc_column_text el_id=\u00bbObservatorio\u00bb]<\/p>\n<h2 style=\"text-align: center\"><span style=\"color: #000000\"><strong>Observatorio de DD.HH. para la incidencia p\u00fablica<\/strong><\/span><\/h2>\n<p>&nbsp;<\/p>\n<p style=\"text-align: justify\">Con este servicio observamos y comprendemos\u00a0diferentes expresiones\u00a0ciudadanas,\u00a0a trav\u00e9s del\u00a0an\u00e1lisis\u00a0de las realidades, los procesos de sistematizaci\u00f3n y el fortalecimiento de saberes, pr\u00e1cticas y experiencias ancladas al contexto.<\/p>\n<p style=\"text-align: justify\">Liderado por\u00a0las juventudes,\u00a0colectivos comunitarios,\u00a0organizaciones sociales y distintas\u00a0instituciones que caminan junto a IDEC, nos acercamos a la realidad de las personas y las comunidades, para identificar y visibilizar vulneraciones de DD.HH. en los territorios y dise\u00f1ar estrategias y compromisos para transformar esas vulneraciones en acciones concretas\u00a0 que favorezcan el fortalecimiento de la paz, el cuidado y la vida digna, a partir de cinco ejes de investigaci\u00f3n: \u00a0art\u00edstico, cultural, ambiental, comunicativo y de emprendimiento, que permitan producir conocimiento que se pueda divulgar en escenarios locales, nacionales e internacionales.<\/p>\n<p style=\"text-align: justify\">As\u00ed nos comprometemos con la <strong>ciudadan\u00eda <\/strong>para construir m\u00e1s y mejor educaci\u00f3n de calidad para todas y todos.<\/p>\n<p>[\/vc_column_text][\/vc_column][vc_column width=\u00bb1\/2&#8243;][vc_single_image image=\u00bb2757&#8243; img_size=\u00bbfull\u00bb][\/vc_column][\/vc_row][vc_row full_width=\u00bbstretch_row\u00bb css=\u00bb.vc_custom_1633610974891{background-color: rgba(191,186,167,0.5) !important;*background-color: rgb(191,186,167) !important;}\u00bb][vc_column]<div style=\"background-color:;height: 50px\" class=\"nicdark_section  \"><\/div>[\/vc_column][\/vc_row][vc_row full_width=\u00bbstretch_row\u00bb css=\u00bb.vc_custom_1633611023397{background-color: rgba(191,186,167,0.8) !important;*background-color: rgb(191,186,167) !important;}\u00bb][vc_column]<div style=\"background-color:;height: 50px\" class=\"nicdark_section  \"><\/div>[\/vc_column][\/vc_row][vc_row full_width=\u00bbstretch_row\u00bb css=\u00bb.vc_custom_1633611039121{background-color: rgba(191,186,167,0.8) !important;*background-color: rgb(191,186,167) !important;}\u00bb][vc_column width=\u00bb1\/2&#8243;][vc_single_image image=\u00bb2758&#8243; img_size=\u00bbfull\u00bb][\/vc_column][vc_column width=\u00bb1\/2&#8243;][vc_column_text]<\/p>\n<h2 style=\"text-align: center\"><span style=\"color: #333333\"><strong>Red<\/strong><strong> Nacional de Juventudes-FyACol<\/strong><\/span><\/h2>\n<p>&nbsp;<\/p>\n<p style=\"text-align: justify\"><span style=\"color: #333333\">Somos una <strong>plataforma nacional <\/strong>y <strong>una apuesta institucional<\/strong> de Fe y Alegr\u00eda Colombia que articula procesos juveniles para el empoderamiento ciudadano comprometido con la construcci\u00f3n de un mundo m\u00e1s justo, equitativo, sostenible y en paz. <\/span>La Red Nacional de Juventudes desarrolla estrategias formativas y acciones de movilizaci\u00f3n social, con proyecci\u00f3n local y nacional, para transformar realidades que nos indignan y construir culturas de paz a favor de la vida digna.<\/p>\n<p style=\"text-align: justify\"><span style=\"color: #333333\">As\u00ed nos comprometemos con las nuevas <strong>ciudadan\u00edas y los DD.HH.<\/strong> para construir m\u00e1s y mejor educaci\u00f3n para todas y todos.<\/span><\/p>\n<p>[\/vc_column_text][\/vc_column][\/vc_row][vc_row full_width=\u00bbstretch_row\u00bb css=\u00bb.vc_custom_1633611023397{background-color: rgba(191,186,167,0.8) !important;*background-color: rgb(191,186,167) !important;}\u00bb][vc_column]<div style=\"background-color:;height: 50px\" class=\"nicdark_section  \"><\/div>[\/vc_column][\/vc_row]<\/p>\n<\/div>","protected":false},"excerpt":{"rendered":"<p>[vc_row full_width=\u00bbstretch_row\u00bb css=\u00bb.vc_custom_1636247890962{background-color: rgba(10,10,10,0.5) !important;*background-color: rgb(10,10,10) !important;}\u00bb][vc_column][\/vc_column][\/vc_row][vc_row full_width=\u00bbstretch_row\u00bb css=\u00bb.vc_custom_1632634518528{background-color: rgba(10,10,10,0.5) !important;*background-color: rgb(10,10,10) !important;}\u00bb][vc_column][vc_column_text] Iniciativas de Desarrollo y Empoderamiento Comunitario [\/vc_column_text][\/vc_column][\/vc_row][vc_row full_width=\u00bbstretch_row\u00bb css=\u00bb.vc_custom_1632634566790{background-color: rgba(10,10,10,0.5) !important;*background-color: rgb(10,10,10) !important;}\u00bb][vc_column width=\u00bb1\/4&#8243;][vc_single_image image=\u00bb1854&#8243; img_size=\u00bblarge\u00bb alignment=\u00bbcenter\u00bb style=\u00bbvc_box_shadow_circle_2&#8243;][\/vc_column][vc_column width=\u00bb3\/4&#8243;][vc_column_text] Somos una apuesta misional \u00e9tica, pol\u00edtica, pedag\u00f3gica y cultural que permite fortalecer en j\u00f3venes, mujeres, adultos y adultos mayores sus capacidades ciudadanas y<\/p>\n","protected":false},"author":19,"featured_media":0,"parent":0,"menu_order":0,"comment_status":"closed","ping_status":"closed","template":"","meta":{"_acf_changed":false,"footnotes":""},"folder":[],"class_list":["post-2241","page","type-page","status-publish","hentry"],"acf":[],"yoast_head":"<!-- This site is optimized with the Yoast SEO plugin v27.2 - https:\/\/yoast.com\/product\/yoast-seo-wordpress\/ -->\n<title>Promoci\u00f3n de Iniciativas de Desarrollo y Empoderamiento Comunitario - #SomosFeyAlegria en Colombia<\/title>\n<meta name=\"robots\" content=\"index, follow, max-snippet:-1, max-image-preview:large, max-video-preview:-1\" \/>\n<link rel=\"canonical\" href=\"https:\/\/www.feyalegria.org\/colombia\/promocion-de-iniciativas-de-desarrollo-y-empoderamiento-comunitario\/\" \/>\n<meta property=\"og:locale\" content=\"es_ES\" \/>\n<meta property=\"og:type\" content=\"article\" \/>\n<meta property=\"og:title\" content=\"Promoci\u00f3n de Iniciativas de Desarrollo y Empoderamiento Comunitario - #SomosFeyAlegria en Colombia\" \/>\n<meta property=\"og:description\" content=\"[vc_row full_width=\u00bbstretch_row\u00bb css=\u00bb.vc_custom_1636247890962{background-color: rgba(10,10,10,0.5) !important;*background-color: rgb(10,10,10) !important;}\u00bb][vc_column][\/vc_column][\/vc_row][vc_row full_width=\u00bbstretch_row\u00bb css=\u00bb.vc_custom_1632634518528{background-color: rgba(10,10,10,0.5) !important;*background-color: rgb(10,10,10) !important;}\u00bb][vc_column][vc_column_text] Iniciativas de Desarrollo y Empoderamiento Comunitario [\/vc_column_text][\/vc_column][\/vc_row][vc_row full_width=\u00bbstretch_row\u00bb css=\u00bb.vc_custom_1632634566790{background-color: rgba(10,10,10,0.5) !important;*background-color: rgb(10,10,10) !important;}\u00bb][vc_column width=\u00bb1\/4&#8243;][vc_single_image image=\u00bb1854&#8243; img_size=\u00bblarge\u00bb alignment=\u00bbcenter\u00bb style=\u00bbvc_box_shadow_circle_2&#8243;][\/vc_column][vc_column width=\u00bb3\/4&#8243;][vc_column_text] Somos una apuesta misional \u00e9tica, pol\u00edtica, pedag\u00f3gica y cultural que permite fortalecer en j\u00f3venes, mujeres, adultos y adultos mayores sus capacidades ciudadanas y\" \/>\n<meta property=\"og:url\" content=\"https:\/\/www.feyalegria.org\/colombia\/promocion-de-iniciativas-de-desarrollo-y-empoderamiento-comunitario\/\" \/>\n<meta property=\"og:site_name\" content=\"#SomosFeyAlegria en Colombia\" \/>\n<meta property=\"article:modified_time\" content=\"2023-01-12T12:43:31+00:00\" \/>\n<meta name=\"twitter:card\" content=\"summary_large_image\" \/>\n<meta name=\"twitter:label1\" content=\"Tiempo de lectura\" \/>\n\t<meta name=\"twitter:data1\" content=\"6 minutos\" \/>\n<script type=\"application\/ld+json\" class=\"yoast-schema-graph\">{\"@context\":\"https:\/\/schema.org\",\"@graph\":[{\"@type\":\"WebPage\",\"@id\":\"https:\/\/www.feyalegria.org\/colombia\/promocion-de-iniciativas-de-desarrollo-y-empoderamiento-comunitario\/\",\"url\":\"https:\/\/www.feyalegria.org\/colombia\/promocion-de-iniciativas-de-desarrollo-y-empoderamiento-comunitario\/\",\"name\":\"Promoci\u00f3n de Iniciativas de Desarrollo y Empoderamiento Comunitario - #SomosFeyAlegria en Colombia\",\"isPartOf\":{\"@id\":\"https:\/\/www.feyalegria.org\/colombia\/#website\"},\"datePublished\":\"2020-12-10T15:15:36+00:00\",\"dateModified\":\"2023-01-12T12:43:31+00:00\",\"breadcrumb\":{\"@id\":\"https:\/\/www.feyalegria.org\/colombia\/promocion-de-iniciativas-de-desarrollo-y-empoderamiento-comunitario\/#breadcrumb\"},\"inLanguage\":\"es\",\"potentialAction\":[{\"@type\":\"ReadAction\",\"target\":[\"https:\/\/www.feyalegria.org\/colombia\/promocion-de-iniciativas-de-desarrollo-y-empoderamiento-comunitario\/\"]}]},{\"@type\":\"BreadcrumbList\",\"@id\":\"https:\/\/www.feyalegria.org\/colombia\/promocion-de-iniciativas-de-desarrollo-y-empoderamiento-comunitario\/#breadcrumb\",\"itemListElement\":[{\"@type\":\"ListItem\",\"position\":1,\"name\":\"Home\",\"item\":\"https:\/\/www.feyalegria.org\/colombia\/\"},{\"@type\":\"ListItem\",\"position\":2,\"name\":\"Promoci\u00f3n de Iniciativas de Desarrollo y Empoderamiento Comunitario\"}]},{\"@type\":\"WebSite\",\"@id\":\"https:\/\/www.feyalegria.org\/colombia\/#website\",\"url\":\"https:\/\/www.feyalegria.org\/colombia\/\",\"name\":\"#SomosFeyAlegria en Colombia\",\"description\":\"Movimiento de Educaci\u00f3n Popular y Promoci\u00f3n Social\",\"potentialAction\":[{\"@type\":\"SearchAction\",\"target\":{\"@type\":\"EntryPoint\",\"urlTemplate\":\"https:\/\/www.feyalegria.org\/colombia\/?s={search_term_string}\"},\"query-input\":{\"@type\":\"PropertyValueSpecification\",\"valueRequired\":true,\"valueName\":\"search_term_string\"}}],\"inLanguage\":\"es\"}]}<\/script>\n<!-- \/ Yoast SEO plugin. -->","yoast_head_json":{"title":"Promoci\u00f3n de Iniciativas de Desarrollo y Empoderamiento Comunitario - #SomosFeyAlegria en Colombia","robots":{"index":"index","follow":"follow","max-snippet":"max-snippet:-1","max-image-preview":"max-image-preview:large","max-video-preview":"max-video-preview:-1"},"canonical":"https:\/\/www.feyalegria.org\/colombia\/promocion-de-iniciativas-de-desarrollo-y-empoderamiento-comunitario\/","og_locale":"es_ES","og_type":"article","og_title":"Promoci\u00f3n de Iniciativas de Desarrollo y Empoderamiento Comunitario - #SomosFeyAlegria en Colombia","og_description":"[vc_row full_width=\u00bbstretch_row\u00bb css=\u00bb.vc_custom_1636247890962{background-color: rgba(10,10,10,0.5) !important;*background-color: rgb(10,10,10) !important;}\u00bb][vc_column][\/vc_column][\/vc_row][vc_row full_width=\u00bbstretch_row\u00bb css=\u00bb.vc_custom_1632634518528{background-color: rgba(10,10,10,0.5) !important;*background-color: rgb(10,10,10) !important;}\u00bb][vc_column][vc_column_text] Iniciativas de Desarrollo y Empoderamiento Comunitario [\/vc_column_text][\/vc_column][\/vc_row][vc_row full_width=\u00bbstretch_row\u00bb css=\u00bb.vc_custom_1632634566790{background-color: rgba(10,10,10,0.5) !important;*background-color: rgb(10,10,10) !important;}\u00bb][vc_column width=\u00bb1\/4&#8243;][vc_single_image image=\u00bb1854&#8243; img_size=\u00bblarge\u00bb alignment=\u00bbcenter\u00bb style=\u00bbvc_box_shadow_circle_2&#8243;][\/vc_column][vc_column width=\u00bb3\/4&#8243;][vc_column_text] Somos una apuesta misional \u00e9tica, pol\u00edtica, pedag\u00f3gica y cultural que permite fortalecer en j\u00f3venes, mujeres, adultos y adultos mayores sus capacidades ciudadanas y","og_url":"https:\/\/www.feyalegria.org\/colombia\/promocion-de-iniciativas-de-desarrollo-y-empoderamiento-comunitario\/","og_site_name":"#SomosFeyAlegria en Colombia","article_modified_time":"2023-01-12T12:43:31+00:00","twitter_card":"summary_large_image","twitter_misc":{"Tiempo de lectura":"6 minutos"},"schema":{"@context":"https:\/\/schema.org","@graph":[{"@type":"WebPage","@id":"https:\/\/www.feyalegria.org\/colombia\/promocion-de-iniciativas-de-desarrollo-y-empoderamiento-comunitario\/","url":"https:\/\/www.feyalegria.org\/colombia\/promocion-de-iniciativas-de-desarrollo-y-empoderamiento-comunitario\/","name":"Promoci\u00f3n de Iniciativas de Desarrollo y Empoderamiento Comunitario - #SomosFeyAlegria en Colombia","isPartOf":{"@id":"https:\/\/www.feyalegria.org\/colombia\/#website"},"datePublished":"2020-12-10T15:15:36+00:00","dateModified":"2023-01-12T12:43:31+00:00","breadcrumb":{"@id":"https:\/\/www.feyalegria.org\/colombia\/promocion-de-iniciativas-de-desarrollo-y-empoderamiento-comunitario\/#breadcrumb"},"inLanguage":"es","potentialAction":[{"@type":"ReadAction","target":["https:\/\/www.feyalegria.org\/colombia\/promocion-de-iniciativas-de-desarrollo-y-empoderamiento-comunitario\/"]}]},{"@type":"BreadcrumbList","@id":"https:\/\/www.feyalegria.org\/colombia\/promocion-de-iniciativas-de-desarrollo-y-empoderamiento-comunitario\/#breadcrumb","itemListElement":[{"@type":"ListItem","position":1,"name":"Home","item":"https:\/\/www.feyalegria.org\/colombia\/"},{"@type":"ListItem","position":2,"name":"Promoci\u00f3n de Iniciativas de Desarrollo y Empoderamiento Comunitario"}]},{"@type":"WebSite","@id":"https:\/\/www.feyalegria.org\/colombia\/#website","url":"https:\/\/www.feyalegria.org\/colombia\/","name":"#SomosFeyAlegria en Colombia","description":"Movimiento de Educaci\u00f3n Popular y Promoci\u00f3n Social","potentialAction":[{"@type":"SearchAction","target":{"@type":"EntryPoint","urlTemplate":"https:\/\/www.feyalegria.org\/colombia\/?s={search_term_string}"},"query-input":{"@type":"PropertyValueSpecification","valueRequired":true,"valueName":"search_term_string"}}],"inLanguage":"es"}]}},"_links":{"self":[{"href":"https:\/\/www.feyalegria.org\/colombia\/wp-json\/wp\/v2\/pages\/2241","targetHints":{"allow":["GET"]}}],"collection":[{"href":"https:\/\/www.feyalegria.org\/colombia\/wp-json\/wp\/v2\/pages"}],"about":[{"href":"https:\/\/www.feyalegria.org\/colombia\/wp-json\/wp\/v2\/types\/page"}],"author":[{"embeddable":true,"href":"https:\/\/www.feyalegria.org\/colombia\/wp-json\/wp\/v2\/users\/19"}],"replies":[{"embeddable":true,"href":"https:\/\/www.feyalegria.org\/colombia\/wp-json\/wp\/v2\/comments?post=2241"}],"version-history":[{"count":0,"href":"https:\/\/www.feyalegria.org\/colombia\/wp-json\/wp\/v2\/pages\/2241\/revisions"}],"wp:attachment":[{"href":"https:\/\/www.feyalegria.org\/colombia\/wp-json\/wp\/v2\/media?parent=2241"}],"wp:term":[{"taxonomy":"folder","embeddable":true,"href":"https:\/\/www.feyalegria.org\/colombia\/wp-json\/wp\/v2\/folder?post=2241"}],"curies":[{"name":"wp","href":"https:\/\/api.w.org\/{rel}","templated":true}]}}