 {"id":4781,"date":"2020-08-19T22:33:29","date_gmt":"2020-08-20T03:33:29","guid":{"rendered":"https:\/\/www.feyalegria.org\/italia\/?page_id=4781"},"modified":"2022-06-22T09:03:23","modified_gmt":"2022-06-22T14:03:23","slug":"colabora","status":"publish","type":"page","link":"https:\/\/www.feyalegria.org\/italia\/colabora\/","title":{"rendered":"Colabora"},"content":{"rendered":"<div class=\"wpb-content-wrapper\"><p>[vc_row][vc_column width=\u00bb1\/2&#8243;][vc_column_text]<\/p>\n<h3 style=\"text-align: justify\">S\u00e9 parte y motor del cambio: construye futuro con la educaci\u00f3n.<\/h3>\n<p>[\/vc_column_text][vc_column_text]<\/p>\n<p>A favor de los m\u00e1s vulnerables como medio de integraci\u00f3n y acceso a una vida digna.<\/p>\n<p>[\/vc_column_text][vc_column_text]<\/p>\n<p>Si t\u00fa tambi\u00e9n crees que la educaci\u00f3n hace libre a la persona, impulsa el desarrollo y la transformaci\u00f3n de una nueva sociedad donde haya lugar para todos s\u00e9 parte y motor del cambio realizando una donaci\u00f3n, destinando tu 5&#215;1000 y\/o siendo voluntario de una de Fe y Alegr\u00eda en Italia.<\/p>\n<p>[\/vc_column_text][\/vc_column][vc_column width=\u00bb1\/2&#8243;][vc_images_carousel images=\u00bb5360,5362&#8243; img_size=\u00bbmedium\u00bb onclick=\u00bblink_no\u00bb autoplay=\u00bbyes\u00bb][\/vc_column][\/vc_row][vc_row css=\u00bb.vc_custom_1597880605681{padding-top: 30px !important;}\u00bb][vc_column][vc_column_text]<\/p>\n<h4 style=\"text-align: left\">Puedes ayudar a sostener la red Fe y Alegr\u00eda Italia de dos formas:<\/h4>\n<p>[\/vc_column_text][\/vc_column][\/vc_row][vc_row css=\u00bb.vc_custom_1599583213343{padding-top: 10px !important;}\u00bb][vc_column width=\u00bb1\/2&#8243;]<div data-id=\"mpc_icon_column-4369dfb04014792\" class=\"mpc-icon-column mpc-init mpc-parent-hover mpc-transition mpc-icon-column--style_1 mpc-align--center \" ><div data-id=\"mpc_icon-6969dfb040147f0\" class=\"mpc-icon mpc-init mpc-transition mpc-effect-fade mpc-icon-hover mpc-icon--character \"><div class=\"mpc-icon-wrap\"><i class=\"mpc-icon-part mpc-regular mpc-transition \">1<\/i><i class=\"mpc-icon-part mpc-hover mpc-transition \">1<\/i><\/div><\/div><div class=\"mpc-icon-column__content-wrap\"><div class=\"mpc-icon-column__content\"><h3 class=\"mpc-icon-column__heading mpc-transition\">Donar<\/h3><div class=\"mpc-icon-column__description mpc-transition\"><p>A trav\u00e9s de una transferencia a:<br \/>\n<strong>Fe y Alegria Italia<strong><br \/>\nIBAN: IT49 L 03069 09425 100000001735<br \/>\nSWIFT\/BIC: BCITITMM<\/strong><\/strong><\/p>\n<\/div><\/div><\/div><\/div>[\/vc_column][vc_column width=\u00bb1\/2&#8243;]<div data-id=\"mpc_icon_column-7969dfb040149c0\" class=\"mpc-icon-column mpc-init mpc-parent-hover mpc-transition mpc-icon-column--style_1 mpc-align--center \" ><div data-id=\"mpc_icon-9169dfb040149fd\" class=\"mpc-icon mpc-init mpc-transition mpc-effect-fade mpc-icon-hover mpc-icon--character \"><div class=\"mpc-icon-wrap\"><i class=\"mpc-icon-part mpc-regular mpc-transition \">2<\/i><i class=\"mpc-icon-part mpc-hover mpc-transition \">2<\/i><\/div><\/div><div class=\"mpc-icon-column__content-wrap\"><div class=\"mpc-icon-column__content\"><h3 class=\"mpc-icon-column__heading mpc-transition\">Ser Voluntario<\/h3><div class=\"mpc-icon-column__description mpc-transition\"><p>Convirti\u00e9ndote en voluntario tambi\u00e9n nos apoyas, si est\u00e1s interesado o interesada<br \/>\ncont\u00e1ctanos a <a href=\"mailto:info@feyalegria.it\" target=\"_blank\" rel=\"noopener noreferrer\"><strong>info@feyalegria.it<\/strong><\/a><\/p>\n<p>&nbsp;<\/p>\n<\/div><\/div><\/div><\/div>[\/vc_column][\/vc_row][vc_row css=\u00bb.vc_custom_1597880605681{padding-top: 30px !important;}\u00bb][vc_column][vc_column_text]<\/p>\n<h4 style=\"text-align: left\">Puedes ayudar a sostener las actividades de las cooperativas sociales de Fe y Alegr\u00eda en Italia de tres formas:<\/h4>\n<p>[\/vc_column_text][\/vc_column][\/vc_row][vc_row css=\u00bb.vc_custom_1597880605681{padding-top: 30px !important;}\u00bb][vc_column][vc_column_text]<\/p>\n<h4 style=\"text-align: left\">Fe y Alegr\u00eda Milano<\/h4>\n<p>[\/vc_column_text][\/vc_column][\/vc_row][vc_row css=\u00bb.vc_custom_1599583213343{padding-top: 10px !important;}\u00bb][vc_column width=\u00bb1\/3&#8243;]<div data-id=\"mpc_icon_column-3669dfb04014b84\" class=\"mpc-icon-column mpc-init mpc-parent-hover mpc-transition mpc-icon-column--style_1 mpc-align--center \" ><div data-id=\"mpc_icon-7069dfb04014bbb\" class=\"mpc-icon mpc-init mpc-transition mpc-effect-fade mpc-icon-hover mpc-icon--character \"><div class=\"mpc-icon-wrap\"><i class=\"mpc-icon-part mpc-regular mpc-transition \">1<\/i><i class=\"mpc-icon-part mpc-hover mpc-transition \">1<\/i><\/div><\/div><div class=\"mpc-icon-column__content-wrap\"><div class=\"mpc-icon-column__content\"><h3 class=\"mpc-icon-column__heading mpc-transition\">Donar<\/h3><div class=\"mpc-icon-column__description mpc-transition\"><p>A trav\u00e9s de una transferencia a:<br \/>\n<strong>Fe y Alegria Milano Cooperativa Sociale<\/strong><br \/>\nIBAN: <strong>IT37 F 07601 01600 001022384927<\/strong><br \/>\nSWIFT\/BIC: <strong>BPPIITRRXXX<\/strong><\/p>\n<p align=\"justify\"><strong>Individuos y empresas se pueden deducir y detraer fiscalmente, dentro de los l\u00edmites indicados por la ley, de las donaciones realizadas a una cooperativa social. En caso de realizar una donaci\u00f3n por transferencia si desea recibir la \u00abRicevuta di Erogazione Liberale (Donazione)\u00bb es preciso que nos env\u00ede el justificante de ingreso junto con su nombre completo, codice fiscale y domicilio a <a href=\"mailto:comunicazione@feyalegria.it\" target=\"_blank\" rel=\"noopener noreferrer\"><strong>comunicazione@feyalegria.it<\/strong><\/a><\/strong><\/p>\n<p>.<\/p>\n<\/div><\/div><\/div><\/div>[\/vc_column][vc_column width=\u00bb1\/3&#8243;]<div data-id=\"mpc_icon_column-3669dfb04014d4b\" class=\"mpc-icon-column mpc-init mpc-parent-hover mpc-transition mpc-icon-column--style_1 mpc-align--center \" ><div data-id=\"mpc_icon-1969dfb04014d81\" class=\"mpc-icon mpc-init mpc-transition mpc-effect-fade mpc-icon-hover mpc-icon--character \"><div class=\"mpc-icon-wrap\"><i class=\"mpc-icon-part mpc-regular mpc-transition \">2<\/i><i class=\"mpc-icon-part mpc-hover mpc-transition \">2<\/i><\/div><\/div><div class=\"mpc-icon-column__content-wrap\"><div class=\"mpc-icon-column__content\"><h3 class=\"mpc-icon-column__heading mpc-transition\">Destinando el 5x1000<\/h3><div class=\"mpc-icon-column__description mpc-transition\"><p>Libre destino sobre tus impuestos a <strong>Fe y Alegria Milano Coop.Soc.<\/strong><br \/>\ncodice fiscale: <strong>08679340961<\/strong><\/p>\n<p align=\"justify\"><strong>El Estado Italiano permite que elijas a qu\u00e9 entidad destinar parte de los impuestos que pagas sea en el modelo que declara la renta (730 o Ex Unico) o si no tienes que declarar tambi\u00e9n en el modelo CU. Esta elecci\u00f3n no comporta ning\u00fan gasto para ti.<br \/>\n<\/strong><\/p>\n<p>&nbsp;<\/p>\n<p>&nbsp;<\/p>\n<p>&nbsp;<\/p>\n<p>&nbsp;<\/p>\n<p>&nbsp;<\/p>\n<p>&nbsp;<\/p>\n<p>&nbsp;<\/p>\n<\/div><\/div><\/div><\/div>[\/vc_column][vc_column width=\u00bb1\/3&#8243;]<div data-id=\"mpc_icon_column-2169dfb04014f1e\" class=\"mpc-icon-column mpc-init mpc-parent-hover mpc-transition mpc-icon-column--style_1 mpc-align--center \" ><div data-id=\"mpc_icon-3469dfb04014f54\" class=\"mpc-icon mpc-init mpc-transition mpc-effect-fade mpc-icon-hover mpc-icon--character \"><div class=\"mpc-icon-wrap\"><i class=\"mpc-icon-part mpc-regular mpc-transition \">3<\/i><i class=\"mpc-icon-part mpc-hover mpc-transition \">3<\/i><\/div><\/div><div class=\"mpc-icon-column__content-wrap\"><div class=\"mpc-icon-column__content\"><h3 class=\"mpc-icon-column__heading mpc-transition\">Ser Voluntario<\/h3><div class=\"mpc-icon-column__description mpc-transition\"><p>Convirti\u00e9ndote en voluntario tambi\u00e9n nos apoyas, si est\u00e1s interesado o interesada<br \/>\ncont\u00e1ctanos a <a href=\"mailto:info@feyalegria.it\" target=\"_blank\" rel=\"noopener noreferrer\"><strong>info@feyalegria.it<\/strong><\/a><\/p>\n<p>&nbsp;<\/p>\n<p>&nbsp;<\/p>\n<p>&nbsp;<\/p>\n<p>&nbsp;<\/p>\n<p>&nbsp;<\/p>\n<p>&nbsp;<\/p>\n<p>&nbsp;<\/p>\n<p>&nbsp;<\/p>\n<p>&nbsp;<\/p>\n<p>&nbsp;<\/p>\n<p>&nbsp;<\/p>\n<p>&nbsp;<\/p>\n<p>&nbsp;<\/p>\n<\/div><\/div><\/div><\/div>[\/vc_column][\/vc_row][vc_row css=\u00bb.vc_custom_1597880605681{padding-top: 30px !important;}\u00bb][vc_column][vc_separator color=\u00bbmulled_wine\u00bb style=\u00bbshadow\u00bb][vc_column_text]<\/p>\n<h4 style=\"text-align: left\">Fe y Alegr\u00eda Roma<\/h4>\n<p>[\/vc_column_text][\/vc_column][\/vc_row][vc_row css=\u00bb.vc_custom_1599583259038{padding-top: 10px !important;}\u00bb][vc_column width=\u00bb1\/3&#8243;]<div data-id=\"mpc_icon_column-7869dfb040150e2\" class=\"mpc-icon-column mpc-init mpc-parent-hover mpc-transition mpc-icon-column--style_1 mpc-align--center \" ><div data-id=\"mpc_icon-1769dfb04015117\" class=\"mpc-icon mpc-init mpc-transition mpc-effect-fade mpc-icon-hover mpc-icon--character \"><div class=\"mpc-icon-wrap\"><i class=\"mpc-icon-part mpc-regular mpc-transition \">1<\/i><i class=\"mpc-icon-part mpc-hover mpc-transition \">1<\/i><\/div><\/div><div class=\"mpc-icon-column__content-wrap\"><div class=\"mpc-icon-column__content\"><h3 class=\"mpc-icon-column__heading mpc-transition\">Donar<\/h3><div class=\"mpc-icon-column__description mpc-transition\"><p>A trav\u00e9s de una transferencia a:<br \/>\n<strong>Fe y Alegria Roma<\/strong><br \/>\n<em>Banca Intesa San Paolo;<br \/>\nIBAN: <strong>IT63Q0306903286100000003049<\/strong><br \/>\nSWIFT\/BIC: <strong> BCITITMM<\/strong><\/em><\/p>\n<p align=\"justify\"><strong>Individuos y empresas se pueden deducir y detraer fiscalmente, dentro de los l\u00edmites indicados por la ley, de las donaciones realizadas a una cooperativa social. En caso de realizar una donaci\u00f3n por transferencia si desea recibir la \u00abRicevuta di Erogazione Liberale (Donazione)\u00bb es preciso que nos env\u00ede el justificante de ingreso junto con su nombre completo, codice fiscale y domicilio a <a href=\"mailto:comunicazione@feyalegria.it\" target=\"_blank\" rel=\"noopener noreferrer\"><strong>comunicazione@feyalegria.it<\/strong><\/a><\/strong><\/p>\n<p>.<\/p>\n<\/div><\/div><\/div><\/div>[\/vc_column][vc_column width=\u00bb1\/3&#8243;]<div data-id=\"mpc_icon_column-3969dfb040152ba\" class=\"mpc-icon-column mpc-init mpc-parent-hover mpc-transition mpc-icon-column--style_1 mpc-align--center \" ><div data-id=\"mpc_icon-2469dfb040152f3\" class=\"mpc-icon mpc-init mpc-transition mpc-effect-fade mpc-icon-hover mpc-icon--character \"><div class=\"mpc-icon-wrap\"><i class=\"mpc-icon-part mpc-regular mpc-transition \">2<\/i><i class=\"mpc-icon-part mpc-hover mpc-transition \">2<\/i><\/div><\/div><div class=\"mpc-icon-column__content-wrap\"><div class=\"mpc-icon-column__content\"><h3 class=\"mpc-icon-column__heading mpc-transition\">Destinando el 5x1000<\/h3><div class=\"mpc-icon-column__description mpc-transition\"><p>Libre destino sobre tus impuestos a <strong>Fe y Alegria Roma Coop.Soc.<\/strong><br \/>\ncodice fiscale: <strong>12947561002<\/strong><\/p>\n<p align=\"justify\"><strong>El Estado Italiano permite que elijas a qu\u00e9 entidad destinar parte de los impuestos que pagas sea en el modelo que declara la renta (730 o Ex Unico) o si no tienes que declarar tambi\u00e9n en el modelo CU. Esta elecci\u00f3n no comporta ning\u00fan gasto para ti.<br \/>\n<\/strong><\/p>\n<p>&nbsp;<\/p>\n<p>&nbsp;<\/p>\n<p>&nbsp;<\/p>\n<p>&nbsp;<\/p>\n<p>&nbsp;<\/p>\n<p>&nbsp;<\/p>\n<p>&nbsp;<\/p>\n<p>&nbsp;<\/p>\n<\/div><\/div><\/div><\/div>[\/vc_column][vc_column width=\u00bb1\/3&#8243;]<div data-id=\"mpc_icon_column-4069dfb04015491\" class=\"mpc-icon-column mpc-init mpc-parent-hover mpc-transition mpc-icon-column--style_1 mpc-align--center \" ><div data-id=\"mpc_icon-8469dfb040154d0\" class=\"mpc-icon mpc-init mpc-transition mpc-effect-fade mpc-icon-hover mpc-icon--character \"><div class=\"mpc-icon-wrap\"><i class=\"mpc-icon-part mpc-regular mpc-transition \">3<\/i><i class=\"mpc-icon-part mpc-hover mpc-transition \">3<\/i><\/div><\/div><div class=\"mpc-icon-column__content-wrap\"><div class=\"mpc-icon-column__content\"><h3 class=\"mpc-icon-column__heading mpc-transition\">Ser Voluntario<\/h3><div class=\"mpc-icon-column__description mpc-transition\"><p>Convirti\u00e9ndote en voluntario tambi\u00e9n nos apoyas, si est\u00e1s interesado o interesada<br \/>\ncont\u00e1ctanos a <a href=\"mailto:info@feyalegria.it\" target=\"_blank\" rel=\"noopener noreferrer\"><strong>info@feyalegria.it<\/strong><\/a><\/p>\n<p>&nbsp;<\/p>\n<p>&nbsp;<\/p>\n<p>&nbsp;<\/p>\n<p>&nbsp;<\/p>\n<p>&nbsp;<\/p>\n<p>&nbsp;<\/p>\n<p>&nbsp;<\/p>\n<p>&nbsp;<\/p>\n<p>&nbsp;<\/p>\n<p>&nbsp;<\/p>\n<p>&nbsp;<\/p>\n<p>&nbsp;<\/p>\n<p>&nbsp;<\/p>\n<p>&nbsp;<\/p>\n<\/div><\/div><\/div><\/div>[\/vc_column][\/vc_row][vc_row css=\u00bb.vc_custom_1597880605681{padding-top: 30px !important;}\u00bb][vc_column][vc_separator color=\u00bbmulled_wine\u00bb style=\u00bbshadow\u00bb][vc_column_text]<\/p>\n<h4 style=\"text-align: left\">Fe y Alegr\u00eda Genova<\/h4>\n<p>[\/vc_column_text][\/vc_column][\/vc_row][vc_row css=\u00bb.vc_custom_1599583285347{padding-top: 10px !important;}\u00bb][vc_column width=\u00bb1\/3&#8243;]<div data-id=\"mpc_icon_column-2269dfb04015681\" class=\"mpc-icon-column mpc-init mpc-parent-hover mpc-transition mpc-icon-column--style_1 mpc-align--center \" ><div data-id=\"mpc_icon-1569dfb040156bb\" class=\"mpc-icon mpc-init mpc-transition mpc-effect-fade mpc-icon-hover mpc-icon--character \"><div class=\"mpc-icon-wrap\"><i class=\"mpc-icon-part mpc-regular mpc-transition \">1<\/i><i class=\"mpc-icon-part mpc-hover mpc-transition \">1<\/i><\/div><\/div><div class=\"mpc-icon-column__content-wrap\"><div class=\"mpc-icon-column__content\"><h3 class=\"mpc-icon-column__heading mpc-transition\">Donar<\/h3><div class=\"mpc-icon-column__description mpc-transition\"><p>A trav\u00e9s de una transferencia a:<br \/>\n<strong>Fe y Alegr\u00eda Genova<\/strong><br \/>\nIBAN: <strong>IT09 V010 0501 4000 0000 0005 040<\/strong><br \/>\nSWIFT\/BIC: <strong>BNLIITRR<\/strong><\/p>\n<p align=\"justify\"><strong>Individuos y empresas se pueden deducir y detraer fiscalmente, dentro de los l\u00edmites indicados por la ley, de las donaciones realizadas a una cooperativa social. En caso de realizar una donaci\u00f3n por transferencia si desea recibir la \u00abRicevuta di Erogazione Liberale (Donazione)\u00bb es preciso que nos env\u00ede el justificante de ingreso junto con su nombre completo, codice fiscale y domicilio a <a href=\"mailto:comunicazione@feyalegria.it\" target=\"_blank\" rel=\"noopener noreferrer\"><strong>comunicazione@feyalegria.it<\/strong><\/a><\/strong><\/p>\n<p>.<\/p>\n<\/div><\/div><\/div><\/div>[\/vc_column][vc_column width=\u00bb1\/3&#8243;]<div data-id=\"mpc_icon_column-2369dfb04015852\" class=\"mpc-icon-column mpc-init mpc-parent-hover mpc-transition mpc-icon-column--style_1 mpc-align--center \" ><div data-id=\"mpc_icon-2269dfb04015887\" class=\"mpc-icon mpc-init mpc-transition mpc-effect-fade mpc-icon-hover mpc-icon--character \"><div class=\"mpc-icon-wrap\"><i class=\"mpc-icon-part mpc-regular mpc-transition \">2<\/i><i class=\"mpc-icon-part mpc-hover mpc-transition \">2<\/i><\/div><\/div><div class=\"mpc-icon-column__content-wrap\"><div class=\"mpc-icon-column__content\"><h3 class=\"mpc-icon-column__heading mpc-transition\">Destinando el 5x1000<\/h3><div class=\"mpc-icon-column__description mpc-transition\"><p>Libre destino sobre tus impuestos a <strong>Fe y Alegr\u00eda Genova<\/strong><br \/>\ncodice fiscale: <strong>02264640992<\/strong><\/p>\n<p align=\"justify\"><strong>El Estado Italiano permite que elijas a qu\u00e9 entidad destinar parte de los impuestos que pagas sea en el modelo que declara la renta (730 o Ex Unico) o si no tienes que declarar tambi\u00e9n en el modelo CU. Esta elecci\u00f3n no comporta ning\u00fan gasto para ti.<br \/>\n<\/strong><\/p>\n<p>&nbsp;<\/p>\n<p>&nbsp;<\/p>\n<p>&nbsp;<\/p>\n<p>&nbsp;<\/p>\n<p>&nbsp;<\/p>\n<p>&nbsp;<\/p>\n<p>&nbsp;<\/p>\n<\/div><\/div><\/div><\/div>[\/vc_column][vc_column width=\u00bb1\/3&#8243;]<div data-id=\"mpc_icon_column-6969dfb04015a20\" class=\"mpc-icon-column mpc-init mpc-parent-hover mpc-transition mpc-icon-column--style_1 mpc-align--center \" ><div data-id=\"mpc_icon-1569dfb04015a55\" class=\"mpc-icon mpc-init mpc-transition mpc-effect-fade mpc-icon-hover mpc-icon--character \"><div class=\"mpc-icon-wrap\"><i class=\"mpc-icon-part mpc-regular mpc-transition \">3<\/i><i class=\"mpc-icon-part mpc-hover mpc-transition \">3<\/i><\/div><\/div><div class=\"mpc-icon-column__content-wrap\"><div class=\"mpc-icon-column__content\"><h3 class=\"mpc-icon-column__heading mpc-transition\">Ser Voluntario<\/h3><div class=\"mpc-icon-column__description mpc-transition\"><p>Convirti\u00e9ndote en voluntario tambi\u00e9n nos apoyas, si est\u00e1s interesado o interesada<br \/>\ncont\u00e1ctanos a <a href=\"mailto:info@feyalegria.it\" target=\"_blank\" rel=\"noopener noreferrer\"><strong>info@feyalegria.it<\/strong><\/a><\/p>\n<p>&nbsp;<\/p>\n<p>&nbsp;<\/p>\n<p>&nbsp;<\/p>\n<p>&nbsp;<\/p>\n<p>&nbsp;<\/p>\n<p>&nbsp;<\/p>\n<p>&nbsp;<\/p>\n<p>&nbsp;<\/p>\n<p>&nbsp;<\/p>\n<p>&nbsp;<\/p>\n<p>&nbsp;<\/p>\n<p>&nbsp;<\/p>\n<p>&nbsp;<\/p>\n<\/div><\/div><\/div><\/div>[\/vc_column][\/vc_row][vc_row][vc_column]<div style=\"background-color:;height: 50px\" class=\"nicdark_section  \"><\/div>[\/vc_column][\/vc_row]<\/p>\n<\/div>","protected":false},"excerpt":{"rendered":"<p>[vc_row][vc_column width=\u00bb1\/2&#8243;][vc_column_text] S\u00e9 parte y motor del cambio: construye futuro con la educaci\u00f3n. [\/vc_column_text][vc_column_text] A favor de los m\u00e1s vulnerables como medio de integraci\u00f3n y acceso a una vida digna. [\/vc_column_text][vc_column_text] Si t\u00fa tambi\u00e9n crees que la educaci\u00f3n hace libre a la persona, impulsa el desarrollo y la transformaci\u00f3n de una nueva sociedad donde haya<\/p>\n","protected":false},"author":19,"featured_media":0,"parent":0,"menu_order":0,"comment_status":"closed","ping_status":"closed","template":"","meta":{"_acf_changed":false,"footnotes":""},"folder":[],"class_list":["post-4781","page","type-page","status-publish","hentry"],"acf":[],"yoast_head":"<!-- This site is optimized with the Yoast SEO plugin v27.2 - https:\/\/yoast.com\/product\/yoast-seo-wordpress\/ -->\n<title>Colabora - #SomosFeyAlegria en Italia<\/title>\n<meta name=\"robots\" content=\"index, follow, max-snippet:-1, max-image-preview:large, max-video-preview:-1\" \/>\n<link rel=\"canonical\" href=\"https:\/\/www.feyalegria.org\/italia\/colabora\/\" \/>\n<meta property=\"og:locale\" content=\"es_ES\" \/>\n<meta property=\"og:type\" content=\"article\" \/>\n<meta property=\"og:title\" content=\"Colabora - #SomosFeyAlegria en Italia\" \/>\n<meta property=\"og:description\" content=\"[vc_row][vc_column width=\u00bb1\/2&#8243;][vc_column_text] S\u00e9 parte y motor del cambio: construye futuro con la educaci\u00f3n. [\/vc_column_text][vc_column_text] A favor de los m\u00e1s vulnerables como medio de integraci\u00f3n y acceso a una vida digna. [\/vc_column_text][vc_column_text] Si t\u00fa tambi\u00e9n crees que la educaci\u00f3n hace libre a la persona, impulsa el desarrollo y la transformaci\u00f3n de una nueva sociedad donde haya\" \/>\n<meta property=\"og:url\" content=\"https:\/\/www.feyalegria.org\/italia\/colabora\/\" \/>\n<meta property=\"og:site_name\" content=\"#SomosFeyAlegria en Italia\" \/>\n<meta property=\"article:modified_time\" content=\"2022-06-22T14:03:23+00:00\" \/>\n<meta name=\"twitter:card\" content=\"summary_large_image\" \/>\n<meta name=\"twitter:label1\" content=\"Tiempo de lectura\" \/>\n\t<meta name=\"twitter:data1\" content=\"19 minutos\" \/>\n<script type=\"application\/ld+json\" class=\"yoast-schema-graph\">{\"@context\":\"https:\/\/schema.org\",\"@graph\":[{\"@type\":\"WebPage\",\"@id\":\"https:\/\/www.feyalegria.org\/italia\/colabora\/\",\"url\":\"https:\/\/www.feyalegria.org\/italia\/colabora\/\",\"name\":\"Colabora - #SomosFeyAlegria en Italia\",\"isPartOf\":{\"@id\":\"https:\/\/www.feyalegria.org\/italia\/#website\"},\"datePublished\":\"2020-08-20T03:33:29+00:00\",\"dateModified\":\"2022-06-22T14:03:23+00:00\",\"inLanguage\":\"es\",\"potentialAction\":[{\"@type\":\"ReadAction\",\"target\":[\"https:\/\/www.feyalegria.org\/italia\/colabora\/\"]}]},{\"@type\":\"WebSite\",\"@id\":\"https:\/\/www.feyalegria.org\/italia\/#website\",\"url\":\"https:\/\/www.feyalegria.org\/italia\/\",\"name\":\"#SomosFeyAlegria en Italia\",\"description\":\"Movimiento de Educaci\u00f3n Popular y Promoci\u00f3n Social\",\"potentialAction\":[{\"@type\":\"SearchAction\",\"target\":{\"@type\":\"EntryPoint\",\"urlTemplate\":\"https:\/\/www.feyalegria.org\/italia\/?s={search_term_string}\"},\"query-input\":{\"@type\":\"PropertyValueSpecification\",\"valueRequired\":true,\"valueName\":\"search_term_string\"}}],\"inLanguage\":\"es\"}]}<\/script>\n<!-- \/ Yoast SEO plugin. -->","yoast_head_json":{"title":"Colabora - #SomosFeyAlegria en Italia","robots":{"index":"index","follow":"follow","max-snippet":"max-snippet:-1","max-image-preview":"max-image-preview:large","max-video-preview":"max-video-preview:-1"},"canonical":"https:\/\/www.feyalegria.org\/italia\/colabora\/","og_locale":"es_ES","og_type":"article","og_title":"Colabora - #SomosFeyAlegria en Italia","og_description":"[vc_row][vc_column width=\u00bb1\/2&#8243;][vc_column_text] S\u00e9 parte y motor del cambio: construye futuro con la educaci\u00f3n. [\/vc_column_text][vc_column_text] A favor de los m\u00e1s vulnerables como medio de integraci\u00f3n y acceso a una vida digna. [\/vc_column_text][vc_column_text] Si t\u00fa tambi\u00e9n crees que la educaci\u00f3n hace libre a la persona, impulsa el desarrollo y la transformaci\u00f3n de una nueva sociedad donde haya","og_url":"https:\/\/www.feyalegria.org\/italia\/colabora\/","og_site_name":"#SomosFeyAlegria en Italia","article_modified_time":"2022-06-22T14:03:23+00:00","twitter_card":"summary_large_image","twitter_misc":{"Tiempo de lectura":"19 minutos"},"schema":{"@context":"https:\/\/schema.org","@graph":[{"@type":"WebPage","@id":"https:\/\/www.feyalegria.org\/italia\/colabora\/","url":"https:\/\/www.feyalegria.org\/italia\/colabora\/","name":"Colabora - #SomosFeyAlegria en Italia","isPartOf":{"@id":"https:\/\/www.feyalegria.org\/italia\/#website"},"datePublished":"2020-08-20T03:33:29+00:00","dateModified":"2022-06-22T14:03:23+00:00","inLanguage":"es","potentialAction":[{"@type":"ReadAction","target":["https:\/\/www.feyalegria.org\/italia\/colabora\/"]}]},{"@type":"WebSite","@id":"https:\/\/www.feyalegria.org\/italia\/#website","url":"https:\/\/www.feyalegria.org\/italia\/","name":"#SomosFeyAlegria en Italia","description":"Movimiento de Educaci\u00f3n Popular y Promoci\u00f3n Social","potentialAction":[{"@type":"SearchAction","target":{"@type":"EntryPoint","urlTemplate":"https:\/\/www.feyalegria.org\/italia\/?s={search_term_string}"},"query-input":{"@type":"PropertyValueSpecification","valueRequired":true,"valueName":"search_term_string"}}],"inLanguage":"es"}]}},"_links":{"self":[{"href":"https:\/\/www.feyalegria.org\/italia\/wp-json\/wp\/v2\/pages\/4781","targetHints":{"allow":["GET"]}}],"collection":[{"href":"https:\/\/www.feyalegria.org\/italia\/wp-json\/wp\/v2\/pages"}],"about":[{"href":"https:\/\/www.feyalegria.org\/italia\/wp-json\/wp\/v2\/types\/page"}],"author":[{"embeddable":true,"href":"https:\/\/www.feyalegria.org\/italia\/wp-json\/wp\/v2\/users\/19"}],"replies":[{"embeddable":true,"href":"https:\/\/www.feyalegria.org\/italia\/wp-json\/wp\/v2\/comments?post=4781"}],"version-history":[{"count":0,"href":"https:\/\/www.feyalegria.org\/italia\/wp-json\/wp\/v2\/pages\/4781\/revisions"}],"wp:attachment":[{"href":"https:\/\/www.feyalegria.org\/italia\/wp-json\/wp\/v2\/media?parent=4781"}],"wp:term":[{"taxonomy":"folder","embeddable":true,"href":"https:\/\/www.feyalegria.org\/italia\/wp-json\/wp\/v2\/folder?post=4781"}],"curies":[{"name":"wp","href":"https:\/\/api.w.org\/{rel}","templated":true}]}}