 {"id":5721,"date":"2021-02-06T20:56:02","date_gmt":"2021-02-07T01:56:02","guid":{"rendered":"https:\/\/www.feyalegria.org\/italia\/?page_id=5721"},"modified":"2021-06-24T10:08:14","modified_gmt":"2021-06-24T15:08:14","slug":"collabora","status":"publish","type":"page","link":"https:\/\/www.feyalegria.org\/italia\/collabora\/","title":{"rendered":"Collabora"},"content":{"rendered":"<div class=\"wpb-content-wrapper\"><p>[vc_row css=\u00bb.vc_custom_1597880605681{padding-top: 30px !important;}\u00bb][vc_column]<div style=\"background-color:;height: 20px\" class=\"nicdark_section  \"><\/div>[\/vc_column][\/vc_row][vc_row][vc_column width=\u00bb2\/3&#8243;][vc_column_text]<\/p>\n<h3 style=\"text-align: justify\">Costruisci il futuro con l&#8217;educazione.<\/h3>\n<p>[\/vc_column_text][vc_column_text]Formazione umana ed accademica a favore dei pi\u00f9 vulnerabili come mezzo per l&#8217;integrazione e accedere a una vita degna.[\/vc_column_text][vc_column_text]Se anche tu credi che l&#8217;educazione rende libera la persona, promuove lo sviluppo e la trasformazione di una nuova societ\u00e0 unisciti a noi.<br \/>\nRealizza un sostegno concreto per trasformare le vite delle persone in situazione di vulnerabilit\u00e0 a Fe y Alegria Italia o alle singole cooperative sociali Fe y Alegria Milano, Fe y Alegria Roma o Fe y Alegria Genova.[\/vc_column_text][\/vc_column][vc_column width=\u00bb1\/3&#8243; alignment=\u00bbcenter\u00bb][vc_images_carousel images=\u00bb5737,5738&#8243; img_size=\u00bbmedium\u00bb onclick=\u00bblink_no\u00bb autoplay=\u00bbyes\u00bb][\/vc_column][\/vc_row][vc_row css=\u00bb.vc_custom_1597880605681{padding-top: 30px !important;}\u00bb][vc_column][vc_column_text]<\/p>\n<h4 style=\"text-align: left\">Per un sostegno concreto a Fe y Alegria Italia:<\/h4>\n<p>[\/vc_column_text][\/vc_column][\/vc_row][vc_row css=\u00bb.vc_custom_1599583213343{padding-top: 10px !important;}\u00bb][vc_column width=\u00bb1\/2&#8243;]<div data-id=\"mpc_icon_column-369ee67fb523bc\" class=\"mpc-icon-column mpc-init mpc-parent-hover mpc-transition mpc-icon-column--style_1 mpc-align--center \" ><div data-id=\"mpc_icon-269ee67fb5242b\" class=\"mpc-icon mpc-init mpc-transition mpc-effect-fade mpc-icon-hover mpc-icon--character \"><div class=\"mpc-icon-wrap\"><i class=\"mpc-icon-part mpc-regular mpc-transition \">1<\/i><i class=\"mpc-icon-part mpc-hover mpc-transition \">1<\/i><\/div><\/div><div class=\"mpc-icon-column__content-wrap\"><div class=\"mpc-icon-column__content\"><h3 class=\"mpc-icon-column__heading mpc-transition\">Realizza una donazione<\/h3><div class=\"mpc-icon-column__description mpc-transition\"><p>Con un bonifico a:<br \/>\n<strong>Fe y Alegria Italia<strong><br \/>\nIBAN: IT49 L 03069 09425 100000001735<br \/>\nSWIFT\/BIC: BCITITMM<\/strong><\/strong><\/p>\n<p>Puntuale o anche una quantit\u00e0 mensile addebito diretto sul conto che garantir\u00e0 stabilita hai progetti.<\/p>\n<\/div><\/div><\/div><\/div>[\/vc_column][vc_column width=\u00bb1\/2&#8243;]<div data-id=\"mpc_icon_column-2769ee67fb525e3\" class=\"mpc-icon-column mpc-init mpc-parent-hover mpc-transition mpc-icon-column--style_1 mpc-align--center \" ><div data-id=\"mpc_icon-5069ee67fb52638\" class=\"mpc-icon mpc-init mpc-transition mpc-effect-fade mpc-icon-hover mpc-icon--character \"><div class=\"mpc-icon-wrap\"><i class=\"mpc-icon-part mpc-regular mpc-transition \">2<\/i><i class=\"mpc-icon-part mpc-hover mpc-transition \">2<\/i><\/div><\/div><div class=\"mpc-icon-column__content-wrap\"><div class=\"mpc-icon-column__content\"><h3 class=\"mpc-icon-column__heading mpc-transition\">Diventa volontario<\/h3><div class=\"mpc-icon-column__description mpc-transition\"><p>Come tutor, supporto alla materie, aiuto segreteria, contabile, psicologo, mediatore culturale, grafico, film maker, insegnando l\u2019italiano e la cultura italiana\u2026Scrivi a <a href=\"mailto:info@feyalegria.it\" target=\"_blank\" rel=\"noopener noreferrer\"><strong>info@feyalegria.it<\/strong><\/a><\/p>\n<p>&nbsp;<\/p>\n<p>&nbsp;<\/p>\n<p>&nbsp;<\/p>\n<\/div><\/div><\/div><\/div>[\/vc_column][\/vc_row][vc_row css=\u00bb.vc_custom_1597880605681{padding-top: 30px !important;}\u00bb][vc_column][vc_column_text]<\/p>\n<h4 style=\"text-align: left\">Per un sostegno concreto a Fe y Alegria Milano, Fe y Alegria Roma e Fe y Alegria Genova:<\/h4>\n<p>[\/vc_column_text][\/vc_column][\/vc_row][vc_row css=\u00bb.vc_custom_1612964632054{background-color: #f3f3f3 !important;}\u00bb][vc_column css=\u00bb.vc_custom_1612964739676{margin-top: -20px !important;}\u00bb]<div data-id=\"mpc_icon_column-9169ee67fb527d0\" class=\"mpc-icon-column mpc-init mpc-parent-hover mpc-transition mpc-icon-column--style_1 mpc-align--center \" ><div data-id=\"mpc_icon-3469ee67fb5280c\" class=\"mpc-icon mpc-init mpc-transition mpc-effect-fade mpc-icon-hover mpc-icon--character \"><div class=\"mpc-icon-wrap\"><i class=\"mpc-icon-part mpc-regular mpc-transition \">1<\/i><i class=\"mpc-icon-part mpc-hover mpc-transition \">1<\/i><\/div><\/div><div class=\"mpc-icon-column__content-wrap\"><div class=\"mpc-icon-column__content\"><h3 class=\"mpc-icon-column__heading mpc-transition\">Realizza una donazione<\/h3><div class=\"mpc-icon-column__description mpc-transition\"><p>Con un bonifico a:<\/p>\n<\/div><\/div><\/div><\/div>[vc_row_inner][vc_column_inner width=\u00bb1\/3&#8243; alignment=\u00bbcenter\u00bb][vc_column_text]<\/p>\n<p style=\"text-align: center\"><strong>Fe y Alegria Milano Cooperativa Sociale<\/strong><br \/>\nIBAN: <strong>IT37 F 07601 01600 001022384927<\/strong><br \/>\nSWIFT\/BIC: <strong>BPPIITRRXXX<\/strong><\/p>\n<p>[\/vc_column_text][vc_btn title=\u00bbDONAZIONE\u00bb color=\u00bbdanger\u00bb link=\u00bburl:https%3A%2F%2Fwww.paypal.com%2Fdonate%3Fhosted_button_id%3DLFDCTSJ6HRKPG|title:Paypal|target:_blank\u00bb][\/vc_column_inner][vc_column_inner width=\u00bb1\/3&#8243; alignment=\u00bbcenter\u00bb][vc_column_text]<\/p>\n<p style=\"text-align: center\"><strong>Fe y Alegria Roma Cooperativa Sociale<\/strong><em><br \/>\n<\/em>IBAN: <strong>IT63Q0306903286100000003049<\/strong><br \/>\nSWIFT\/BIC: <strong> BCITITMM<\/strong><\/p>\n<p>[\/vc_column_text][\/vc_column_inner][vc_column_inner width=\u00bb1\/3&#8243; alignment=\u00bbcenter\u00bb][vc_column_text]<\/p>\n<p style=\"text-align: center\"><strong>Fe y Alegr\u00eda Genova Cooperativa Sociale<\/strong><br \/>\nIBAN: <strong>IT09 V010 0501 4000 0000 0005 040<\/strong><br \/>\nSWIFT\/BIC: <strong>BNLIITRR<\/strong><\/p>\n<p>[\/vc_column_text][\/vc_column_inner][\/vc_row_inner][vc_column_text]<\/p>\n<p style=\"text-align: center\" align=\"justify\"><em>Per un aiuto puntuale o mensile con addebito diretto sul conto per garantire la stabilit\u00e0\u00a0del progetto.<\/em><\/p>\n<p style=\"text-align: center\" align=\"justify\"><em>Le donazioni effettuate alle cooperative sociali Fe y Alegr\u00eda Milano, Fe y Alegr\u00eda Roma e Fe y Alegr\u00eda Genova possono essere dedotte e detratte in Italia. Se desideai ricevere l&#8217;Attestato di donazione, per favore mandaci la contabile del bonifico insieme al nome completo della persona fisica o azienda, C.F della persona fisica o partita IVA dell\u2019azienda e domicilio a \u00a0<a href=\"mailto:comunicazione@feyalegria.it\" target=\"_blank\" rel=\"noopener noreferrer\">comunicazione@feyalegria.it<\/a><\/em><\/p>\n<p>[\/vc_column_text][\/vc_column][\/vc_row][vc_row gap=\u00bb10&#8243; css=\u00bb.vc_custom_1612975872013{margin-top: 10px !important;}\u00bb][vc_column width=\u00bb2\/3&#8243; css=\u00bb.vc_custom_1612975364932{background-color: #f3f3f3 !important;}\u00bb]<div data-id=\"mpc_icon_column-269ee67fb52991\" class=\"mpc-icon-column mpc-init mpc-parent-hover mpc-transition mpc-icon-column--style_1 mpc-align--center \" ><div data-id=\"mpc_icon-8169ee67fb529ca\" class=\"mpc-icon mpc-init mpc-transition mpc-effect-fade mpc-icon-hover mpc-icon--character \"><div class=\"mpc-icon-wrap\"><i class=\"mpc-icon-part mpc-regular mpc-transition \">2<\/i><i class=\"mpc-icon-part mpc-hover mpc-transition \">2<\/i><\/div><\/div><div class=\"mpc-icon-column__content-wrap\"><div class=\"mpc-icon-column__content\"><h3 class=\"mpc-icon-column__heading mpc-transition\">Destina il tuo 5x1000<\/h3><\/div><\/div><\/div>[vc_row_inner css=\u00bb.vc_custom_1612975491282{margin-top: -40px !important;}\u00bb][vc_column_inner width=\u00bb1\/3&#8243;][vc_column_text]<\/p>\n<p style=\"text-align: center\"><strong>Fe y Alegria Milano Coop.Soc.<\/strong><br \/>\ncodice fiscale: <strong>08679340961<\/strong><\/p>\n<p>[\/vc_column_text][\/vc_column_inner][vc_column_inner width=\u00bb1\/3&#8243;][vc_column_text]<\/p>\n<p style=\"text-align: center\"><strong>Fe y Alegria Roma Coop.Soc.<\/strong><br \/>\ncodice fiscale: <strong>12947561002<\/strong><\/p>\n<p>[\/vc_column_text][\/vc_column_inner][vc_column_inner width=\u00bb1\/3&#8243;][vc_column_text]<\/p>\n<p style=\"text-align: center\"><strong>Fe y Alegr\u00eda Genova<\/strong><br \/>\ncodice fiscale: <strong>02264640992<\/strong><\/p>\n<p>[\/vc_column_text][\/vc_column_inner][\/vc_row_inner][vc_column_text]<\/p>\n<p style=\"text-align: center\">Scrive il codice fiscale della cooperativa d&#8217;interesse nella casella della dichiarazione dedicata a \u00abSostegno del volontariato e delle altre organizzazioni non lucrative di utilit\u00e0 sociale (&#8230;)\u00bb e firma.<\/p>\n<p>[\/vc_column_text][\/vc_column][vc_column width=\u00bb1\/3&#8243; alignment=\u00bbcenter\u00bb css=\u00bb.vc_custom_1612975427619{background-color: #f3f3f3 !important;}\u00bb]<div data-id=\"mpc_icon_column-6969ee67fb52b05\" class=\"mpc-icon-column mpc-init mpc-parent-hover mpc-transition mpc-icon-column--style_1 mpc-align--center \" ><div data-id=\"mpc_icon-8269ee67fb52b40\" class=\"mpc-icon mpc-init mpc-transition mpc-effect-fade mpc-icon-hover mpc-icon--character \"><div class=\"mpc-icon-wrap\"><i class=\"mpc-icon-part mpc-regular mpc-transition \">3<\/i><i class=\"mpc-icon-part mpc-hover mpc-transition \">3<\/i><\/div><\/div><div class=\"mpc-icon-column__content-wrap\"><div class=\"mpc-icon-column__content\"><h3 class=\"mpc-icon-column__heading mpc-transition\">Diventa Volontario<\/h3><div class=\"mpc-icon-column__description mpc-transition\"><p>Come tutor, supporto alla materie, aiuto segreteria, contabile, psicologo, mediatore culturale, grafico, film maker, insegnando l\u2019italiano e la cultura italiana\u2026 <a href=\"mailto:info@feyalegria.it\" target=\"_blank\" rel=\"noopener noreferrer\"><strong>info@feyalegria.it<\/strong><\/a><\/p>\n<p>&nbsp;<\/p>\n<p>&nbsp;<\/p>\n<\/div><\/div><\/div><\/div>[\/vc_column][\/vc_row][vc_row][vc_column]<div style=\"background-color:;height: 50px\" class=\"nicdark_section  \"><\/div>[\/vc_column][\/vc_row]<\/p>\n<\/div>","protected":false},"excerpt":{"rendered":"<p>[vc_row css=\u00bb.vc_custom_1597880605681{padding-top: 30px !important;}\u00bb][vc_column][\/vc_column][\/vc_row][vc_row][vc_column width=\u00bb2\/3&#8243;][vc_column_text] Costruisci il futuro con l&#8217;educazione. [\/vc_column_text][vc_column_text]Formazione umana ed accademica a favore dei pi\u00f9 vulnerabili come mezzo per l&#8217;integrazione e accedere a una vita degna.[\/vc_column_text][vc_column_text]Se anche tu credi che l&#8217;educazione rende libera la persona, promuove lo sviluppo e la trasformazione di una nuova societ\u00e0 unisciti a noi. Realizza un sostegno concreto<\/p>\n","protected":false},"author":19,"featured_media":0,"parent":0,"menu_order":0,"comment_status":"closed","ping_status":"closed","template":"","meta":{"_acf_changed":false,"footnotes":""},"folder":[],"class_list":["post-5721","page","type-page","status-publish","hentry"],"acf":[],"yoast_head":"<!-- This site is optimized with the Yoast SEO plugin v27.4 - https:\/\/yoast.com\/product\/yoast-seo-wordpress\/ -->\n<title>Collabora - #SomosFeyAlegria en Italia<\/title>\n<meta name=\"robots\" content=\"index, follow, max-snippet:-1, max-image-preview:large, max-video-preview:-1\" \/>\n<link rel=\"canonical\" href=\"https:\/\/www.feyalegria.org\/italia\/collabora\/\" \/>\n<meta property=\"og:locale\" content=\"es_ES\" \/>\n<meta property=\"og:type\" content=\"article\" \/>\n<meta property=\"og:title\" content=\"Collabora - #SomosFeyAlegria en Italia\" \/>\n<meta property=\"og:description\" content=\"[vc_row css=\u00bb.vc_custom_1597880605681{padding-top: 30px !important;}\u00bb][vc_column][\/vc_column][\/vc_row][vc_row][vc_column width=\u00bb2\/3&#8243;][vc_column_text] Costruisci il futuro con l&#8217;educazione. [\/vc_column_text][vc_column_text]Formazione umana ed accademica a favore dei pi\u00f9 vulnerabili come mezzo per l&#8217;integrazione e accedere a una vita degna.[\/vc_column_text][vc_column_text]Se anche tu credi che l&#8217;educazione rende libera la persona, promuove lo sviluppo e la trasformazione di una nuova societ\u00e0 unisciti a noi. Realizza un sostegno concreto\" \/>\n<meta property=\"og:url\" content=\"https:\/\/www.feyalegria.org\/italia\/collabora\/\" \/>\n<meta property=\"og:site_name\" content=\"#SomosFeyAlegria en Italia\" \/>\n<meta property=\"article:modified_time\" content=\"2021-06-24T15:08:14+00:00\" \/>\n<meta name=\"twitter:card\" content=\"summary_large_image\" \/>\n<meta name=\"twitter:label1\" content=\"Tiempo de lectura\" \/>\n\t<meta name=\"twitter:data1\" content=\"10 minutos\" \/>\n<script type=\"application\/ld+json\" class=\"yoast-schema-graph\">{\"@context\":\"https:\\\/\\\/schema.org\",\"@graph\":[{\"@type\":\"WebPage\",\"@id\":\"https:\\\/\\\/www.feyalegria.org\\\/italia\\\/collabora\\\/\",\"url\":\"https:\\\/\\\/www.feyalegria.org\\\/italia\\\/collabora\\\/\",\"name\":\"Collabora - #SomosFeyAlegria en Italia\",\"isPartOf\":{\"@id\":\"https:\\\/\\\/www.feyalegria.org\\\/italia\\\/#website\"},\"datePublished\":\"2021-02-07T01:56:02+00:00\",\"dateModified\":\"2021-06-24T15:08:14+00:00\",\"inLanguage\":\"es\",\"potentialAction\":[{\"@type\":\"ReadAction\",\"target\":[\"https:\\\/\\\/www.feyalegria.org\\\/italia\\\/collabora\\\/\"]}]},{\"@type\":\"WebSite\",\"@id\":\"https:\\\/\\\/www.feyalegria.org\\\/italia\\\/#website\",\"url\":\"https:\\\/\\\/www.feyalegria.org\\\/italia\\\/\",\"name\":\"#SomosFeyAlegria en Italia\",\"description\":\"Movimiento de Educaci\u00f3n Popular y Promoci\u00f3n Social\",\"potentialAction\":[{\"@type\":\"SearchAction\",\"target\":{\"@type\":\"EntryPoint\",\"urlTemplate\":\"https:\\\/\\\/www.feyalegria.org\\\/italia\\\/?s={search_term_string}\"},\"query-input\":{\"@type\":\"PropertyValueSpecification\",\"valueRequired\":true,\"valueName\":\"search_term_string\"}}],\"inLanguage\":\"es\"}]}<\/script>\n<!-- \/ Yoast SEO plugin. -->","yoast_head_json":{"title":"Collabora - #SomosFeyAlegria en Italia","robots":{"index":"index","follow":"follow","max-snippet":"max-snippet:-1","max-image-preview":"max-image-preview:large","max-video-preview":"max-video-preview:-1"},"canonical":"https:\/\/www.feyalegria.org\/italia\/collabora\/","og_locale":"es_ES","og_type":"article","og_title":"Collabora - #SomosFeyAlegria en Italia","og_description":"[vc_row css=\u00bb.vc_custom_1597880605681{padding-top: 30px !important;}\u00bb][vc_column][\/vc_column][\/vc_row][vc_row][vc_column width=\u00bb2\/3&#8243;][vc_column_text] Costruisci il futuro con l&#8217;educazione. [\/vc_column_text][vc_column_text]Formazione umana ed accademica a favore dei pi\u00f9 vulnerabili come mezzo per l&#8217;integrazione e accedere a una vita degna.[\/vc_column_text][vc_column_text]Se anche tu credi che l&#8217;educazione rende libera la persona, promuove lo sviluppo e la trasformazione di una nuova societ\u00e0 unisciti a noi. Realizza un sostegno concreto","og_url":"https:\/\/www.feyalegria.org\/italia\/collabora\/","og_site_name":"#SomosFeyAlegria en Italia","article_modified_time":"2021-06-24T15:08:14+00:00","twitter_card":"summary_large_image","twitter_misc":{"Tiempo de lectura":"10 minutos"},"schema":{"@context":"https:\/\/schema.org","@graph":[{"@type":"WebPage","@id":"https:\/\/www.feyalegria.org\/italia\/collabora\/","url":"https:\/\/www.feyalegria.org\/italia\/collabora\/","name":"Collabora - #SomosFeyAlegria en Italia","isPartOf":{"@id":"https:\/\/www.feyalegria.org\/italia\/#website"},"datePublished":"2021-02-07T01:56:02+00:00","dateModified":"2021-06-24T15:08:14+00:00","inLanguage":"es","potentialAction":[{"@type":"ReadAction","target":["https:\/\/www.feyalegria.org\/italia\/collabora\/"]}]},{"@type":"WebSite","@id":"https:\/\/www.feyalegria.org\/italia\/#website","url":"https:\/\/www.feyalegria.org\/italia\/","name":"#SomosFeyAlegria en Italia","description":"Movimiento de Educaci\u00f3n Popular y Promoci\u00f3n Social","potentialAction":[{"@type":"SearchAction","target":{"@type":"EntryPoint","urlTemplate":"https:\/\/www.feyalegria.org\/italia\/?s={search_term_string}"},"query-input":{"@type":"PropertyValueSpecification","valueRequired":true,"valueName":"search_term_string"}}],"inLanguage":"es"}]}},"_links":{"self":[{"href":"https:\/\/www.feyalegria.org\/italia\/wp-json\/wp\/v2\/pages\/5721","targetHints":{"allow":["GET"]}}],"collection":[{"href":"https:\/\/www.feyalegria.org\/italia\/wp-json\/wp\/v2\/pages"}],"about":[{"href":"https:\/\/www.feyalegria.org\/italia\/wp-json\/wp\/v2\/types\/page"}],"author":[{"embeddable":true,"href":"https:\/\/www.feyalegria.org\/italia\/wp-json\/wp\/v2\/users\/19"}],"replies":[{"embeddable":true,"href":"https:\/\/www.feyalegria.org\/italia\/wp-json\/wp\/v2\/comments?post=5721"}],"version-history":[{"count":0,"href":"https:\/\/www.feyalegria.org\/italia\/wp-json\/wp\/v2\/pages\/5721\/revisions"}],"wp:attachment":[{"href":"https:\/\/www.feyalegria.org\/italia\/wp-json\/wp\/v2\/media?parent=5721"}],"wp:term":[{"taxonomy":"folder","embeddable":true,"href":"https:\/\/www.feyalegria.org\/italia\/wp-json\/wp\/v2\/folder?post=5721"}],"curies":[{"name":"wp","href":"https:\/\/api.w.org\/{rel}","templated":true}]}}