 {"id":7625,"date":"2025-09-22T05:22:50","date_gmt":"2025-09-22T10:22:50","guid":{"rendered":"https:\/\/www.feyalegria.org\/italia\/?page_id=7625"},"modified":"2025-09-22T06:46:59","modified_gmt":"2025-09-22T11:46:59","slug":"orientacion-fe-alegria-milano","status":"publish","type":"page","link":"https:\/\/www.feyalegria.org\/italia\/orientacion-fe-alegria-milano\/","title":{"rendered":"Orientaci\u00f3n Fe y Alegria Milano"},"content":{"rendered":"<div class=\"wpb-content-wrapper\"><p>[vc_row][vc_column]<div style=\"background-color:;height: 60 pxpx\" class=\"nicdark_section  \"><\/div>[vc_column_text css=\u00bb\u00bb]<\/p>\n<h3>Orientaci\u00f3n de Fe y Alegr\u00eda Milano: Servicio Educativo y Laboral<\/h3>\n<p>[\/vc_column_text]<div style=\"background-color:;height: 60 pxpx\" class=\"nicdark_section  \"><\/div>[\/vc_column][\/vc_row][vc_row][vc_column width=\u00bb1\/2&#8243;][vc_column_text css=\u00bb\u00bb]<\/p>\n<p data-start=\"184\" data-end=\"443\">La <strong data-start=\"914\" data-end=\"952\">Orientaci\u00f3n de Fe y Alegr\u00eda Milano<\/strong> es un servicio educativo y laboral dise\u00f1ado para j\u00f3venes y adultos migrantes. Con nuestro apoyo, cada persona puede <strong data-start=\"1069\" data-end=\"1184\">planificar su formaci\u00f3n, integrarse mejor en la sociedad italiana y acceder a oportunidades de estudio y empleo<\/strong>. Descubre c\u00f3mo acompa\u00f1amos a nuestros estudiantes en cada paso de su desarrollo personal y profesional.<\/p>\n<p>[\/vc_column_text][vc_column_text css=\u00bb\u00bb]<\/p>\n<p data-start=\"184\" data-end=\"443\">La <strong data-start=\"323\" data-end=\"361\">Orientaci\u00f3n de Fe y Alegr\u00eda Milano<\/strong> ofrece un servicio educativo y laboral dirigido a j\u00f3venes y adultos migrantes. Acompa\u00f1amos a cada persona en la construcci\u00f3n de su camino de formaci\u00f3n, integraci\u00f3n y desarrollo personal, brindando herramientas para acceder a estudios y empleo en Italia.<\/p>\n<p>[\/vc_column_text][vc_column_text css=\u00bb\u00bb]<\/p>\n<h3>Qu\u00e9 incluye nuestro servicio de orientaci\u00f3n<\/h3>\n<p>[\/vc_column_text][vc_column_text css=\u00bb\u00bb]<\/p>\n<ul data-start=\"670\" data-end=\"1443\">\n<li data-start=\"670\" data-end=\"791\">\n<ul data-start=\"1343\" data-end=\"2127\">\n<li data-start=\"1343\" data-end=\"1464\">\n<p data-start=\"1345\" data-end=\"1464\"><strong data-start=\"1345\" data-end=\"1391\">Talleres de autoconocimiento y motivaci\u00f3n:<\/strong> descubrir intereses, habilidades y reforzar la confianza y autoestima.<\/p>\n<\/li>\n<li data-start=\"1465\" data-end=\"1638\">\n<p data-start=\"1467\" data-end=\"1638\"><strong data-start=\"1467\" data-end=\"1506\">Sesiones informativas y formativas:<\/strong> conocer opciones de estudio, mercado laboral, derechos y deberes en Italia, contexto laboral y habilidades blandas (soft-skills).<\/p>\n<\/li>\n<li data-start=\"1639\" data-end=\"1767\">\n<p data-start=\"1641\" data-end=\"1767\"><strong data-start=\"1641\" data-end=\"1673\">Asesoramiento personalizado:<\/strong> planificaci\u00f3n de itinerarios educativos y laborales seg\u00fan situaci\u00f3n, intereses y objetivos.<\/p>\n<\/li>\n<li data-start=\"1768\" data-end=\"2009\">\n<p data-start=\"1770\" data-end=\"2009\"><strong data-start=\"1770\" data-end=\"1822\">Conexi\u00f3n con la comunidad y recursos educativos:<\/strong> encuentros con universidades, empresas, programas especiales, ferias de empleo, acceso a plataformas de formaci\u00f3n como Cisco Academy y se\u00f1alizaci\u00f3n de becas y oportunidades formativas.<\/p>\n<\/li>\n<li data-start=\"2010\" data-end=\"2127\">\n<p data-start=\"2012\" data-end=\"2127\"><strong data-start=\"2012\" data-end=\"2054\">Preparaci\u00f3n para la inserci\u00f3n laboral:<\/strong> elaboraci\u00f3n de CV, cartas de presentaci\u00f3n y simulaciones de entrevistas.<\/p>\n<\/li>\n<\/ul>\n<p data-start=\"2129\" data-end=\"2352\">Nuestros <strong data-start=\"2138\" data-end=\"2172\">educadores, coach y psic\u00f3logos<\/strong> acompa\u00f1an a cada participante de manera personalizada, motivando e inspirando durante todo el proceso para que pueda <strong data-start=\"2290\" data-end=\"2351\">tomar decisiones conscientes y construir un futuro seguro<\/strong>.<\/p>\n<\/li>\n<\/ul>\n<p>[\/vc_column_text][\/vc_column][vc_column width=\u00bb1\/2&#8243;]<div class=\"mpc-carousel__wrapper mpc-waypoint\"><div id=\"mpc_carousel_image-1069d0e1d758b63\" class=\"mpc-carousel-image mpc-init mpc-layout--classic mpc-effect--none \"  data-mpcslick='{\"infinite\":false,\"autoplay\":false,\"slidesToShow\":4,\"slidesToScroll\":4,\"centerMode\":false,\"initialSlide\":0,\"speed\":500}' data-slick-cols=\"4\"><div target=\"\"class=\"mpc-carousel__item-wrapper\" data-height=\"500\"><div onclick=\"\" class=\"mpc-item mpc-transition\"><div class=\"mpc-border\"><\/div><img loading=\"lazy\" decoding=\"async\" width=\"300\" height=\"300\" src=\"https:\/\/d3pugrm67vf9n7.cloudfront.net\/wp-content\/uploads\/sites\/6\/2025\/09\/17175735\/Untitled-design-12-300x300.png\" class=\"mpc-transition attachment-medium\" alt=\"\" title=\"Estudiantes participando en sesiones de orientaci\u00f3n de Fe y Alegr\u00eda Milano\" srcset=\"https:\/\/d3pugrm67vf9n7.cloudfront.net\/wp-content\/uploads\/sites\/6\/2025\/09\/17175735\/Untitled-design-12-300x300.png 300w, https:\/\/d3pugrm67vf9n7.cloudfront.net\/wp-content\/uploads\/sites\/6\/2025\/09\/17175735\/Untitled-design-12-150x150.png 150w, https:\/\/d3pugrm67vf9n7.cloudfront.net\/wp-content\/uploads\/sites\/6\/2025\/09\/17175735\/Untitled-design-12.png 500w\" sizes=\"auto, (max-width: 300px) 100vw, 300px\" \/><\/div><\/div><div target=\"\"class=\"mpc-carousel__item-wrapper\" data-height=\"1024\"><div onclick=\"\" class=\"mpc-item mpc-transition\"><div class=\"mpc-border\"><\/div><img loading=\"lazy\" decoding=\"async\" width=\"300\" height=\"300\" src=\"https:\/\/d3pugrm67vf9n7.cloudfront.net\/wp-content\/uploads\/sites\/6\/2025\/09\/22053512\/Copy-of-Copy-of-Orientamento-Marzo-2021-FyA-Roma-300x300.png\" class=\"mpc-transition attachment-medium\" alt=\"\" title=\"Encuentro con universidades en la Orientaci\u00f3n de Fe y Alegr\u00eda Milano\" srcset=\"https:\/\/d3pugrm67vf9n7.cloudfront.net\/wp-content\/uploads\/sites\/6\/2025\/09\/22053512\/Copy-of-Copy-of-Orientamento-Marzo-2021-FyA-Roma-300x300.png 300w, https:\/\/d3pugrm67vf9n7.cloudfront.net\/wp-content\/uploads\/sites\/6\/2025\/09\/22053512\/Copy-of-Copy-of-Orientamento-Marzo-2021-FyA-Roma-1024x1024.png 1024w, https:\/\/d3pugrm67vf9n7.cloudfront.net\/wp-content\/uploads\/sites\/6\/2025\/09\/22053512\/Copy-of-Copy-of-Orientamento-Marzo-2021-FyA-Roma-150x150.png 150w, https:\/\/d3pugrm67vf9n7.cloudfront.net\/wp-content\/uploads\/sites\/6\/2025\/09\/22053512\/Copy-of-Copy-of-Orientamento-Marzo-2021-FyA-Roma-768x768.png 768w, https:\/\/d3pugrm67vf9n7.cloudfront.net\/wp-content\/uploads\/sites\/6\/2025\/09\/22053512\/Copy-of-Copy-of-Orientamento-Marzo-2021-FyA-Roma.png 1080w\" sizes=\"auto, (max-width: 300px) 100vw, 300px\" \/><\/div><\/div><div target=\"\"class=\"mpc-carousel__item-wrapper\" data-height=\"768\"><div onclick=\"\" class=\"mpc-item mpc-transition\"><div class=\"mpc-border\"><\/div><img loading=\"lazy\" decoding=\"async\" width=\"300\" height=\"225\" src=\"https:\/\/d3pugrm67vf9n7.cloudfront.net\/wp-content\/uploads\/sites\/6\/2025\/09\/22053543\/IMG-20241123-WA0002-300x225.jpg\" class=\"mpc-transition attachment-medium\" alt=\"\" title=\"Estudiantes participando en sesiones de orientaci\u00f3n de Fe y Alegr\u00eda Milano\" srcset=\"https:\/\/d3pugrm67vf9n7.cloudfront.net\/wp-content\/uploads\/sites\/6\/2025\/09\/22053543\/IMG-20241123-WA0002-300x225.jpg 300w, https:\/\/d3pugrm67vf9n7.cloudfront.net\/wp-content\/uploads\/sites\/6\/2025\/09\/22053543\/IMG-20241123-WA0002-1024x768.jpg 1024w, https:\/\/d3pugrm67vf9n7.cloudfront.net\/wp-content\/uploads\/sites\/6\/2025\/09\/22053543\/IMG-20241123-WA0002-768x576.jpg 768w, https:\/\/d3pugrm67vf9n7.cloudfront.net\/wp-content\/uploads\/sites\/6\/2025\/09\/22053543\/IMG-20241123-WA0002-1536x1152.jpg 1536w, https:\/\/d3pugrm67vf9n7.cloudfront.net\/wp-content\/uploads\/sites\/6\/2025\/09\/22053543\/IMG-20241123-WA0002.jpg 1600w\" sizes=\"auto, (max-width: 300px) 100vw, 300px\" \/><\/div><\/div><div target=\"\"class=\"mpc-carousel__item-wrapper\" data-height=\"549\"><div onclick=\"\" class=\"mpc-item mpc-transition\"><div class=\"mpc-border\"><\/div><img loading=\"lazy\" decoding=\"async\" width=\"300\" height=\"161\" src=\"https:\/\/d3pugrm67vf9n7.cloudfront.net\/wp-content\/uploads\/sites\/6\/2025\/09\/22053540\/Immagine-2025-07-16-191900-ORIENTAMENTO-BICOCCA-300x161.png\" class=\"mpc-transition attachment-medium\" alt=\"\" title=\"Encuentro con universidades en la Orientaci\u00f3n de Fe y Alegr\u00eda Milano\" srcset=\"https:\/\/d3pugrm67vf9n7.cloudfront.net\/wp-content\/uploads\/sites\/6\/2025\/09\/22053540\/Immagine-2025-07-16-191900-ORIENTAMENTO-BICOCCA-300x161.png 300w, https:\/\/d3pugrm67vf9n7.cloudfront.net\/wp-content\/uploads\/sites\/6\/2025\/09\/22053540\/Immagine-2025-07-16-191900-ORIENTAMENTO-BICOCCA-1024x549.png 1024w, https:\/\/d3pugrm67vf9n7.cloudfront.net\/wp-content\/uploads\/sites\/6\/2025\/09\/22053540\/Immagine-2025-07-16-191900-ORIENTAMENTO-BICOCCA-768x412.png 768w, https:\/\/d3pugrm67vf9n7.cloudfront.net\/wp-content\/uploads\/sites\/6\/2025\/09\/22053540\/Immagine-2025-07-16-191900-ORIENTAMENTO-BICOCCA-1536x824.png 1536w, https:\/\/d3pugrm67vf9n7.cloudfront.net\/wp-content\/uploads\/sites\/6\/2025\/09\/22053540\/Immagine-2025-07-16-191900-ORIENTAMENTO-BICOCCA.png 1898w\" sizes=\"auto, (max-width: 300px) 100vw, 300px\" \/><\/div><\/div><\/div><div class=\"mpc-navigation mpc-init mpc-align--left mpc-navigation--style_1  mpc-nav-preset--\" data-mpcslider=\"mpc_carousel_image-1069d0e1d758b63\"><div class=\"mpc-nav__arrow mpcslick-prev\"><div class=\"mpc-nav__icon mpc-transition\"><i class=\"\"><div class=\"mpc-nav__background mpc-transition mpc-effect-type--fade mpc-effect-side--in\"><\/div><\/i><\/div><\/div><div class=\"mpc-nav__arrow mpcslick-next\"><div class=\"mpc-nav__icon mpc-transition\"><i class=\"\"><div class=\"mpc-nav__background mpc-transition mpc-effect-type--fade mpc-effect-side--in\"><\/div><\/i><\/div><\/div><\/div><\/div>[\/vc_column][\/vc_row][vc_row][vc_column][vc_column_text css=\u00bb\u00bb]<\/p>\n<h3>Historias de \u00e9xito<\/h3>\n<p>[\/vc_column_text][vc_column_text css=\u00bb\u00bb]<\/p>\n<p data-start=\"1317\" data-end=\"1419\">Gracias a la <strong data-start=\"1330\" data-end=\"1368\">orientaci\u00f3n de Fe y Alegr\u00eda Milano<\/strong>, muchos exalumnos han logrado metas importantes:<\/p>\n<ul>\n<li><span style=\"color: #333333;\">Algunos de nuestros exalumnos han cursado o cursan estudios en <strong data-start=\"1475\" data-end=\"1505\">universidades de prestigio. <\/strong>En diferentes facultades, desde Derecho, Ingenier\u00eda inform\u00e1tica, Enfermer\u00eda, Empresariales hasta Dise\u00f1o.<\/span><\/li>\n<li data-start=\"1543\" data-end=\"1640\">\n<p data-start=\"1545\" data-end=\"1640\">Otros han completado formaciones m\u00e1s cortas y trabajan en empresas como <strong data-start=\"1617\" data-end=\"1637\">Intesa San Paolo<\/strong>.<\/p>\n<\/li>\n<li data-start=\"1641\" data-end=\"1703\">\n<p data-start=\"1643\" data-end=\"1703\">M\u00e1s del <strong data-start=\"1651\" data-end=\"1700\">85% ha mejorado su vida profesional y laboral<\/strong>.<\/p>\n<\/li>\n<\/ul>\n<p>[\/vc_column_text][vc_column_text css=\u00bb\u00bb]<\/p>\n<h3>Encuentros de primer nivel<\/h3>\n<p>[\/vc_column_text][vc_column_text css=\u00bb\u00bb]<\/p>\n<p data-start=\"1739\" data-end=\"1823\">Organizamos encuentros con actores educativos y profesionales de referencia, como:<\/p>\n<ul>\n<li data-start=\"1825\" data-end=\"1845\"><span style=\"color: #333333;\"><strong data-start=\"1825\" data-end=\"1843\">Universidades: <\/strong>Universit\u00e0 degli Studi di Milano (La Statale) y la Universit\u00e0 Bicocca di Milano.<\/span><\/li>\n<li data-start=\"1825\" data-end=\"1845\"><span style=\"color: #333333;\"><strong>ITS:\u00a0<\/strong> ITS Nuove Tecnologie della Vita Academy \u2013 1\u00b0 ITS en Italia, \u00c1rea Qu\u00edmica y Nuevas Tecnolog\u00edas de la Vida<\/span><\/li>\n<li data-start=\"2047\" data-end=\"2084\"><span style=\"color: #333333;\"><strong data-start=\"2047\" data-end=\"2082\">Entes de formaci\u00f3n profesional: <\/strong>Cisco Academy<\/span><\/li>\n<li data-start=\"2104\" data-end=\"2131\"><span style=\"color: #333333;\"><strong data-start=\"2104\" data-end=\"2129\">Programas especiales:<\/strong>Percorso <em data-start=\"2143\" data-end=\"2155\">Scegli tu!<\/em> de Caritas Ambrosiana<\/span><\/li>\n<\/ul>\n<p data-start=\"2181\" data-end=\"2294\">Estos encuentros permiten a los estudiantes conocer oportunidades de estudio, formaci\u00f3n y empleo de primera mano.<\/p>\n<p>[\/vc_column_text][\/vc_column][\/vc_row][vc_row][vc_column][vc_column_text css=\u00bb\u00bb]<\/p>\n<h3>Destinatarios<\/h3>\n<p>[\/vc_column_text][vc_column_text css=\u00bb\u00bb]<\/p>\n<p data-start=\"1743\" data-end=\"2127\">Actualmente, la mayor\u00eda de estos servicios est\u00e1 dirigida a estudiantes del <strong data-start=\"2408\" data-end=\"2429\"><a href=\"https:\/\/www.feyalegria.org\/italia\/instituto-irfeyal-fe-y-alegria-milano\/\">Instituto IRFEYAL<\/a>, j\u00f3venes y adultos latinoamericanos. <\/strong>En IRFEYAL completan sus estudios para obtener un diploma equivalente a la secundaria de segundo grado, lo que les permite acceder a oportunidades educativas y laborales en Italia.<\/p>\n<p data-start=\"1743\" data-end=\"2127\"><strong data-start=\"2408\" data-end=\"2429\"><br \/>\n<\/strong>Nuestro objetivo es <strong data-start=\"2451\" data-end=\"2513\">ampliar progresivamente la orientaci\u00f3n a toda la comunidad<\/strong>, ofreciendo apoyo a quienes buscan mejorar su vida a trav\u00e9s de la educaci\u00f3n y favorecer una integraci\u00f3n plena. Estamos trabajando activamente para conseguir los recursos necesarios.<\/p>\n<p data-start=\"2129\" data-end=\"2253\"><strong data-start=\"2129\" data-end=\"2170\">Sigue<a href=\"https:\/\/www.facebook.com\/feyalegriamilanoirfeyalmilano\"> nuestra p\u00e1gina de Facebook<\/a><\/strong> para estar informado sobre los talleres y sesiones que ofrecemos a toda la comunidad.<\/p>\n<p>[\/vc_column_text][\/vc_column][\/vc_row]<\/p>\n<\/div>","protected":false},"excerpt":{"rendered":"<p>[vc_row][vc_column][vc_column_text css=\u00bb\u00bb] Orientaci\u00f3n de Fe y Alegr\u00eda Milano: Servicio Educativo y Laboral [\/vc_column_text][\/vc_column][\/vc_row][vc_row][vc_column width=\u00bb1\/2&#8243;][vc_column_text css=\u00bb\u00bb] La Orientaci\u00f3n de Fe y Alegr\u00eda Milano es un servicio educativo y laboral dise\u00f1ado para j\u00f3venes y adultos migrantes. Con nuestro apoyo, cada persona puede planificar su formaci\u00f3n, integrarse mejor en la sociedad italiana y acceder a oportunidades de estudio<\/p>\n","protected":false},"author":9,"featured_media":0,"parent":0,"menu_order":0,"comment_status":"closed","ping_status":"closed","template":"","meta":{"_acf_changed":false,"footnotes":""},"folder":[],"class_list":["post-7625","page","type-page","status-publish","hentry"],"acf":[],"yoast_head":"<!-- This site is optimized with the Yoast SEO plugin v27.2 - https:\/\/yoast.com\/product\/yoast-seo-wordpress\/ -->\n<title>Orientaci\u00f3n Fe y Alegria Milano - #SomosFeyAlegria en Italia<\/title>\n<meta name=\"description\" content=\"Descubre la Orientaci\u00f3n de Fe y Alegr\u00eda Milano: talleres, asesoramiento y recursos educativos para j\u00f3venes y adultos migrantes en Italia.\" \/>\n<meta name=\"robots\" content=\"index, follow, max-snippet:-1, max-image-preview:large, max-video-preview:-1\" \/>\n<link rel=\"canonical\" href=\"https:\/\/www.feyalegria.org\/italia\/orientacion-fe-alegria-milano\/\" \/>\n<meta property=\"og:locale\" content=\"es_ES\" \/>\n<meta property=\"og:type\" content=\"article\" \/>\n<meta property=\"og:title\" content=\"Orientaci\u00f3n Fe y Alegria Milano - #SomosFeyAlegria en Italia\" \/>\n<meta property=\"og:description\" content=\"Descubre la Orientaci\u00f3n de Fe y Alegr\u00eda Milano: talleres, asesoramiento y recursos educativos para j\u00f3venes y adultos migrantes en Italia.\" \/>\n<meta property=\"og:url\" content=\"https:\/\/www.feyalegria.org\/italia\/orientacion-fe-alegria-milano\/\" \/>\n<meta property=\"og:site_name\" content=\"#SomosFeyAlegria en Italia\" \/>\n<meta property=\"article:modified_time\" content=\"2025-09-22T11:46:59+00:00\" \/>\n<meta name=\"twitter:card\" content=\"summary_large_image\" \/>\n<meta name=\"twitter:label1\" content=\"Tiempo de lectura\" \/>\n\t<meta name=\"twitter:data1\" content=\"4 minutos\" \/>\n<script type=\"application\/ld+json\" class=\"yoast-schema-graph\">{\"@context\":\"https:\/\/schema.org\",\"@graph\":[{\"@type\":\"WebPage\",\"@id\":\"https:\/\/www.feyalegria.org\/italia\/orientacion-fe-alegria-milano\/\",\"url\":\"https:\/\/www.feyalegria.org\/italia\/orientacion-fe-alegria-milano\/\",\"name\":\"Orientaci\u00f3n Fe y Alegria Milano - #SomosFeyAlegria en Italia\",\"isPartOf\":{\"@id\":\"https:\/\/www.feyalegria.org\/italia\/#website\"},\"datePublished\":\"2025-09-22T10:22:50+00:00\",\"dateModified\":\"2025-09-22T11:46:59+00:00\",\"description\":\"Descubre la Orientaci\u00f3n de Fe y Alegr\u00eda Milano: talleres, asesoramiento y recursos educativos para j\u00f3venes y adultos migrantes en Italia.\",\"inLanguage\":\"es\",\"potentialAction\":[{\"@type\":\"ReadAction\",\"target\":[\"https:\/\/www.feyalegria.org\/italia\/orientacion-fe-alegria-milano\/\"]}]},{\"@type\":\"WebSite\",\"@id\":\"https:\/\/www.feyalegria.org\/italia\/#website\",\"url\":\"https:\/\/www.feyalegria.org\/italia\/\",\"name\":\"#SomosFeyAlegria en Italia\",\"description\":\"Movimiento de Educaci\u00f3n Popular y Promoci\u00f3n Social\",\"potentialAction\":[{\"@type\":\"SearchAction\",\"target\":{\"@type\":\"EntryPoint\",\"urlTemplate\":\"https:\/\/www.feyalegria.org\/italia\/?s={search_term_string}\"},\"query-input\":{\"@type\":\"PropertyValueSpecification\",\"valueRequired\":true,\"valueName\":\"search_term_string\"}}],\"inLanguage\":\"es\"}]}<\/script>\n<!-- \/ Yoast SEO plugin. -->","yoast_head_json":{"title":"Orientaci\u00f3n Fe y Alegria Milano - #SomosFeyAlegria en Italia","description":"Descubre la Orientaci\u00f3n de Fe y Alegr\u00eda Milano: talleres, asesoramiento y recursos educativos para j\u00f3venes y adultos migrantes en Italia.","robots":{"index":"index","follow":"follow","max-snippet":"max-snippet:-1","max-image-preview":"max-image-preview:large","max-video-preview":"max-video-preview:-1"},"canonical":"https:\/\/www.feyalegria.org\/italia\/orientacion-fe-alegria-milano\/","og_locale":"es_ES","og_type":"article","og_title":"Orientaci\u00f3n Fe y Alegria Milano - #SomosFeyAlegria en Italia","og_description":"Descubre la Orientaci\u00f3n de Fe y Alegr\u00eda Milano: talleres, asesoramiento y recursos educativos para j\u00f3venes y adultos migrantes en Italia.","og_url":"https:\/\/www.feyalegria.org\/italia\/orientacion-fe-alegria-milano\/","og_site_name":"#SomosFeyAlegria en Italia","article_modified_time":"2025-09-22T11:46:59+00:00","twitter_card":"summary_large_image","twitter_misc":{"Tiempo de lectura":"4 minutos"},"schema":{"@context":"https:\/\/schema.org","@graph":[{"@type":"WebPage","@id":"https:\/\/www.feyalegria.org\/italia\/orientacion-fe-alegria-milano\/","url":"https:\/\/www.feyalegria.org\/italia\/orientacion-fe-alegria-milano\/","name":"Orientaci\u00f3n Fe y Alegria Milano - #SomosFeyAlegria en Italia","isPartOf":{"@id":"https:\/\/www.feyalegria.org\/italia\/#website"},"datePublished":"2025-09-22T10:22:50+00:00","dateModified":"2025-09-22T11:46:59+00:00","description":"Descubre la Orientaci\u00f3n de Fe y Alegr\u00eda Milano: talleres, asesoramiento y recursos educativos para j\u00f3venes y adultos migrantes en Italia.","inLanguage":"es","potentialAction":[{"@type":"ReadAction","target":["https:\/\/www.feyalegria.org\/italia\/orientacion-fe-alegria-milano\/"]}]},{"@type":"WebSite","@id":"https:\/\/www.feyalegria.org\/italia\/#website","url":"https:\/\/www.feyalegria.org\/italia\/","name":"#SomosFeyAlegria en Italia","description":"Movimiento de Educaci\u00f3n Popular y Promoci\u00f3n Social","potentialAction":[{"@type":"SearchAction","target":{"@type":"EntryPoint","urlTemplate":"https:\/\/www.feyalegria.org\/italia\/?s={search_term_string}"},"query-input":{"@type":"PropertyValueSpecification","valueRequired":true,"valueName":"search_term_string"}}],"inLanguage":"es"}]}},"_links":{"self":[{"href":"https:\/\/www.feyalegria.org\/italia\/wp-json\/wp\/v2\/pages\/7625","targetHints":{"allow":["GET"]}}],"collection":[{"href":"https:\/\/www.feyalegria.org\/italia\/wp-json\/wp\/v2\/pages"}],"about":[{"href":"https:\/\/www.feyalegria.org\/italia\/wp-json\/wp\/v2\/types\/page"}],"author":[{"embeddable":true,"href":"https:\/\/www.feyalegria.org\/italia\/wp-json\/wp\/v2\/users\/9"}],"replies":[{"embeddable":true,"href":"https:\/\/www.feyalegria.org\/italia\/wp-json\/wp\/v2\/comments?post=7625"}],"version-history":[{"count":13,"href":"https:\/\/www.feyalegria.org\/italia\/wp-json\/wp\/v2\/pages\/7625\/revisions"}],"predecessor-version":[{"id":7643,"href":"https:\/\/www.feyalegria.org\/italia\/wp-json\/wp\/v2\/pages\/7625\/revisions\/7643"}],"wp:attachment":[{"href":"https:\/\/www.feyalegria.org\/italia\/wp-json\/wp\/v2\/media?parent=7625"}],"wp:term":[{"taxonomy":"folder","embeddable":true,"href":"https:\/\/www.feyalegria.org\/italia\/wp-json\/wp\/v2\/folder?post=7625"}],"curies":[{"name":"wp","href":"https:\/\/api.w.org\/{rel}","templated":true}]}}