 {"id":2190,"date":"2020-12-01T04:49:23","date_gmt":"2020-12-01T04:49:23","guid":{"rendered":"https:\/\/www.feyalegria.org\/panama\/?page_id=2190"},"modified":"2023-03-27T02:47:21","modified_gmt":"2023-03-27T02:47:21","slug":"identidad","status":"publish","type":"page","link":"https:\/\/www.feyalegria.org\/panama\/identidad\/","title":{"rendered":"Identidad"},"content":{"rendered":"<div class=\"wpb-content-wrapper\"><p>[vc_row][vc_column]<div style=\"background-color:;height: 30px\" class=\"nicdark_section  \"><\/div>[vc_column_text]<\/p>\n<p style=\"text-align: justify\">Fe y Alegr\u00eda es un Movimiento Internacional de Educaci\u00f3n Popular y Promoci\u00f3n Social, parte del apostolado de la Compa\u00f1\u00eda de Jes\u00fas en colaboraci\u00f3n con diversas personas e instituciones comprometidas con la construcci\u00f3n de un mundo m\u00e1s humano y justo. Presente en Panam\u00e1 desde 1965, Fe y Alegr\u00eda ha aportado en el pa\u00eds a la misi\u00f3n educativa y de promoci\u00f3n social.<\/p>\n<p>&nbsp;<\/p>\n<p style=\"text-align: justify\">Desde 2017 Fe y Alegr\u00eda-Panam\u00e1 estructur\u00f3 un servicio de atenci\u00f3n a poblaci\u00f3n migrante como respuesta al cada vez m\u00e1s notable n\u00famero de extranjeros viviendo en el pa\u00eds. Esta misi\u00f3n expresamente delegada por el Padre Provincial de los Jesuitas en Centroam\u00e9rica fue asumida de forma inmediata e integrada a la Red Jesuita con Migrantes Latinoam\u00e9rica y ubicada en la denominada regi\u00f3n Centroamericana. Desde ese a\u00f1o se iniciaron ingentes esfuerzos por perfilar no solo a los sujetos de atenci\u00f3n sino la manera m\u00e1s adecuada de poder servirles.<\/p>\n<p>[\/vc_column_text][\/vc_column][\/vc_row][vc_row equal_height=\u00bbyes\u00bb content_placement=\u00bbtop\u00bb enable_second_overlay=\u00bbtrue\u00bb second_overlay_opacity=\u00bb50&#8243; second_background_color=\u00bb#f3f3f3&#8243; enable_parallax=\u00bbtrue\u00bb parallax_style=\u00bbclassic-fast\u00bb css=\u00bb.vc_custom_1607570626377{border-radius: 10px !important;}\u00bb][vc_column width=\u00bb1\/2&#8243; css=\u00bb.vc_custom_1606780732654{padding-top: 30px !important;}\u00bb][vc_row_inner][vc_column_inner width=\u00bb1\/2&#8243;][vc_single_image image=\u00bb3051&#8243; alignment=\u00bbcenter\u00bb style=\u00bbvc_box_circle_2&#8243;][\/vc_column_inner][vc_column_inner width=\u00bb1\/2&#8243;][vc_column_text css=\u00bb.vc_custom_1607977286313{padding-top: 80px !important;}\u00bb]<\/p>\n<h2 style=\"text-align: left\">Misi\u00f3n<\/h2>\n<p>[\/vc_column_text][\/vc_column_inner][\/vc_row_inner][vc_column_text css=\u00bb.vc_custom_1679258070297{padding-right: 40px !important;padding-left: 40px !important;}\u00bb]<\/p>\n<p style=\"text-align: justify\"><span style=\"font-weight: 400\">Fe y Alegr\u00eda es un Movimiento Internacional de Educaci\u00f3n Popular Integral y Promoci\u00f3n Social, que impulsa desde, con y para las comunidades en que trabaja, procesos educativos integrales, inclusivos y de calidad, comprometi\u00e9ndose en la transformaci\u00f3n de las personas y la promoci\u00f3n de\u00a0<\/span><span style=\"font-weight: 400\">una ciudadan\u00eda global para la construcci\u00f3n de sistemas sociales justos y democr\u00e1ticos.<\/span><\/p>\n<p>[\/vc_column_text][\/vc_column][vc_column width=\u00bb1\/2&#8243; css=\u00bb.vc_custom_1595209528006{padding-top: 30px !important;}\u00bb][vc_row_inner][vc_column_inner width=\u00bb1\/2&#8243;][vc_single_image image=\u00bb3059&#8243; alignment=\u00bbcenter\u00bb style=\u00bbvc_box_circle_2&#8243;][\/vc_column_inner][vc_column_inner width=\u00bb1\/2&#8243;][vc_column_text css=\u00bb.vc_custom_1607836725774{padding-top: 80px !important;}\u00bb]<\/p>\n<h2 style=\"text-align: left\">Visi\u00f3n<\/h2>\n<p>[\/vc_column_text][\/vc_column_inner][\/vc_row_inner][vc_column_text css=\u00bb.vc_custom_1679258052672{padding-right: 40px !important;padding-left: 40px !important;}\u00bb]<\/p>\n<p style=\"text-align: justify\"><span style=\"font-weight: 400\">Fe y Alegr\u00eda es un referente de la educaci\u00f3n popular integral, inclusiva y de calidad que trabaja en las fronteras de mayor exclusi\u00f3n, que incide en pol\u00edticas nacionales e internacionales, es sostenible y desarrolla, junto a las comunidades, propuestas que aportan a la construcci\u00f3n de sociedades <\/span><span style=\"font-weight: 400\">equitativas, solidarias, libres de violencia y respetuosas de la diversidad, donde las personas viven\u00a0dignamente.<\/span><\/p>\n<p>[\/vc_column_text][\/vc_column][\/vc_row][vc_row][vc_column]<div style=\"background-color:;height: 40px\" class=\"nicdark_section  \"><\/div>[\/vc_column][\/vc_row][vc_row][vc_column][vc_column_text]<\/p>\n<h3 style=\"text-align: left\"><strong><span style=\"color: #aa0f16\">Principios Inspiradores<\/span><\/strong><\/h3>\n<p>[\/vc_column_text][\/vc_column][\/vc_row][vc_row][vc_column][vc_tta_tabs style=\u00bbmodern\u00bb spacing=\u00bb\u00bb active_section=\u00bb1&#8243;][vc_tta_section i_icon_fontawesome=\u00bbfas fa-church\u00bb add_icon=\u00bbtrue\u00bb title=\u00bbLa fe\u00bb tab_id=\u00bb1606787920942-2439de08-f608&#8243;][vc_row_inner][vc_column_inner width=\u00bb1\/4&#8243; css=\u00bb.vc_custom_1606798417398{margin-top: 20px !important;}\u00bb][vc_single_image image=\u00bb2372&#8243; img_size=\u00bbmedium\u00bb][\/vc_column_inner][vc_column_inner width=\u00bb3\/4&#8243;][vc_column_text css=\u00bb.vc_custom_1606798496193{margin-right: 50px !important;}\u00bb]<\/p>\n<p>&nbsp;<\/p>\n<p>&nbsp;<\/p>\n<ul>\n<li>Seguimiento de Jes\u00fas<\/li>\n<li>Experiencia de Jes\u00fas<\/li>\n<li>Rostro de Jes\u00fas en los empobrecidos<\/li>\n<li>Hombres \u2013 Mujeres nuevos seg\u00fan los valores del evangelio.<br \/>\n[\/vc_column_text][\/vc_column_inner][\/vc_row_inner][\/vc_tta_section][vc_tta_section i_icon_fontawesome=\u00bbfas fa-heart\u00bb add_icon=\u00bbtrue\u00bb title=\u00bbLa alegr\u00eda\u00bb tab_id=\u00bb1606787920989-6bcc502f-a6f2&#8243;][vc_row_inner][vc_column_inner width=\u00bb1\/4&#8243; css=\u00bb.vc_custom_1606798687783{margin-top: 40px !important;}\u00bb][vc_single_image image=\u00bb2373&#8243; img_size=\u00bbmedium\u00bb][\/vc_column_inner][vc_column_inner width=\u00bb3\/4&#8243;][vc_column_text css=\u00bb.vc_custom_1679884885073{margin-right: 50px !important;}\u00bb]&nbsp;<\/p>\n<p>&nbsp;<\/p>\n<ul>\n<li>La experiencia de Jes\u00fas Resucitado, tal como se nos muestra en el camino a Ema\u00fas (Lc. 24:13-35)<\/li>\n<li>Ser buena noticia, salir al encuentro de los excluidos, empobrecidos y marginados.<\/li>\n<li>Comunidades para el Reino de Dios (Hechos. 2, 42-46; Hechos. 4, 32-36)<\/li>\n<\/ul>\n<p>[\/vc_column_text][\/vc_column_inner][\/vc_row_inner][\/vc_tta_section][vc_tta_section i_icon_fontawesome=\u00bbfas fa-book-reader\u00bb add_icon=\u00bbtrue\u00bb title=\u00bbEducaci\u00f3n Popular\u00bb tab_id=\u00bb1606787921096-11151eb9-217f\u00bb][vc_row_inner][vc_column_inner width=\u00bb1\/4&#8243; css=\u00bb.vc_custom_1606798938294{margin-top: 40px !important;}\u00bb][vc_single_image image=\u00bb2445&#8243; img_size=\u00bbmedium\u00bb css=\u00bb.vc_custom_1607644130428{margin-top: 10px !important;}\u00bb][\/vc_column_inner][vc_column_inner width=\u00bb3\/4&#8243;][vc_column_text]<\/p>\n<p>&nbsp;<\/p>\n<p>&nbsp;<\/p>\n<ul>\n<li>Educaci\u00f3n desde el contexto donde se implementa una propuesta \u00e9tica, pedag\u00f3gica, pol\u00edtica, integradora, Inclusiva.<\/li>\n<li>Formaci\u00f3n socio educativa de las personas.<\/li>\n<li>Desarrollo de las personas conscientes de su realidad y que luchen para vivir con dignidad.<\/li>\n<li>Desarrolla actitudes, aptitudes y valores<\/li>\n<li>Desarrolla los conocimientos, habilidades y destrezas para la vida.<\/li>\n<li>Espacio que integra los contextos familiares y comunitarios.<\/li>\n<li>Proceso orientado a formar \u201cen y para la vida\u201d y \u201cen y para el trabajo\u201d.<\/li>\n<\/ul>\n<p>[\/vc_column_text][\/vc_column_inner][\/vc_row_inner][\/vc_tta_section][vc_tta_section i_icon_fontawesome=\u00bbfas fa-users\u00bb add_icon=\u00bbtrue\u00bb title=\u00bbPromoci\u00f3n Social\u00bb tab_id=\u00bb1606787921202-85639c8f-37c5&#8243;][vc_row_inner][vc_column_inner width=\u00bb1\/4&#8243; css=\u00bb.vc_custom_1606798925528{margin-top: 10px !important;}\u00bb][vc_single_image image=\u00bb2377&#8243; img_size=\u00bbmedium\u00bb css=\u00bb.vc_custom_1607550425909{margin-top: 30px !important;}\u00bb][\/vc_column_inner][vc_column_inner width=\u00bb3\/4&#8243;][vc_column_text]<\/p>\n<p>&nbsp;<\/p>\n<p>&nbsp;<\/p>\n<ul>\n<li>Encuentro permanente con el contexto.<\/li>\n<li>Personas conscientes de su realidad, con conciencia \u00e9tica y conciencia constructiva.<\/li>\n<li>Comunidades comprometidas desde los valores del Reino de Dios.<\/li>\n<li>Solidaridad que transforma el contexto.<\/li>\n<li>Visi\u00f3n hol\u00edstica, generadora de sinergias comunitarias.<\/li>\n<li>Desde los sectores excluidos, superar las injusticias y contribuir en la b\u00fasqueda de satisfacer sus necesidades.<\/li>\n<li>La construcci\u00f3n de una sociedad justa, fraterna, democr\u00e1tica y participativa.<\/li>\n<\/ul>\n<p>[\/vc_column_text][\/vc_column_inner][\/vc_row_inner][\/vc_tta_section][\/vc_tta_tabs][\/vc_column][\/vc_row][vc_row][vc_column]<div style=\"background-color:;height: 50px\" class=\"nicdark_section  \"><\/div>[\/vc_column][\/vc_row][vc_row][vc_column][vc_column_text]<\/p>\n<h3 style=\"text-align: left\"><strong><span style=\"color: #aa0f16\">Objetivos Estrat\u00e9gicos<\/span><\/strong><\/h3>\n<p>[\/vc_column_text][\/vc_column][\/vc_row][vc_row equal_height=\u00bbyes\u00bb content_placement=\u00bbtop\u00bb enable_second_overlay=\u00bbtrue\u00bb second_overlay_opacity=\u00bb50&#8243; second_background_color=\u00bb#f3f3f3&#8243; enable_parallax=\u00bbtrue\u00bb parallax_style=\u00bbclassic-fast\u00bb css=\u00bb.vc_custom_1607570626377{border-radius: 10px !important;}\u00bb][vc_column width=\u00bb1\/2&#8243; css=\u00bb.vc_custom_1606780732654{padding-top: 30px !important;}\u00bb][vc_row_inner][vc_column_inner width=\u00bb1\/2&#8243;][vc_single_image image=\u00bb2613&#8243; alignment=\u00bbcenter\u00bb style=\u00bbvc_box_circle_2&#8243;][\/vc_column_inner][vc_column_inner width=\u00bb1\/2&#8243;][vc_column_text css=\u00bb.vc_custom_1607977588344{padding-top: 40px !important;}\u00bb]<\/p>\n<h3 style=\"text-align: left\">Fortalecimiento Interno<\/h3>\n<p>[\/vc_column_text][\/vc_column_inner][\/vc_row_inner][vc_column_text css=\u00bb.vc_custom_1607570572032{padding-right: 40px !important;padding-left: 40px !important;}\u00bb]<\/p>\n<p>Consolidar la identidad de Fe y Alegr\u00eda Panam\u00e1, que posibilite la gesti\u00f3n administrativa y su visibilizaci\u00f3n p\u00fablica.<\/p>\n<p>[\/vc_column_text][\/vc_column][vc_column width=\u00bb1\/2&#8243; css=\u00bb.vc_custom_1595209528006{padding-top: 30px !important;}\u00bb][vc_row_inner][vc_column_inner width=\u00bb1\/2&#8243;][vc_single_image image=\u00bb2598&#8243; alignment=\u00bbcenter\u00bb style=\u00bbvc_box_circle_2&#8243;][\/vc_column_inner][vc_column_inner width=\u00bb1\/2&#8243;][vc_column_text css=\u00bb.vc_custom_1607977602063{padding-top: 40px !important;}\u00bb]<\/p>\n<h3 style=\"text-align: left\">Educaci\u00f3n Popular Integral<\/h3>\n<p>[\/vc_column_text][\/vc_column_inner][\/vc_row_inner][vc_column_text css=\u00bb.vc_custom_1607570808332{padding-right: 40px !important;padding-left: 40px !important;}\u00bb]<\/p>\n<p align=\"justify\">Contribuir al fortalecimiento de la gesti\u00f3n educativa, la educaci\u00f3n no formal y la educaci\u00f3n intercultural biling\u00fce para aportar en el proceso de desarrollo integral de la poblaci\u00f3n empobrecida.<\/p>\n<p>[\/vc_column_text][\/vc_column][\/vc_row][vc_row][vc_column]<div style=\"background-color:;height: 40px\" class=\"nicdark_section  \"><\/div>[\/vc_column][\/vc_row][vc_row][vc_column][vc_column_text]<\/li>\n<\/ul>\n<p>[\/vc_column_text][\/vc_column][\/vc_row]<\/p>\n<\/div>","protected":false},"excerpt":{"rendered":"<p>[vc_row][vc_column][vc_column_text] Fe y Alegr\u00eda es un Movimiento Internacional de Educaci\u00f3n Popular y Promoci\u00f3n Social, parte del apostolado de la Compa\u00f1\u00eda de Jes\u00fas en colaboraci\u00f3n con diversas personas e instituciones comprometidas con la construcci\u00f3n de un mundo m\u00e1s humano y justo. Presente en Panam\u00e1 desde 1965, Fe y Alegr\u00eda ha aportado en el pa\u00eds a la<\/p>\n","protected":false},"author":6,"featured_media":0,"parent":0,"menu_order":0,"comment_status":"closed","ping_status":"closed","template":"","meta":{"_acf_changed":false,"footnotes":""},"folder":[],"class_list":["post-2190","page","type-page","status-publish","hentry"],"acf":[],"yoast_head":"<!-- This site is optimized with the Yoast SEO plugin v27.2 - https:\/\/yoast.com\/product\/yoast-seo-wordpress\/ -->\n<title>Identidad - #SomosFeyAlegria en Panam\u00e1<\/title>\n<meta name=\"robots\" content=\"index, follow, max-snippet:-1, max-image-preview:large, max-video-preview:-1\" \/>\n<link rel=\"canonical\" href=\"https:\/\/www.feyalegria.org\/panama\/identidad\/\" \/>\n<meta property=\"og:locale\" content=\"es_ES\" \/>\n<meta property=\"og:type\" content=\"article\" \/>\n<meta property=\"og:title\" content=\"Identidad - #SomosFeyAlegria en Panam\u00e1\" \/>\n<meta property=\"og:description\" content=\"[vc_row][vc_column][vc_column_text] Fe y Alegr\u00eda es un Movimiento Internacional de Educaci\u00f3n Popular y Promoci\u00f3n Social, parte del apostolado de la Compa\u00f1\u00eda de Jes\u00fas en colaboraci\u00f3n con diversas personas e instituciones comprometidas con la construcci\u00f3n de un mundo m\u00e1s humano y justo. Presente en Panam\u00e1 desde 1965, Fe y Alegr\u00eda ha aportado en el pa\u00eds a la\" \/>\n<meta property=\"og:url\" content=\"https:\/\/www.feyalegria.org\/panama\/identidad\/\" \/>\n<meta property=\"og:site_name\" content=\"#SomosFeyAlegria en Panam\u00e1\" \/>\n<meta property=\"article:modified_time\" content=\"2023-03-27T02:47:21+00:00\" \/>\n<meta name=\"twitter:card\" content=\"summary_large_image\" \/>\n<meta name=\"twitter:label1\" content=\"Tiempo de lectura\" \/>\n\t<meta name=\"twitter:data1\" content=\"7 minutos\" \/>\n<script type=\"application\/ld+json\" class=\"yoast-schema-graph\">{\"@context\":\"https:\/\/schema.org\",\"@graph\":[{\"@type\":\"WebPage\",\"@id\":\"https:\/\/www.feyalegria.org\/panama\/identidad\/\",\"url\":\"https:\/\/www.feyalegria.org\/panama\/identidad\/\",\"name\":\"Identidad - #SomosFeyAlegria en Panam\u00e1\",\"isPartOf\":{\"@id\":\"https:\/\/www.feyalegria.org\/panama\/#website\"},\"datePublished\":\"2020-12-01T04:49:23+00:00\",\"dateModified\":\"2023-03-27T02:47:21+00:00\",\"breadcrumb\":{\"@id\":\"https:\/\/www.feyalegria.org\/panama\/identidad\/#breadcrumb\"},\"inLanguage\":\"es\",\"potentialAction\":[{\"@type\":\"ReadAction\",\"target\":[\"https:\/\/www.feyalegria.org\/panama\/identidad\/\"]}]},{\"@type\":\"BreadcrumbList\",\"@id\":\"https:\/\/www.feyalegria.org\/panama\/identidad\/#breadcrumb\",\"itemListElement\":[{\"@type\":\"ListItem\",\"position\":1,\"name\":\"Home\",\"item\":\"https:\/\/www.feyalegria.org\/panama\/\"},{\"@type\":\"ListItem\",\"position\":2,\"name\":\"Identidad\"}]},{\"@type\":\"WebSite\",\"@id\":\"https:\/\/www.feyalegria.org\/panama\/#website\",\"url\":\"https:\/\/www.feyalegria.org\/panama\/\",\"name\":\"#SomosFeyAlegria en Panam\u00e1\",\"description\":\"\",\"potentialAction\":[{\"@type\":\"SearchAction\",\"target\":{\"@type\":\"EntryPoint\",\"urlTemplate\":\"https:\/\/www.feyalegria.org\/panama\/?s={search_term_string}\"},\"query-input\":{\"@type\":\"PropertyValueSpecification\",\"valueRequired\":true,\"valueName\":\"search_term_string\"}}],\"inLanguage\":\"es\"}]}<\/script>\n<!-- \/ Yoast SEO plugin. -->","yoast_head_json":{"title":"Identidad - #SomosFeyAlegria en Panam\u00e1","robots":{"index":"index","follow":"follow","max-snippet":"max-snippet:-1","max-image-preview":"max-image-preview:large","max-video-preview":"max-video-preview:-1"},"canonical":"https:\/\/www.feyalegria.org\/panama\/identidad\/","og_locale":"es_ES","og_type":"article","og_title":"Identidad - #SomosFeyAlegria en Panam\u00e1","og_description":"[vc_row][vc_column][vc_column_text] Fe y Alegr\u00eda es un Movimiento Internacional de Educaci\u00f3n Popular y Promoci\u00f3n Social, parte del apostolado de la Compa\u00f1\u00eda de Jes\u00fas en colaboraci\u00f3n con diversas personas e instituciones comprometidas con la construcci\u00f3n de un mundo m\u00e1s humano y justo. Presente en Panam\u00e1 desde 1965, Fe y Alegr\u00eda ha aportado en el pa\u00eds a la","og_url":"https:\/\/www.feyalegria.org\/panama\/identidad\/","og_site_name":"#SomosFeyAlegria en Panam\u00e1","article_modified_time":"2023-03-27T02:47:21+00:00","twitter_card":"summary_large_image","twitter_misc":{"Tiempo de lectura":"7 minutos"},"schema":{"@context":"https:\/\/schema.org","@graph":[{"@type":"WebPage","@id":"https:\/\/www.feyalegria.org\/panama\/identidad\/","url":"https:\/\/www.feyalegria.org\/panama\/identidad\/","name":"Identidad - #SomosFeyAlegria en Panam\u00e1","isPartOf":{"@id":"https:\/\/www.feyalegria.org\/panama\/#website"},"datePublished":"2020-12-01T04:49:23+00:00","dateModified":"2023-03-27T02:47:21+00:00","breadcrumb":{"@id":"https:\/\/www.feyalegria.org\/panama\/identidad\/#breadcrumb"},"inLanguage":"es","potentialAction":[{"@type":"ReadAction","target":["https:\/\/www.feyalegria.org\/panama\/identidad\/"]}]},{"@type":"BreadcrumbList","@id":"https:\/\/www.feyalegria.org\/panama\/identidad\/#breadcrumb","itemListElement":[{"@type":"ListItem","position":1,"name":"Home","item":"https:\/\/www.feyalegria.org\/panama\/"},{"@type":"ListItem","position":2,"name":"Identidad"}]},{"@type":"WebSite","@id":"https:\/\/www.feyalegria.org\/panama\/#website","url":"https:\/\/www.feyalegria.org\/panama\/","name":"#SomosFeyAlegria en Panam\u00e1","description":"","potentialAction":[{"@type":"SearchAction","target":{"@type":"EntryPoint","urlTemplate":"https:\/\/www.feyalegria.org\/panama\/?s={search_term_string}"},"query-input":{"@type":"PropertyValueSpecification","valueRequired":true,"valueName":"search_term_string"}}],"inLanguage":"es"}]}},"_links":{"self":[{"href":"https:\/\/www.feyalegria.org\/panama\/wp-json\/wp\/v2\/pages\/2190","targetHints":{"allow":["GET"]}}],"collection":[{"href":"https:\/\/www.feyalegria.org\/panama\/wp-json\/wp\/v2\/pages"}],"about":[{"href":"https:\/\/www.feyalegria.org\/panama\/wp-json\/wp\/v2\/types\/page"}],"author":[{"embeddable":true,"href":"https:\/\/www.feyalegria.org\/panama\/wp-json\/wp\/v2\/users\/6"}],"replies":[{"embeddable":true,"href":"https:\/\/www.feyalegria.org\/panama\/wp-json\/wp\/v2\/comments?post=2190"}],"version-history":[{"count":0,"href":"https:\/\/www.feyalegria.org\/panama\/wp-json\/wp\/v2\/pages\/2190\/revisions"}],"wp:attachment":[{"href":"https:\/\/www.feyalegria.org\/panama\/wp-json\/wp\/v2\/media?parent=2190"}],"wp:term":[{"taxonomy":"folder","embeddable":true,"href":"https:\/\/www.feyalegria.org\/panama\/wp-json\/wp\/v2\/folder?post=2190"}],"curies":[{"name":"wp","href":"https:\/\/api.w.org\/{rel}","templated":true}]}}