 {"id":332,"date":"2020-06-30T15:58:04","date_gmt":"2020-06-30T15:58:04","guid":{"rendered":"https:\/\/www.feyalegria.org\/panama\/?page_id=332"},"modified":"2023-03-22T19:16:00","modified_gmt":"2023-03-22T19:16:00","slug":"nuestra-historia","status":"publish","type":"page","link":"https:\/\/www.feyalegria.org\/panama\/nuestra-historia\/","title":{"rendered":"Nuestra Historia"},"content":{"rendered":"<div class=\"wpb-content-wrapper\"><p>[vc_row][vc_column]<div style=\"background-color:;height: 30px\" class=\"nicdark_section  \"><\/div>[\/vc_column][\/vc_row][vc_row][vc_column width=\u00bb2\/3&#8243;][accordion_father active=\u00bb0&#8243;][accordion_son gradientbg=\u00bb\u00bb borderwidth=\u00bb1px 0px 0px 0px\u00bb height=\u00bb\u00bb titlemargin=\u00bb2&#8243; title=\u00bbUn hombre con sensibilidad y amor a la educaci\u00f3n\u00bb clr=\u00bb#aa0f16&#8243; bgclr=\u00bb#f3f3f3&#8243; borderclr=\u00bb#aa0f16&#8243;]<\/p>\n<p style=\"text-align: justify\"><span style=\"font-weight: 400\">Todas las grandes obras nacen de grandes procesos y cuando queremos que las mismas duren cien a\u00f1os, se necesita educar al pueblo. Fe y Alegr\u00eda, nace en Venezuela en el a\u00f1o 1955 por iniciativa del sacerdote jesuita P. Jos\u00e9 Mar\u00eda V\u00e9laz, profundamente motivado ante la injusticia social y educativa existente en Caracas. Acompa\u00f1ado por un grupo de estudiantes de la Universidad Cat\u00f3lica Andr\u00e9s Bello, entra en contacto directo con la realidad de los barrios perif\u00e9ricos de la capital venezolana e inicia un movimiento de educaci\u00f3n popular integral.<\/span><\/p>\n<p>[\/accordion_son][\/accordion_father][\/vc_column][vc_column width=\u00bb1\/3&#8243;][vc_single_image image=\u00bb3035&#8243; img_size=\u00bbfull\u00bb alignment=\u00bbcenter\u00bb][\/vc_column][\/vc_row][vc_row][vc_column]<div style=\"background-color:;height: 30px\" class=\"nicdark_section  \"><\/div>[\/vc_column][\/vc_row][vc_row][vc_column width=\u00bb1\/3&#8243;][vc_single_image image=\u00bb3037&#8243; img_size=\u00bbfull\u00bb alignment=\u00bbcenter\u00bb css=\u00bb.vc_custom_1679511617905{padding-top: 40px !important;}\u00bb][\/vc_column][vc_column width=\u00bb2\/3&#8243;][accordion_father active=\u00bb0&#8243;][accordion_son gradientbg=\u00bb\u00bb borderwidth=\u00bb1px 0px 0px 0px\u00bb height=\u00bb\u00bb titlemargin=\u00bb2&#8243; title=\u00bbNace Fe y Alegr\u00eda en Panam\u00e1\u00bb clr=\u00bb#aa0f16&#8243; bgclr=\u00bb#f3f3f3&#8243;]<\/p>\n<p style=\"text-align: justify\"><span style=\"font-weight: 400\">En 1965 se inicia la experiencia de Fe y Alegr\u00eda Panam\u00e1. En su etapa inicial promueve la creaci\u00f3n de centros educativos (escuelas primarias) para los sectores m\u00e1s pobres de la zona urbana.\u00a0<\/span><\/p>\n<p style=\"text-align: justify\"><span style=\"font-weight: 400\">M\u00e1s adelante, de 1978 a 1981, se pasar\u00e1 a otro tipo de experiencia, con \u00e9nfasis en la promoci\u00f3n de procesos sociales. Cada proyecto social abarcar\u00eda los aspectos productivo, organizativo y formativo logrando de esta manera tener alcance en el territorio nacional; desde la provincia de Chiriqu\u00ed, hasta la provincia de El Dari\u00e9n.<\/span><\/p>\n<p style=\"text-align: Justify\"><span style=\"font-weight: 400\">En 1981, enfoca su atenci\u00f3n hacia la educaci\u00f3n no formal, de adultos y de dirigentes ind\u00edgenas, as\u00ed como otros proyectos de desarrollo social productivo lo que significar\u00eda una concentraci\u00f3n de esfuerzos para evitar la dispersi\u00f3n a lo largo del pa\u00eds y permitir\u00eda priorizar a dos pueblos originarios (Ng\u00e4be-Bugle y Ember\u00e1) que eran los m\u00e1s oprimidos y\u00a0 que sufr\u00edan un elevado \u00edndice de pobrezas; a su vez se concentra la atenci\u00f3n en escuelas vocacionales en la ciudad de Panam\u00e1.<\/span><\/p>\n<p>[\/accordion_son][accordion_son gradientbg=\u00bb\u00bb borderwidth2=\u00bb0px 0px 1px 0px\u00bb height=\u00bb\u00bb titlemargin=\u00bb2&#8243; title=\u00bbLeer m\u00e1s\u00bb clr=\u00bb#aa0f16&#8243; borderclr2=\u00bb#aa0f16&#8243;]<\/p>\n<p style=\"text-align: justify\"><span style=\"font-weight: 400\">En 1993 se hace una evaluaci\u00f3n profunda del trabajo que se realiza en Panam\u00e1, se reafirma la l\u00ednea estrat\u00e9gica del trabajo con pueblos originarios y se redefinen nuevas l\u00edneas y estrategias para dar nuevas respuestas a las necesidades de la poblaci\u00f3n excluida de la sociedad paname\u00f1a.<\/span><\/p>\n<p style=\"text-align: justify\"><span style=\"font-weight: 400\">En 1997, se inician una etapa de refundaci\u00f3n; con la cual se logra una nueva organizaci\u00f3n y se establecen prioridades en el trabajo tales como: la educaci\u00f3n t\u00e9cnica \u2013 vocacional de j\u00f3venes excluidos y el acompa\u00f1amiento a comunidades de pueblos originarios y campesinas en su proceso de autogesti\u00f3n social econ\u00f3mica y cultural.<\/span><\/p>\n<p>[\/accordion_son][\/accordion_father][\/vc_column][\/vc_row][vc_row][vc_column]<div style=\"background-color:;height: 30px\" class=\"nicdark_section  \"><\/div>[\/vc_column][\/vc_row][vc_row][vc_column width=\u00bb2\/3&#8243;][accordion_father active=\u00bb0&#8243;][accordion_son gradientbg=\u00bb\u00bb borderwidth=\u00bb1px 0px 0px 0px\u00bb height=\u00bb\u00bb titlemargin=\u00bb2&#8243; title=\u00bbReorientaci\u00f3n de nuestro servicio\u00bb clr=\u00bb#aa0f16&#8243; bgclr=\u00bb#f3f3f3&#8243; borderclr=\u00bb#aa0f16&#8243;]<\/p>\n<p style=\"text-align: justify\"><span style=\"font-weight: 400\">A partir de 2021 y a ra\u00edz de la Pandemia muchos de los centros escolares cerraron y la instituci\u00f3n empez\u00f3 a orientar su servicio y trabajo hacia la Promoci\u00f3n Social, y dentro de ello hacia la educaci\u00f3n no formal, atenci\u00f3n y capacitaci\u00f3n de adultos de poblaci\u00f3n migrante, realizando proyectos de desarrollo social y formaci\u00f3n de emprendimientos. Recordando que la fuerza de Fe y Alegr\u00eda es el servir a poblaci\u00f3n que se encuentra dentro de los extractos de empobrecimiento y exclusi\u00f3n y respondiendo ante las necesidades del pa\u00eds que en la actualidad no cuenta pol\u00edticas migratorias de desarrollo e integraci\u00f3n propicias a migrantes lo que ha convertido este hecho en una preocupaci\u00f3n social, se plante\u00f3 la reorientaci\u00f3n del que hacer, logrando de esta manera conseguir alianzas y donantes que nos ayudar\u00e1n a nuestra labor de acompa\u00f1amiento y educaci\u00f3n para lograr la integraci\u00f3n, sostenibilidad y mejora de la empleabilidad de muchos migrantes que se encuentran en el Pa\u00eds.<\/span><\/p>\n<p>[\/accordion_son][accordion_son gradientbg=\u00bb\u00bb borderwidth2=\u00bb0px 0px 1px 0px\u00bb height=\u00bb\u00bb titlemargin=\u00bb2&#8243; title=\u00bbLeer m\u00e1s\u00bb clr=\u00bb#aa0f16&#8243; borderclr2=\u00bb#aa0f16&#8243;]<\/p>\n<p style=\"text-align: justify\"><span style=\"font-weight: 400\">En esta nueva aventura de formaci\u00f3n educativa para el a\u00f1o 2022 se obtuvieron 100 matriculados a los talleres de formaci\u00f3n para el trabajo entre las edades de 18 a 60 a\u00f1os, en su mayor\u00eda mujeres, muchas de estas personas con formaci\u00f3n profesional y otros solo con su bachillerato, pero todos compartiendo una misma esperanza y un sue\u00f1o en com\u00fan, lograr mostrar su talento, integrarse y contribuir a la econom\u00eda del pa\u00eds y nuestra labor como instituci\u00f3n transmitirle a cada uno de ellos no solo m\u00edstica de servicio, si no tambi\u00e9n de continua creatividad, lo que caus\u00f3 el surgimiento de una serie de emprendimientos de todo tipo y el fortalecimiento de otros a partir de nuevas ideas transformadoras.<\/span><\/p>\n<p>[\/accordion_son][\/accordion_father][\/vc_column][vc_column width=\u00bb1\/3&#8243;][vc_single_image image=\u00bb3038&#8243; img_size=\u00bbfull\u00bb css=\u00bb.vc_custom_1679511939844{padding-top: 50px !important;}\u00bb][\/vc_column][\/vc_row][vc_row disable_element=\u00bbyes\u00bb][vc_column]<div style=\"background-color:;height: 30px\" class=\"nicdark_section  \"><\/div>[vc_column_text]<\/p>\n<h4 style=\"text-align: center\">Fe y Alegr\u00eda en Panam\u00e1 \u2026 Yarna panai, \u00a1Abya Yala bin s\u00f3gue!<\/h4>\n<p>[\/vc_column_text][\/vc_column][\/vc_row][vc_row disable_element=\u00bbyes\u00bb][vc_column width=\u00bb1\/6&#8243;][\/vc_column][vc_column width=\u00bb2\/3&#8243;][vc_video link=\u00bbhttps:\/\/www.youtube.com\/watch?v=gySYms-KLBQ&amp;feature=youtu.be\u00bb el_width=\u00bb90&#8243; align=\u00bbcenter\u00bb][\/vc_column][vc_column width=\u00bb1\/6&#8243;][\/vc_column][\/vc_row]<\/p>\n<\/div>","protected":false},"excerpt":{"rendered":"<p>[vc_row][vc_column][\/vc_column][\/vc_row][vc_row][vc_column width=\u00bb2\/3&#8243;][accordion_father active=\u00bb0&#8243;][accordion_son gradientbg=\u00bb\u00bb borderwidth=\u00bb1px 0px 0px 0px\u00bb height=\u00bb\u00bb titlemargin=\u00bb2&#8243; title=\u00bbUn hombre con sensibilidad y amor a la educaci\u00f3n\u00bb clr=\u00bb#aa0f16&#8243; bgclr=\u00bb#f3f3f3&#8243; borderclr=\u00bb#aa0f16&#8243;] Todas las grandes obras nacen de grandes procesos y cuando queremos que las mismas duren cien a\u00f1os, se necesita educar al pueblo. Fe y Alegr\u00eda, nace en Venezuela en el a\u00f1o 1955 por<\/p>\n","protected":false},"author":19,"featured_media":0,"parent":0,"menu_order":0,"comment_status":"closed","ping_status":"closed","template":"","meta":{"_acf_changed":false,"footnotes":""},"folder":[],"class_list":["post-332","page","type-page","status-publish","hentry"],"acf":[],"yoast_head":"<!-- This site is optimized with the Yoast SEO plugin v27.2 - https:\/\/yoast.com\/product\/yoast-seo-wordpress\/ -->\n<title>Nuestra Historia - #SomosFeyAlegria en Panam\u00e1<\/title>\n<meta name=\"robots\" content=\"index, follow, max-snippet:-1, max-image-preview:large, max-video-preview:-1\" \/>\n<link rel=\"canonical\" href=\"https:\/\/www.feyalegria.org\/panama\/nuestra-historia\/\" \/>\n<meta property=\"og:locale\" content=\"es_ES\" \/>\n<meta property=\"og:type\" content=\"article\" \/>\n<meta property=\"og:title\" content=\"Nuestra Historia - #SomosFeyAlegria en Panam\u00e1\" \/>\n<meta property=\"og:description\" content=\"[vc_row][vc_column][\/vc_column][\/vc_row][vc_row][vc_column width=\u00bb2\/3&#8243;][accordion_father active=\u00bb0&#8243;][accordion_son gradientbg=\u00bb\u00bb borderwidth=\u00bb1px 0px 0px 0px\u00bb height=\u00bb\u00bb titlemargin=\u00bb2&#8243; title=\u00bbUn hombre con sensibilidad y amor a la educaci\u00f3n\u00bb clr=\u00bb#aa0f16&#8243; bgclr=\u00bb#f3f3f3&#8243; borderclr=\u00bb#aa0f16&#8243;] Todas las grandes obras nacen de grandes procesos y cuando queremos que las mismas duren cien a\u00f1os, se necesita educar al pueblo. Fe y Alegr\u00eda, nace en Venezuela en el a\u00f1o 1955 por\" \/>\n<meta property=\"og:url\" content=\"https:\/\/www.feyalegria.org\/panama\/nuestra-historia\/\" \/>\n<meta property=\"og:site_name\" content=\"#SomosFeyAlegria en Panam\u00e1\" \/>\n<meta property=\"article:modified_time\" content=\"2023-03-22T19:16:00+00:00\" \/>\n<meta name=\"twitter:card\" content=\"summary_large_image\" \/>\n<meta name=\"twitter:label1\" content=\"Tiempo de lectura\" \/>\n\t<meta name=\"twitter:data1\" content=\"5 minutos\" \/>\n<script type=\"application\/ld+json\" class=\"yoast-schema-graph\">{\"@context\":\"https:\/\/schema.org\",\"@graph\":[{\"@type\":\"WebPage\",\"@id\":\"https:\/\/www.feyalegria.org\/panama\/nuestra-historia\/\",\"url\":\"https:\/\/www.feyalegria.org\/panama\/nuestra-historia\/\",\"name\":\"Nuestra Historia - #SomosFeyAlegria en Panam\u00e1\",\"isPartOf\":{\"@id\":\"https:\/\/www.feyalegria.org\/panama\/#website\"},\"datePublished\":\"2020-06-30T15:58:04+00:00\",\"dateModified\":\"2023-03-22T19:16:00+00:00\",\"breadcrumb\":{\"@id\":\"https:\/\/www.feyalegria.org\/panama\/nuestra-historia\/#breadcrumb\"},\"inLanguage\":\"es\",\"potentialAction\":[{\"@type\":\"ReadAction\",\"target\":[\"https:\/\/www.feyalegria.org\/panama\/nuestra-historia\/\"]}]},{\"@type\":\"BreadcrumbList\",\"@id\":\"https:\/\/www.feyalegria.org\/panama\/nuestra-historia\/#breadcrumb\",\"itemListElement\":[{\"@type\":\"ListItem\",\"position\":1,\"name\":\"Home\",\"item\":\"https:\/\/www.feyalegria.org\/panama\/\"},{\"@type\":\"ListItem\",\"position\":2,\"name\":\"Nuestra Historia\"}]},{\"@type\":\"WebSite\",\"@id\":\"https:\/\/www.feyalegria.org\/panama\/#website\",\"url\":\"https:\/\/www.feyalegria.org\/panama\/\",\"name\":\"#SomosFeyAlegria en Panam\u00e1\",\"description\":\"\",\"potentialAction\":[{\"@type\":\"SearchAction\",\"target\":{\"@type\":\"EntryPoint\",\"urlTemplate\":\"https:\/\/www.feyalegria.org\/panama\/?s={search_term_string}\"},\"query-input\":{\"@type\":\"PropertyValueSpecification\",\"valueRequired\":true,\"valueName\":\"search_term_string\"}}],\"inLanguage\":\"es\"}]}<\/script>\n<!-- \/ Yoast SEO plugin. -->","yoast_head_json":{"title":"Nuestra Historia - #SomosFeyAlegria en Panam\u00e1","robots":{"index":"index","follow":"follow","max-snippet":"max-snippet:-1","max-image-preview":"max-image-preview:large","max-video-preview":"max-video-preview:-1"},"canonical":"https:\/\/www.feyalegria.org\/panama\/nuestra-historia\/","og_locale":"es_ES","og_type":"article","og_title":"Nuestra Historia - #SomosFeyAlegria en Panam\u00e1","og_description":"[vc_row][vc_column][\/vc_column][\/vc_row][vc_row][vc_column width=\u00bb2\/3&#8243;][accordion_father active=\u00bb0&#8243;][accordion_son gradientbg=\u00bb\u00bb borderwidth=\u00bb1px 0px 0px 0px\u00bb height=\u00bb\u00bb titlemargin=\u00bb2&#8243; title=\u00bbUn hombre con sensibilidad y amor a la educaci\u00f3n\u00bb clr=\u00bb#aa0f16&#8243; bgclr=\u00bb#f3f3f3&#8243; borderclr=\u00bb#aa0f16&#8243;] Todas las grandes obras nacen de grandes procesos y cuando queremos que las mismas duren cien a\u00f1os, se necesita educar al pueblo. Fe y Alegr\u00eda, nace en Venezuela en el a\u00f1o 1955 por","og_url":"https:\/\/www.feyalegria.org\/panama\/nuestra-historia\/","og_site_name":"#SomosFeyAlegria en Panam\u00e1","article_modified_time":"2023-03-22T19:16:00+00:00","twitter_card":"summary_large_image","twitter_misc":{"Tiempo de lectura":"5 minutos"},"schema":{"@context":"https:\/\/schema.org","@graph":[{"@type":"WebPage","@id":"https:\/\/www.feyalegria.org\/panama\/nuestra-historia\/","url":"https:\/\/www.feyalegria.org\/panama\/nuestra-historia\/","name":"Nuestra Historia - #SomosFeyAlegria en Panam\u00e1","isPartOf":{"@id":"https:\/\/www.feyalegria.org\/panama\/#website"},"datePublished":"2020-06-30T15:58:04+00:00","dateModified":"2023-03-22T19:16:00+00:00","breadcrumb":{"@id":"https:\/\/www.feyalegria.org\/panama\/nuestra-historia\/#breadcrumb"},"inLanguage":"es","potentialAction":[{"@type":"ReadAction","target":["https:\/\/www.feyalegria.org\/panama\/nuestra-historia\/"]}]},{"@type":"BreadcrumbList","@id":"https:\/\/www.feyalegria.org\/panama\/nuestra-historia\/#breadcrumb","itemListElement":[{"@type":"ListItem","position":1,"name":"Home","item":"https:\/\/www.feyalegria.org\/panama\/"},{"@type":"ListItem","position":2,"name":"Nuestra Historia"}]},{"@type":"WebSite","@id":"https:\/\/www.feyalegria.org\/panama\/#website","url":"https:\/\/www.feyalegria.org\/panama\/","name":"#SomosFeyAlegria en Panam\u00e1","description":"","potentialAction":[{"@type":"SearchAction","target":{"@type":"EntryPoint","urlTemplate":"https:\/\/www.feyalegria.org\/panama\/?s={search_term_string}"},"query-input":{"@type":"PropertyValueSpecification","valueRequired":true,"valueName":"search_term_string"}}],"inLanguage":"es"}]}},"_links":{"self":[{"href":"https:\/\/www.feyalegria.org\/panama\/wp-json\/wp\/v2\/pages\/332","targetHints":{"allow":["GET"]}}],"collection":[{"href":"https:\/\/www.feyalegria.org\/panama\/wp-json\/wp\/v2\/pages"}],"about":[{"href":"https:\/\/www.feyalegria.org\/panama\/wp-json\/wp\/v2\/types\/page"}],"author":[{"embeddable":true,"href":"https:\/\/www.feyalegria.org\/panama\/wp-json\/wp\/v2\/users\/19"}],"replies":[{"embeddable":true,"href":"https:\/\/www.feyalegria.org\/panama\/wp-json\/wp\/v2\/comments?post=332"}],"version-history":[{"count":0,"href":"https:\/\/www.feyalegria.org\/panama\/wp-json\/wp\/v2\/pages\/332\/revisions"}],"wp:attachment":[{"href":"https:\/\/www.feyalegria.org\/panama\/wp-json\/wp\/v2\/media?parent=332"}],"wp:term":[{"taxonomy":"folder","embeddable":true,"href":"https:\/\/www.feyalegria.org\/panama\/wp-json\/wp\/v2\/folder?post=332"}],"curies":[{"name":"wp","href":"https:\/\/api.w.org\/{rel}","templated":true}]}}