 {"id":11685,"date":"2024-12-11T14:26:06","date_gmt":"2024-12-11T19:26:06","guid":{"rendered":"https:\/\/www.feyalegria.org\/paraguay\/?page_id=11685"},"modified":"2024-12-11T14:34:16","modified_gmt":"2024-12-11T19:34:16","slug":"aprendo-jugando-en-mi-casa-en-mi-escuela-y-mi-comunidad","status":"publish","type":"page","link":"https:\/\/www.feyalegria.org\/paraguay\/aprendo-jugando-en-mi-casa-en-mi-escuela-y-mi-comunidad\/","title":{"rendered":"Aprendo Jugando en mi Casa, en mi Escuela y mi Comunidad"},"content":{"rendered":"<div class=\"wpb-content-wrapper\"><p>[vc_row][vc_column][vc_column_text css=\u00bb\u00bb]<\/p>\n<section class=\"elementor-section elementor-inner-section elementor-element elementor-element-33d4b120 elementor-section-boxed elementor-section-height-default elementor-section-height-default\" data-id=\"33d4b120\">\n<div class=\"elementor-container elementor-column-gap-default\">\n<div class=\"elementor-row\">\n<div class=\"elementor-column elementor-col-100 elementor-inner-column elementor-element elementor-element-63345202\" data-id=\"63345202\">\n<div class=\"elementor-column-wrap elementor-element-populated\">\n<div class=\"elementor-widget-wrap\">\n<div class=\"elementor-element elementor-element-700b250f elementor-widget elementor-widget-heading\" data-id=\"700b250f\">\n<div class=\"elementor-widget-container\">\n<h3 class=\"elementor-heading-title elementor-size-default\"><strong>Aprendo Jugando en mi Casa, en mi Escuela y mi Comunidad<\/strong><\/h3>\n<\/div>\n<\/div>\n<\/div>\n<\/div>\n<\/div>\n<\/div>\n<\/div>\n<\/section>\n<p>[\/vc_column_text][vc_column_text css=\u00bb\u00bb]Fe y Alegr\u00eda Paraguay, con el apoyo de USAID y CATALYZE ECCE\/AEPI, est\u00e1 implementando el proyecto\u00a0<b>Aprendo jugando en casa, en mi escuela y en mi comunidad<\/b>, el cual est\u00e1 centrado en la primera infancia, una iniciativa prioritaria para la Federaci\u00f3n Internacional de Fe y Alegr\u00eda. Este proyecto tiene como objetivo fortalecer la educaci\u00f3n y el desarrollo integral de ni\u00f1os de 1 a 5 a\u00f1os en 32 centros educativos de todo el pa\u00eds.<br \/>\n<strong>Zona de intervenci\u00f3n:<\/strong> Asunci\u00f3n, Central, Concepci\u00f3n y San Pedro.<br \/>\n<strong>Financiador<\/strong>: USAID y CATALYZE ECCE\/AEPI[\/vc_column_text][vc_column_text]<\/p>\n<div class=\"elementor-element elementor-element-39892042 elementor-widget elementor-widget-heading\" data-id=\"39892042\">\n<div class=\"elementor-widget-container\">\n<h3 class=\"elementor-heading-title elementor-size-default\">Financiadora<\/h3>\n<\/div>\n<\/div>\n<p>[\/vc_column_text][vc_single_image image=\u00bb11694&#8243; img_size=\u00bbmedium\u00bb alignment=\u00bbcenter\u00bb css=\u00bb\u00bb][vc_column_text]<\/p>\n<div class=\"elementor-element elementor-element-39892042 elementor-widget elementor-widget-heading\" data-id=\"39892042\">\n<div class=\"elementor-widget-container\">\n<h3 class=\"elementor-heading-title elementor-size-default\">Fotos del Proyecto<\/h3>\n<\/div>\n<\/div>\n<p>[\/vc_column_text][\/vc_column][\/vc_row][vc_row][vc_column alignment=\u00bbcenter\u00bb]<div class=\"mpc-carousel__wrapper mpc-waypoint\"><div id=\"mpc_carousel_image-9169e27b2b30d79\" class=\"mpc-carousel-image mpc-init mpc-layout--classic mpc-effect--none \"  data-mpcslick='{\"infinite\":true,\"autoplay\":true,\"slidesToShow\":4,\"slidesToScroll\":1,\"centerMode\":false,\"initialSlide\":0,\"autoplaySpeed\":3500,\"speed\":500}' data-slick-cols=\"4\"><div target=\"\"class=\"mpc-carousel__item-wrapper\" data-height=\"1024\"><div onclick=\"\" class=\"mpc-item mpc-transition\"><div class=\"mpc-border\"><\/div><img loading=\"lazy\" decoding=\"async\" width=\"300\" height=\"300\" src=\"https:\/\/d3pugrm67vf9n7.cloudfront.net\/wp-content\/uploads\/sites\/33\/2024\/12\/11142345\/1-300x300.png\" class=\"mpc-transition attachment-medium\" alt=\"\" title=\"1\" srcset=\"https:\/\/d3pugrm67vf9n7.cloudfront.net\/wp-content\/uploads\/sites\/33\/2024\/12\/11142345\/1-300x300.png 300w, https:\/\/d3pugrm67vf9n7.cloudfront.net\/wp-content\/uploads\/sites\/33\/2024\/12\/11142345\/1-1024x1024.png 1024w, https:\/\/d3pugrm67vf9n7.cloudfront.net\/wp-content\/uploads\/sites\/33\/2024\/12\/11142345\/1-150x150.png 150w, https:\/\/d3pugrm67vf9n7.cloudfront.net\/wp-content\/uploads\/sites\/33\/2024\/12\/11142345\/1-768x768.png 768w, https:\/\/d3pugrm67vf9n7.cloudfront.net\/wp-content\/uploads\/sites\/33\/2024\/12\/11142345\/1.png 1080w\" sizes=\"auto, (max-width: 300px) 100vw, 300px\" \/><\/div><\/div><div target=\"\"class=\"mpc-carousel__item-wrapper\" data-height=\"1024\"><div onclick=\"\" class=\"mpc-item mpc-transition\"><div class=\"mpc-border\"><\/div><img loading=\"lazy\" decoding=\"async\" width=\"300\" height=\"300\" src=\"https:\/\/d3pugrm67vf9n7.cloudfront.net\/wp-content\/uploads\/sites\/33\/2024\/12\/11142351\/2-300x300.png\" class=\"mpc-transition attachment-medium\" alt=\"\" title=\"2\" srcset=\"https:\/\/d3pugrm67vf9n7.cloudfront.net\/wp-content\/uploads\/sites\/33\/2024\/12\/11142351\/2-300x300.png 300w, https:\/\/d3pugrm67vf9n7.cloudfront.net\/wp-content\/uploads\/sites\/33\/2024\/12\/11142351\/2-1024x1024.png 1024w, https:\/\/d3pugrm67vf9n7.cloudfront.net\/wp-content\/uploads\/sites\/33\/2024\/12\/11142351\/2-150x150.png 150w, https:\/\/d3pugrm67vf9n7.cloudfront.net\/wp-content\/uploads\/sites\/33\/2024\/12\/11142351\/2-768x768.png 768w, https:\/\/d3pugrm67vf9n7.cloudfront.net\/wp-content\/uploads\/sites\/33\/2024\/12\/11142351\/2.png 1080w\" sizes=\"auto, (max-width: 300px) 100vw, 300px\" \/><\/div><\/div><div target=\"\"class=\"mpc-carousel__item-wrapper\" data-height=\"1024\"><div onclick=\"\" class=\"mpc-item mpc-transition\"><div class=\"mpc-border\"><\/div><img loading=\"lazy\" decoding=\"async\" width=\"300\" height=\"300\" src=\"https:\/\/d3pugrm67vf9n7.cloudfront.net\/wp-content\/uploads\/sites\/33\/2024\/12\/11142403\/3-300x300.png\" class=\"mpc-transition attachment-medium\" alt=\"\" title=\"3\" srcset=\"https:\/\/d3pugrm67vf9n7.cloudfront.net\/wp-content\/uploads\/sites\/33\/2024\/12\/11142403\/3-300x300.png 300w, https:\/\/d3pugrm67vf9n7.cloudfront.net\/wp-content\/uploads\/sites\/33\/2024\/12\/11142403\/3-1024x1024.png 1024w, https:\/\/d3pugrm67vf9n7.cloudfront.net\/wp-content\/uploads\/sites\/33\/2024\/12\/11142403\/3-150x150.png 150w, https:\/\/d3pugrm67vf9n7.cloudfront.net\/wp-content\/uploads\/sites\/33\/2024\/12\/11142403\/3-768x768.png 768w, https:\/\/d3pugrm67vf9n7.cloudfront.net\/wp-content\/uploads\/sites\/33\/2024\/12\/11142403\/3.png 1080w\" sizes=\"auto, (max-width: 300px) 100vw, 300px\" \/><\/div><\/div><div target=\"\"class=\"mpc-carousel__item-wrapper\" data-height=\"1024\"><div onclick=\"\" class=\"mpc-item mpc-transition\"><div class=\"mpc-border\"><\/div><img loading=\"lazy\" decoding=\"async\" width=\"300\" height=\"300\" src=\"https:\/\/d3pugrm67vf9n7.cloudfront.net\/wp-content\/uploads\/sites\/33\/2024\/12\/11142414\/4-300x300.png\" class=\"mpc-transition attachment-medium\" alt=\"\" title=\"4\" srcset=\"https:\/\/d3pugrm67vf9n7.cloudfront.net\/wp-content\/uploads\/sites\/33\/2024\/12\/11142414\/4-300x300.png 300w, https:\/\/d3pugrm67vf9n7.cloudfront.net\/wp-content\/uploads\/sites\/33\/2024\/12\/11142414\/4-1024x1024.png 1024w, https:\/\/d3pugrm67vf9n7.cloudfront.net\/wp-content\/uploads\/sites\/33\/2024\/12\/11142414\/4-150x150.png 150w, https:\/\/d3pugrm67vf9n7.cloudfront.net\/wp-content\/uploads\/sites\/33\/2024\/12\/11142414\/4-768x768.png 768w, https:\/\/d3pugrm67vf9n7.cloudfront.net\/wp-content\/uploads\/sites\/33\/2024\/12\/11142414\/4.png 1080w\" sizes=\"auto, (max-width: 300px) 100vw, 300px\" \/><\/div><\/div><div target=\"\"class=\"mpc-carousel__item-wrapper\" data-height=\"1024\"><div onclick=\"\" class=\"mpc-item mpc-transition\"><div class=\"mpc-border\"><\/div><img loading=\"lazy\" decoding=\"async\" width=\"300\" height=\"300\" src=\"https:\/\/d3pugrm67vf9n7.cloudfront.net\/wp-content\/uploads\/sites\/33\/2024\/12\/11142418\/5-300x300.png\" class=\"mpc-transition attachment-medium\" alt=\"\" title=\"5\" srcset=\"https:\/\/d3pugrm67vf9n7.cloudfront.net\/wp-content\/uploads\/sites\/33\/2024\/12\/11142418\/5-300x300.png 300w, https:\/\/d3pugrm67vf9n7.cloudfront.net\/wp-content\/uploads\/sites\/33\/2024\/12\/11142418\/5-1024x1024.png 1024w, https:\/\/d3pugrm67vf9n7.cloudfront.net\/wp-content\/uploads\/sites\/33\/2024\/12\/11142418\/5-150x150.png 150w, https:\/\/d3pugrm67vf9n7.cloudfront.net\/wp-content\/uploads\/sites\/33\/2024\/12\/11142418\/5-768x768.png 768w, https:\/\/d3pugrm67vf9n7.cloudfront.net\/wp-content\/uploads\/sites\/33\/2024\/12\/11142418\/5.png 1080w\" sizes=\"auto, (max-width: 300px) 100vw, 300px\" \/><\/div><\/div><\/div><div class=\"mpc-navigation mpc-init mpc-align--center mpc-navigation--style_5  mpc-nav-preset--default\" data-mpcslider=\"mpc_carousel_image-9169e27b2b30d79\"><div class=\"mpc-nav__arrow mpcslick-prev\"><div class=\"mpc-nav__icon mpc-transition\"><i class=\" eti eti_arrow_carrot-left\"><div class=\"mpc-nav__background mpc-transition mpc-effect-type--slide mpc-effect-side--top\"><\/div><\/i><\/div><\/div><\/div><div class=\"mpc-navigation mpc-init mpc-align--center mpc-navigation--style_5  mpc-nav-preset--default\" data-mpcslider=\"mpc_carousel_image-9169e27b2b30d79\"><div class=\"mpc-nav__arrow mpcslick-next\"><div class=\"mpc-nav__icon mpc-transition\"><i class=\" eti eti_arrow_carrot-right\"><div class=\"mpc-nav__background mpc-transition mpc-effect-type--slide mpc-effect-side--top\"><\/div><\/i><\/div><\/div><\/div><\/div>[\/vc_column][\/vc_row]<\/p>\n<\/div>","protected":false},"excerpt":{"rendered":"<p>[vc_row][vc_column][vc_column_text css=\u00bb\u00bb] Aprendo Jugando en mi Casa, en mi Escuela y mi Comunidad [\/vc_column_text][vc_column_text css=\u00bb\u00bb]Fe y Alegr\u00eda Paraguay, con el apoyo de USAID y CATALYZE ECCE\/AEPI, est\u00e1 implementando el proyecto\u00a0Aprendo jugando en casa, en mi escuela y en mi comunidad, el cual est\u00e1 centrado en la primera infancia, una iniciativa prioritaria para la Federaci\u00f3n Internacional<\/p>\n","protected":false},"author":58,"featured_media":0,"parent":0,"menu_order":0,"comment_status":"closed","ping_status":"closed","template":"","meta":{"_acf_changed":false,"footnotes":""},"folder":[],"class_list":["post-11685","page","type-page","status-publish","hentry"],"acf":[],"yoast_head":"<!-- This site is optimized with the Yoast SEO plugin v27.2 - https:\/\/yoast.com\/product\/yoast-seo-wordpress\/ -->\n<title>Aprendo Jugando en mi Casa, en mi Escuela y mi Comunidad - #SomosFeyAlegria en Paraguay<\/title>\n<meta name=\"robots\" content=\"index, follow, max-snippet:-1, max-image-preview:large, max-video-preview:-1\" \/>\n<link rel=\"canonical\" href=\"https:\/\/www.feyalegria.org\/paraguay\/aprendo-jugando-en-mi-casa-en-mi-escuela-y-mi-comunidad\/\" \/>\n<meta property=\"og:locale\" content=\"es_ES\" \/>\n<meta property=\"og:type\" content=\"article\" \/>\n<meta property=\"og:title\" content=\"Aprendo Jugando en mi Casa, en mi Escuela y mi Comunidad - #SomosFeyAlegria en Paraguay\" \/>\n<meta property=\"og:description\" content=\"[vc_row][vc_column][vc_column_text css=\u00bb\u00bb] Aprendo Jugando en mi Casa, en mi Escuela y mi Comunidad [\/vc_column_text][vc_column_text css=\u00bb\u00bb]Fe y Alegr\u00eda Paraguay, con el apoyo de USAID y CATALYZE ECCE\/AEPI, est\u00e1 implementando el proyecto\u00a0Aprendo jugando en casa, en mi escuela y en mi comunidad, el cual est\u00e1 centrado en la primera infancia, una iniciativa prioritaria para la Federaci\u00f3n Internacional\" \/>\n<meta property=\"og:url\" content=\"https:\/\/www.feyalegria.org\/paraguay\/aprendo-jugando-en-mi-casa-en-mi-escuela-y-mi-comunidad\/\" \/>\n<meta property=\"og:site_name\" content=\"#SomosFeyAlegria en Paraguay\" \/>\n<meta property=\"article:modified_time\" content=\"2024-12-11T19:34:16+00:00\" \/>\n<meta name=\"twitter:card\" content=\"summary_large_image\" \/>\n<meta name=\"twitter:label1\" content=\"Tiempo de lectura\" \/>\n\t<meta name=\"twitter:data1\" content=\"1 minuto\" \/>\n<script type=\"application\/ld+json\" class=\"yoast-schema-graph\">{\"@context\":\"https:\/\/schema.org\",\"@graph\":[{\"@type\":\"WebPage\",\"@id\":\"https:\/\/www.feyalegria.org\/paraguay\/aprendo-jugando-en-mi-casa-en-mi-escuela-y-mi-comunidad\/\",\"url\":\"https:\/\/www.feyalegria.org\/paraguay\/aprendo-jugando-en-mi-casa-en-mi-escuela-y-mi-comunidad\/\",\"name\":\"Aprendo Jugando en mi Casa, en mi Escuela y mi Comunidad - #SomosFeyAlegria en Paraguay\",\"isPartOf\":{\"@id\":\"https:\/\/www.feyalegria.org\/paraguay\/#website\"},\"datePublished\":\"2024-12-11T19:26:06+00:00\",\"dateModified\":\"2024-12-11T19:34:16+00:00\",\"breadcrumb\":{\"@id\":\"https:\/\/www.feyalegria.org\/paraguay\/aprendo-jugando-en-mi-casa-en-mi-escuela-y-mi-comunidad\/#breadcrumb\"},\"inLanguage\":\"es\",\"potentialAction\":[{\"@type\":\"ReadAction\",\"target\":[\"https:\/\/www.feyalegria.org\/paraguay\/aprendo-jugando-en-mi-casa-en-mi-escuela-y-mi-comunidad\/\"]}]},{\"@type\":\"BreadcrumbList\",\"@id\":\"https:\/\/www.feyalegria.org\/paraguay\/aprendo-jugando-en-mi-casa-en-mi-escuela-y-mi-comunidad\/#breadcrumb\",\"itemListElement\":[{\"@type\":\"ListItem\",\"position\":1,\"name\":\"Home\",\"item\":\"https:\/\/www.feyalegria.org\/paraguay\/\"},{\"@type\":\"ListItem\",\"position\":2,\"name\":\"Aprendo Jugando en mi Casa, en mi Escuela y mi Comunidad\"}]},{\"@type\":\"WebSite\",\"@id\":\"https:\/\/www.feyalegria.org\/paraguay\/#website\",\"url\":\"https:\/\/www.feyalegria.org\/paraguay\/\",\"name\":\"#SomosFeyAlegria en Paraguay\",\"description\":\"Movimiento de Educaci\u00f3n Popular y Promoci\u00f3n Social\",\"potentialAction\":[{\"@type\":\"SearchAction\",\"target\":{\"@type\":\"EntryPoint\",\"urlTemplate\":\"https:\/\/www.feyalegria.org\/paraguay\/?s={search_term_string}\"},\"query-input\":{\"@type\":\"PropertyValueSpecification\",\"valueRequired\":true,\"valueName\":\"search_term_string\"}}],\"inLanguage\":\"es\"}]}<\/script>\n<!-- \/ Yoast SEO plugin. -->","yoast_head_json":{"title":"Aprendo Jugando en mi Casa, en mi Escuela y mi Comunidad - #SomosFeyAlegria en Paraguay","robots":{"index":"index","follow":"follow","max-snippet":"max-snippet:-1","max-image-preview":"max-image-preview:large","max-video-preview":"max-video-preview:-1"},"canonical":"https:\/\/www.feyalegria.org\/paraguay\/aprendo-jugando-en-mi-casa-en-mi-escuela-y-mi-comunidad\/","og_locale":"es_ES","og_type":"article","og_title":"Aprendo Jugando en mi Casa, en mi Escuela y mi Comunidad - #SomosFeyAlegria en Paraguay","og_description":"[vc_row][vc_column][vc_column_text css=\u00bb\u00bb] Aprendo Jugando en mi Casa, en mi Escuela y mi Comunidad [\/vc_column_text][vc_column_text css=\u00bb\u00bb]Fe y Alegr\u00eda Paraguay, con el apoyo de USAID y CATALYZE ECCE\/AEPI, est\u00e1 implementando el proyecto\u00a0Aprendo jugando en casa, en mi escuela y en mi comunidad, el cual est\u00e1 centrado en la primera infancia, una iniciativa prioritaria para la Federaci\u00f3n Internacional","og_url":"https:\/\/www.feyalegria.org\/paraguay\/aprendo-jugando-en-mi-casa-en-mi-escuela-y-mi-comunidad\/","og_site_name":"#SomosFeyAlegria en Paraguay","article_modified_time":"2024-12-11T19:34:16+00:00","twitter_card":"summary_large_image","twitter_misc":{"Tiempo de lectura":"1 minuto"},"schema":{"@context":"https:\/\/schema.org","@graph":[{"@type":"WebPage","@id":"https:\/\/www.feyalegria.org\/paraguay\/aprendo-jugando-en-mi-casa-en-mi-escuela-y-mi-comunidad\/","url":"https:\/\/www.feyalegria.org\/paraguay\/aprendo-jugando-en-mi-casa-en-mi-escuela-y-mi-comunidad\/","name":"Aprendo Jugando en mi Casa, en mi Escuela y mi Comunidad - #SomosFeyAlegria en Paraguay","isPartOf":{"@id":"https:\/\/www.feyalegria.org\/paraguay\/#website"},"datePublished":"2024-12-11T19:26:06+00:00","dateModified":"2024-12-11T19:34:16+00:00","breadcrumb":{"@id":"https:\/\/www.feyalegria.org\/paraguay\/aprendo-jugando-en-mi-casa-en-mi-escuela-y-mi-comunidad\/#breadcrumb"},"inLanguage":"es","potentialAction":[{"@type":"ReadAction","target":["https:\/\/www.feyalegria.org\/paraguay\/aprendo-jugando-en-mi-casa-en-mi-escuela-y-mi-comunidad\/"]}]},{"@type":"BreadcrumbList","@id":"https:\/\/www.feyalegria.org\/paraguay\/aprendo-jugando-en-mi-casa-en-mi-escuela-y-mi-comunidad\/#breadcrumb","itemListElement":[{"@type":"ListItem","position":1,"name":"Home","item":"https:\/\/www.feyalegria.org\/paraguay\/"},{"@type":"ListItem","position":2,"name":"Aprendo Jugando en mi Casa, en mi Escuela y mi Comunidad"}]},{"@type":"WebSite","@id":"https:\/\/www.feyalegria.org\/paraguay\/#website","url":"https:\/\/www.feyalegria.org\/paraguay\/","name":"#SomosFeyAlegria en Paraguay","description":"Movimiento de Educaci\u00f3n Popular y Promoci\u00f3n Social","potentialAction":[{"@type":"SearchAction","target":{"@type":"EntryPoint","urlTemplate":"https:\/\/www.feyalegria.org\/paraguay\/?s={search_term_string}"},"query-input":{"@type":"PropertyValueSpecification","valueRequired":true,"valueName":"search_term_string"}}],"inLanguage":"es"}]}},"_links":{"self":[{"href":"https:\/\/www.feyalegria.org\/paraguay\/wp-json\/wp\/v2\/pages\/11685","targetHints":{"allow":["GET"]}}],"collection":[{"href":"https:\/\/www.feyalegria.org\/paraguay\/wp-json\/wp\/v2\/pages"}],"about":[{"href":"https:\/\/www.feyalegria.org\/paraguay\/wp-json\/wp\/v2\/types\/page"}],"author":[{"embeddable":true,"href":"https:\/\/www.feyalegria.org\/paraguay\/wp-json\/wp\/v2\/users\/58"}],"replies":[{"embeddable":true,"href":"https:\/\/www.feyalegria.org\/paraguay\/wp-json\/wp\/v2\/comments?post=11685"}],"version-history":[{"count":0,"href":"https:\/\/www.feyalegria.org\/paraguay\/wp-json\/wp\/v2\/pages\/11685\/revisions"}],"wp:attachment":[{"href":"https:\/\/www.feyalegria.org\/paraguay\/wp-json\/wp\/v2\/media?parent=11685"}],"wp:term":[{"taxonomy":"folder","embeddable":true,"href":"https:\/\/www.feyalegria.org\/paraguay\/wp-json\/wp\/v2\/folder?post=11685"}],"curies":[{"name":"wp","href":"https:\/\/api.w.org\/{rel}","templated":true}]}}