 {"id":2325,"date":"2022-10-24T12:56:56","date_gmt":"2022-10-24T17:56:56","guid":{"rendered":"https:\/\/www.feyalegria.org\/paraguay\/?page_id=2325"},"modified":"2023-02-07T14:45:02","modified_gmt":"2023-02-07T19:45:02","slug":"escuela-sagrada-familia","status":"publish","type":"page","link":"https:\/\/www.feyalegria.org\/paraguay\/escuela-sagrada-familia\/","title":{"rendered":"Escuela Sagrada Familia"},"content":{"rendered":"<div class=\"wpb-content-wrapper\"><p>[vc_row][vc_column width=\u00bb5\/6&#8243;]<div style=\"background-color:;height: 50px\" class=\"nicdark_section  \"><\/div>[\/vc_column][vc_column width=\u00bb1\/6&#8243;]<a href=\"https:\/\/www.feyalegria.org\/paraguay\/centros-educativos\/\" title=\"Centros educativos\"  data-id=\"mpc_button-7069d6aa45d2873\" class=\"mpc-button mpc-init mpc-transition mpc-typography--default \" ><div class=\"mpc-button__content mpc-effect-type--stay mpc-effect-side--left\"><i class=\"mpc-button__icon mpc-transition  mi mi-pin_drop\"><\/i><span class=\"mpc-button__title mpc-transition\">Volver al mapa<\/span><\/div><div class=\"mpc-button__background mpc-transition mpc-effect-type--fade mpc-effect-side--in\"><\/div><\/a>[\/vc_column][\/vc_row][vc_row][vc_column width=\u00bb2\/3&#8243;][vc_column_text]La escuela B\u00e1sica N\u00b0 4.355 Sagrada Familia, de Fe y Alegr\u00eda, est\u00e1 ubicada en el centro comunitario de N\u00facleo 5, Asentamiento Arroyito, distante a unos 5 km. de N\u00facleo 3 y unos 15 km. al sur de la Ruta internacional Py. N\u00b0 5 Gral. Bernardino Caballero.<br \/>\nFunciona desde el a\u00f1o 1.991, y entr\u00f3 a formar parte de la Asociaci\u00f3n Fe y Alegr\u00eda desde el a\u00f1o 1.993.<br \/>\nCuenta con una infraestructura grande, un pabell\u00f3n con 4 aulas, un sal\u00f3n multiuso, una cocina b\u00e1sicamente equipada, sanitario sexado, y patio amplio para el esparcimiento libre. Est\u00e1 asentada en un terreno de 2 hect\u00e1reas, propiedad de la instituci\u00f3n.<br \/>\nLa comunidad del N\u00facleo 5, Asentamiento Arroyito tiene una dimensi\u00f3n aproximada de mil hect\u00e1reas, con una poblaci\u00f3n de m\u00e1s de 80 familias, ubicadas en su mayor\u00eda en fincas de 3 hect\u00e1reas. y unas pocas en sitios, los lotes agr\u00edcolas se encuentran ubicadas alrededor de las fincas familiares. La mayor\u00eda de los pobladores se dedican a la agricultura y a la producci\u00f3n ganadera, en peque\u00f1as proporciones. Gran parte de las familias est\u00e1n compuestas por parejas j\u00f3venes, con una cantidad promedio de 4 hijos. Hay tambi\u00e9n familias compuestas por abuelos con sus nietos en edad escolar. Varias familias tienen miembros que trabajan y\/o estudian en las ciudades como Horqueta, Pedro Juan Caballero, Concepci\u00f3n y Asunci\u00f3n, quienes peri\u00f3dicamente est\u00e1n viniendo a la comunidad.<br \/>\nVarias de las familias cuentan con vivienda construida por MUVyH (Ministerio de urbanismo, vivienda y h\u00e1bitat), hecha con material cocido, modesto pero seguro, con sanitario incluido. Otras casas est\u00e1n hechas con materiales como maderas, chapas y otras con material cocido. A\u00fan hay familias con viviendas precarias, sin piso ni sanitarios. El sistema de agua corriente de la comunidad depende de un pozo artesiano comunitario con un tanque elevado y red de ca\u00f1er\u00edas distribuida en cada casa, el agua corriente llega a las familias las 24 horas.<br \/>\nLa calle principal de acceso a la comunidad, cuenta con pavimento y la que conecta con otras rutas de la zona. Esto representa un progreso importante a los pobladores, ya que las condiciones de los caminos influyen mucho en el movimiento comercial y econ\u00f3mico de la zona.<br \/>\nEn la instituci\u00f3n se cuenta desde el jard\u00edn de infantes hasta el segundo ciclo, todos en plurigrado, que funcionan en los dos turnos. Todos los docentes poseen el perfil requerido para el nivel que ense\u00f1a. Un s\u00f3lo docente est\u00e1 en ambos turnos y dos en un s\u00f3lo turno.<\/p>\n<h5 style=\"text-align: left;\"><strong><span style=\"color: #aa0f16;\">Contactos<\/span><\/strong><\/h5>\n<p><strong>Directora<\/strong>: Fermina L\u00f3pez de Jara<br \/>\n<strong>Tel\u00e9fono<\/strong>: +5959983576600[\/vc_column_text][\/vc_column][vc_column width=\u00bb1\/3&#8243;][vc_gmaps link=\u00bb#E-8_JTNDaWZyYW1lJTIwc3JjJTNEJTIyaHR0cHMlM0ElMkYlMkZ3d3cuZ29vZ2xlLmNvbSUyRm1hcHMlMkZlbWJlZCUzRnBiJTNEJTIxMW0xNCUyMTFtOCUyMTFtMyUyMTFkNzE5Ny43ODg3Mzk0Mjc2NzElMjEyZC01Ni43MjI4NDMxJTIxM2QtMjMuMjUzMzcwNyUyMTNtMiUyMTFpMTAyNCUyMTJpNzY4JTIxNGYxMy4xJTIxM20zJTIxMW0yJTIxMXMweDk0NjE1OTU1OGI1MjE0NGIlMjUzQTB4OTZiMzE3ZjRmMmE0M2VmZSUyMTJzRXNjdWVsYSUyNTIwQiUyNUMzJTI1QTFzaWNhJTI1MjBOJTI1QzIlMjVCQSUyNTIwNC4zNTUlMjUyMFNhZ3JhZGElMjUyMEZhbWlsaWElMjUyMGRlJTI1MjBGZSUyNTIweSUyNTIwQWxlZ3IlMjVDMyUyNUFEYSUyMTVlMSUyMTNtMiUyMTFzZXMtNDE5JTIxMnNweSUyMTR2MTY2NjYzMzEzMDY2NiUyMTVtMiUyMTFzZXMtNDE5JTIxMnNweSUyMiUyMCUyMHdpZHRoJTNEJTIyNjAwJTIyJTIwaGVpZ2h0JTNEJTIyNDUwJTIyJTIwZnJhbWVib3JkZXIlM0QlMjIwJTIyJTIwc3R5bGUlM0QlMjJib3JkZXIlM0EwJTNCJTIyJTIwYWxsb3dmdWxsc2NyZWVuJTNEJTIyJTIyJTIwYXJpYS1oaWRkZW4lM0QlMjJmYWxzZSUyMiUyMHRhYmluZGV4JTNEJTIyMCUyMiUzRSUzQyUyRmlmcmFtZSUzRQ==\u00bb][\/vc_column][\/vc_row][vc_row][vc_column width=\u00bb1\/4&#8243;][vc_single_image image=\u00bb8545&#8243; img_size=\u00bbmedium\u00bb alignment=\u00bbcenter\u00bb onclick=\u00bbimg_link_large\u00bb][\/vc_column][vc_column width=\u00bb1\/4&#8243;][vc_single_image image=\u00bb8411&#8243; img_size=\u00bbmedium\u00bb alignment=\u00bbcenter\u00bb onclick=\u00bbimg_link_large\u00bb][\/vc_column][vc_column width=\u00bb1\/4&#8243;][vc_single_image image=\u00bb8454&#8243; img_size=\u00bbmedium\u00bb][\/vc_column][vc_column width=\u00bb1\/4&#8243;][vc_single_image image=\u00bb8500&#8243; img_size=\u00bbmedium\u00bb][\/vc_column][\/vc_row]<\/p>\n<\/div>","protected":false},"excerpt":{"rendered":"<p>[vc_row][vc_column width=\u00bb5\/6&#8243;][\/vc_column][vc_column width=\u00bb1\/6&#8243;][\/vc_column][\/vc_row][vc_row][vc_column width=\u00bb2\/3&#8243;][vc_column_text]La escuela B\u00e1sica N\u00b0 4.355 Sagrada Familia, de Fe y Alegr\u00eda, est\u00e1 ubicada en el centro comunitario de N\u00facleo 5, Asentamiento Arroyito, distante a unos 5 km. de N\u00facleo 3 y unos 15 km. al sur de la Ruta internacional Py. N\u00b0 5 Gral. Bernardino Caballero. Funciona desde el a\u00f1o 1.991, y<\/p>\n","protected":false},"author":2,"featured_media":0,"parent":0,"menu_order":0,"comment_status":"closed","ping_status":"closed","template":"","meta":{"_acf_changed":false,"footnotes":""},"folder":[],"class_list":["post-2325","page","type-page","status-publish","hentry"],"acf":[],"yoast_head":"<!-- This site is optimized with the Yoast SEO plugin v27.2 - https:\/\/yoast.com\/product\/yoast-seo-wordpress\/ -->\n<title>Escuela Sagrada Familia - #SomosFeyAlegria en Paraguay<\/title>\n<meta name=\"robots\" content=\"index, follow, max-snippet:-1, max-image-preview:large, max-video-preview:-1\" \/>\n<link rel=\"canonical\" href=\"https:\/\/www.feyalegria.org\/paraguay\/escuela-sagrada-familia\/\" \/>\n<meta property=\"og:locale\" content=\"es_ES\" \/>\n<meta property=\"og:type\" content=\"article\" \/>\n<meta property=\"og:title\" content=\"Escuela Sagrada Familia - #SomosFeyAlegria en Paraguay\" \/>\n<meta property=\"og:description\" content=\"[vc_row][vc_column width=\u00bb5\/6&#8243;][\/vc_column][vc_column width=\u00bb1\/6&#8243;][\/vc_column][\/vc_row][vc_row][vc_column width=\u00bb2\/3&#8243;][vc_column_text]La escuela B\u00e1sica N\u00b0 4.355 Sagrada Familia, de Fe y Alegr\u00eda, est\u00e1 ubicada en el centro comunitario de N\u00facleo 5, Asentamiento Arroyito, distante a unos 5 km. de N\u00facleo 3 y unos 15 km. al sur de la Ruta internacional Py. N\u00b0 5 Gral. Bernardino Caballero. Funciona desde el a\u00f1o 1.991, y\" \/>\n<meta property=\"og:url\" content=\"https:\/\/www.feyalegria.org\/paraguay\/escuela-sagrada-familia\/\" \/>\n<meta property=\"og:site_name\" content=\"#SomosFeyAlegria en Paraguay\" \/>\n<meta property=\"article:modified_time\" content=\"2023-02-07T19:45:02+00:00\" \/>\n<meta name=\"twitter:card\" content=\"summary_large_image\" \/>\n<meta name=\"twitter:label1\" content=\"Tiempo de lectura\" \/>\n\t<meta name=\"twitter:data1\" content=\"3 minutos\" \/>\n<script type=\"application\/ld+json\" class=\"yoast-schema-graph\">{\"@context\":\"https:\/\/schema.org\",\"@graph\":[{\"@type\":\"WebPage\",\"@id\":\"https:\/\/www.feyalegria.org\/paraguay\/escuela-sagrada-familia\/\",\"url\":\"https:\/\/www.feyalegria.org\/paraguay\/escuela-sagrada-familia\/\",\"name\":\"Escuela Sagrada Familia - #SomosFeyAlegria en Paraguay\",\"isPartOf\":{\"@id\":\"https:\/\/www.feyalegria.org\/paraguay\/#website\"},\"datePublished\":\"2022-10-24T17:56:56+00:00\",\"dateModified\":\"2023-02-07T19:45:02+00:00\",\"breadcrumb\":{\"@id\":\"https:\/\/www.feyalegria.org\/paraguay\/escuela-sagrada-familia\/#breadcrumb\"},\"inLanguage\":\"es\",\"potentialAction\":[{\"@type\":\"ReadAction\",\"target\":[\"https:\/\/www.feyalegria.org\/paraguay\/escuela-sagrada-familia\/\"]}]},{\"@type\":\"BreadcrumbList\",\"@id\":\"https:\/\/www.feyalegria.org\/paraguay\/escuela-sagrada-familia\/#breadcrumb\",\"itemListElement\":[{\"@type\":\"ListItem\",\"position\":1,\"name\":\"Home\",\"item\":\"https:\/\/www.feyalegria.org\/paraguay\/\"},{\"@type\":\"ListItem\",\"position\":2,\"name\":\"Escuela Sagrada Familia\"}]},{\"@type\":\"WebSite\",\"@id\":\"https:\/\/www.feyalegria.org\/paraguay\/#website\",\"url\":\"https:\/\/www.feyalegria.org\/paraguay\/\",\"name\":\"#SomosFeyAlegria en Paraguay\",\"description\":\"Movimiento de Educaci\u00f3n Popular y Promoci\u00f3n Social\",\"potentialAction\":[{\"@type\":\"SearchAction\",\"target\":{\"@type\":\"EntryPoint\",\"urlTemplate\":\"https:\/\/www.feyalegria.org\/paraguay\/?s={search_term_string}\"},\"query-input\":{\"@type\":\"PropertyValueSpecification\",\"valueRequired\":true,\"valueName\":\"search_term_string\"}}],\"inLanguage\":\"es\"}]}<\/script>\n<!-- \/ Yoast SEO plugin. -->","yoast_head_json":{"title":"Escuela Sagrada Familia - #SomosFeyAlegria en Paraguay","robots":{"index":"index","follow":"follow","max-snippet":"max-snippet:-1","max-image-preview":"max-image-preview:large","max-video-preview":"max-video-preview:-1"},"canonical":"https:\/\/www.feyalegria.org\/paraguay\/escuela-sagrada-familia\/","og_locale":"es_ES","og_type":"article","og_title":"Escuela Sagrada Familia - #SomosFeyAlegria en Paraguay","og_description":"[vc_row][vc_column width=\u00bb5\/6&#8243;][\/vc_column][vc_column width=\u00bb1\/6&#8243;][\/vc_column][\/vc_row][vc_row][vc_column width=\u00bb2\/3&#8243;][vc_column_text]La escuela B\u00e1sica N\u00b0 4.355 Sagrada Familia, de Fe y Alegr\u00eda, est\u00e1 ubicada en el centro comunitario de N\u00facleo 5, Asentamiento Arroyito, distante a unos 5 km. de N\u00facleo 3 y unos 15 km. al sur de la Ruta internacional Py. N\u00b0 5 Gral. Bernardino Caballero. Funciona desde el a\u00f1o 1.991, y","og_url":"https:\/\/www.feyalegria.org\/paraguay\/escuela-sagrada-familia\/","og_site_name":"#SomosFeyAlegria en Paraguay","article_modified_time":"2023-02-07T19:45:02+00:00","twitter_card":"summary_large_image","twitter_misc":{"Tiempo de lectura":"3 minutos"},"schema":{"@context":"https:\/\/schema.org","@graph":[{"@type":"WebPage","@id":"https:\/\/www.feyalegria.org\/paraguay\/escuela-sagrada-familia\/","url":"https:\/\/www.feyalegria.org\/paraguay\/escuela-sagrada-familia\/","name":"Escuela Sagrada Familia - #SomosFeyAlegria en Paraguay","isPartOf":{"@id":"https:\/\/www.feyalegria.org\/paraguay\/#website"},"datePublished":"2022-10-24T17:56:56+00:00","dateModified":"2023-02-07T19:45:02+00:00","breadcrumb":{"@id":"https:\/\/www.feyalegria.org\/paraguay\/escuela-sagrada-familia\/#breadcrumb"},"inLanguage":"es","potentialAction":[{"@type":"ReadAction","target":["https:\/\/www.feyalegria.org\/paraguay\/escuela-sagrada-familia\/"]}]},{"@type":"BreadcrumbList","@id":"https:\/\/www.feyalegria.org\/paraguay\/escuela-sagrada-familia\/#breadcrumb","itemListElement":[{"@type":"ListItem","position":1,"name":"Home","item":"https:\/\/www.feyalegria.org\/paraguay\/"},{"@type":"ListItem","position":2,"name":"Escuela Sagrada Familia"}]},{"@type":"WebSite","@id":"https:\/\/www.feyalegria.org\/paraguay\/#website","url":"https:\/\/www.feyalegria.org\/paraguay\/","name":"#SomosFeyAlegria en Paraguay","description":"Movimiento de Educaci\u00f3n Popular y Promoci\u00f3n Social","potentialAction":[{"@type":"SearchAction","target":{"@type":"EntryPoint","urlTemplate":"https:\/\/www.feyalegria.org\/paraguay\/?s={search_term_string}"},"query-input":{"@type":"PropertyValueSpecification","valueRequired":true,"valueName":"search_term_string"}}],"inLanguage":"es"}]}},"_links":{"self":[{"href":"https:\/\/www.feyalegria.org\/paraguay\/wp-json\/wp\/v2\/pages\/2325","targetHints":{"allow":["GET"]}}],"collection":[{"href":"https:\/\/www.feyalegria.org\/paraguay\/wp-json\/wp\/v2\/pages"}],"about":[{"href":"https:\/\/www.feyalegria.org\/paraguay\/wp-json\/wp\/v2\/types\/page"}],"author":[{"embeddable":true,"href":"https:\/\/www.feyalegria.org\/paraguay\/wp-json\/wp\/v2\/users\/2"}],"replies":[{"embeddable":true,"href":"https:\/\/www.feyalegria.org\/paraguay\/wp-json\/wp\/v2\/comments?post=2325"}],"version-history":[{"count":0,"href":"https:\/\/www.feyalegria.org\/paraguay\/wp-json\/wp\/v2\/pages\/2325\/revisions"}],"wp:attachment":[{"href":"https:\/\/www.feyalegria.org\/paraguay\/wp-json\/wp\/v2\/media?parent=2325"}],"wp:term":[{"taxonomy":"folder","embeddable":true,"href":"https:\/\/www.feyalegria.org\/paraguay\/wp-json\/wp\/v2\/folder?post=2325"}],"curies":[{"name":"wp","href":"https:\/\/api.w.org\/{rel}","templated":true}]}}