 {"id":2393,"date":"2022-10-25T09:04:45","date_gmt":"2022-10-25T14:04:45","guid":{"rendered":"https:\/\/www.feyalegria.org\/paraguay\/?page_id=2393"},"modified":"2023-02-07T15:52:12","modified_gmt":"2023-02-07T20:52:12","slug":"escuela-y-colegio-tecnico-agropecuario-santa-maria-de-la-providencia","status":"publish","type":"page","link":"https:\/\/www.feyalegria.org\/paraguay\/escuela-y-colegio-tecnico-agropecuario-santa-maria-de-la-providencia\/","title":{"rendered":"Escuela y Colegio T\u00e9cnico Agropecuario Santa Mar\u00eda de la Providencia"},"content":{"rendered":"<div class=\"wpb-content-wrapper\"><p>[vc_row][vc_column width=\u00bb5\/6&#8243;]<div style=\"background-color:;height: 50px\" class=\"nicdark_section  \"><\/div>[\/vc_column][vc_column width=\u00bb1\/6&#8243;]<a href=\"https:\/\/www.feyalegria.org\/paraguay\/centros-educativos\/\" title=\"Centros educativos\"  data-id=\"mpc_button-7169d6aa126e057\" class=\"mpc-button mpc-init mpc-transition mpc-typography--default \" ><div class=\"mpc-button__content mpc-effect-type--stay mpc-effect-side--left\"><i class=\"mpc-button__icon mpc-transition  mi mi-pin_drop\"><\/i><span class=\"mpc-button__title mpc-transition\">Volver al mapa<\/span><\/div><div class=\"mpc-button__background mpc-transition mpc-effect-type--fade mpc-effect-side--in\"><\/div><\/a>[\/vc_column][\/vc_row][vc_row][vc_column width=\u00bb2\/3&#8243;][vc_column_text]Es un centro que brinda a las personas oportunidad de formaci\u00f3n integral con enfoque agropecuario con la filosof\u00eda de aprender haciendo para emprender, mediante programas de educaci\u00f3n formal, con el ideario de Fe y Alegr\u00eda, fomentando el emprendedurismo y el arraigo, respetando a la naturaleza y la vivencia de los valores cristianos acompa\u00f1ando el proceso de desarrollo sostenible de la comunidad.<br \/>\nUn centro auto sostenible, puesta al servicio de la comunidad que promueve la formaci\u00f3n integral sustentada en los principios de la educaci\u00f3n popular impulsada por Fe y Alegr\u00eda y los fundamentos de la educaci\u00f3n Paraguaya.<br \/>\nCreada en el a\u00f1o 1995 a petici\u00f3n de un grupo de padres de familias.<br \/>\nActualmente con 27 a\u00f1os de funcionamiento ha lanzado a la sociedad\u00a0 16 promociones en total, 305\u00a0 flamantes t\u00e9cnicos agropecuarios con capacidades instaladas y oportunidades de trabajo.<br \/>\nLa instituci\u00f3n funciona bajo la direcci\u00f3n general de la hermana Ida Deolinda Bernal Gonz\u00e1lez.<br \/>\nCuenta con un total de 366 alumnos y 31 profesores desde el nivel inicial hasta el tercer curso del Bachillerato T\u00e9cnico Agropecuario.<br \/>\nLa Instituci\u00f3n cuenta con Rubros del MEC, MAG y Recurso Privado de Fe y Alegr\u00eda<br \/>\nCuenta con una infraestructura suficiente para el desarrollo de las actividades pedag\u00f3gicas y recreativas. El equipamiento de las instalaciones favorece un buen desempe\u00f1o de los docentes para llegar a una ense\u00f1anza &#8211; aprendizaje eficiente.<br \/>\nLos recursos materiales did\u00e1cticos facilitan el aprendizaje significativo de los alumnos utilizando las diferentes teor\u00edas de ense\u00f1anza\u00a0 &#8211; aprendizaje y estrategias de evaluaci\u00f3n.<br \/>\nSe imparte cursos de inform\u00e1tica desde el Jard\u00edn hasta el 3er Curso financiado con recursos privados.<br \/>\nEmprendimiento de panader\u00eda y confiter\u00eda financiado por el Proyecto EspaCCio Joven<br \/>\nY Tambo (producci\u00f3n y acopio de leche) Financiado por INDITEX, con un contrato actual de ventas de leche a L\u00e1cteos la Fortuna.<\/p>\n<h5 style=\"text-align: left;\"><strong><span style=\"color: #aa0f16;\">Contactos<\/span><\/strong><\/h5>\n<p><strong>Directora<\/strong>: Hna. Ida Bernal.<br \/>\n<strong>Tel\u00e9fono<\/strong>: +595981917732[\/vc_column_text][\/vc_column][vc_column width=\u00bb1\/3&#8243;][vc_gmaps link=\u00bb#E-8_JTNDaWZyYW1lJTIwc3JjJTNEJTIyaHR0cHMlM0ElMkYlMkZ3d3cuZ29vZ2xlLmNvbSUyRm1hcHMlMkZlbWJlZCUzRnBiJTNEJTIxMW0xOCUyMTFtMTIlMjExbTMlMjExZDM2MTUuMTgyOTU0NTEwMzclMjEyZC01Ni4wNDk1NjM3OTk5OTk5OTQlMjEzZC0yNS4wMjc4NjQ1JTIxMm0zJTIxMWYwJTIxMmYwJTIxM2YwJTIxM20yJTIxMWkxMDI0JTIxMmk3NjglMjE0ZjEzLjElMjEzbTMlMjExbTIlMjExczB4MCUyNTNBMHhhYjIyODNhNTczZTcxM2I2JTIxMnNFc2N1ZWxhJTI1MjBCJTI1QzMlMjVBMXNpY2ElMjUyME4lMjVDMiUyNUIwJTI1MjA1MDc3JTI1MjBTYW50YSUyNTIwTWFyJTI1QzMlMjVBRGElMjUyMGRlJTI1MjBsYSUyNTIwUHJvdmlkZW5jaWElMjUyMGRlJTI1MjBGZSUyNTIweSUyNTIwQWxlZ3IlMjVDMyUyNUFEYSUyMTVlMCUyMTNtMiUyMTFzZXMtNDE5JTIxMnNweSUyMTR2MTY2NjcwNTcxNTg1OCUyMTVtMiUyMTFzZXMtNDE5JTIxMnNweSUyMiUyMCUyMHdpZHRoJTNEJTIyNjAwJTIyJTIwaGVpZ2h0JTNEJTIyNDUwJTIyJTIwZnJhbWVib3JkZXIlM0QlMjIwJTIyJTIwc3R5bGUlM0QlMjJib3JkZXIlM0EwJTNCJTIyJTIwYWxsb3dmdWxsc2NyZWVuJTNEJTIyJTIyJTIwYXJpYS1oaWRkZW4lM0QlMjJmYWxzZSUyMiUyMHRhYmluZGV4JTNEJTIyMCUyMiUzRSUzQyUyRmlmcmFtZSUzRQ==\u00bb][\/vc_column][\/vc_row][vc_row][vc_column width=\u00bb1\/4&#8243;][vc_single_image image=\u00bb8421&#8243; img_size=\u00bbmedium\u00bb alignment=\u00bbcenter\u00bb onclick=\u00bbimg_link_large\u00bb][\/vc_column][vc_column width=\u00bb1\/4&#8243;][vc_single_image image=\u00bb8464&#8243; img_size=\u00bbmedium\u00bb alignment=\u00bbcenter\u00bb onclick=\u00bbimg_link_large\u00bb][\/vc_column][vc_column width=\u00bb1\/4&#8243;][vc_single_image image=\u00bb8510&#8243; img_size=\u00bbmedium\u00bb][\/vc_column][vc_column width=\u00bb1\/4&#8243;][vc_single_image image=\u00bb8554&#8243; img_size=\u00bbmedium\u00bb][\/vc_column][\/vc_row]<\/p>\n<\/div>","protected":false},"excerpt":{"rendered":"<p>[vc_row][vc_column width=\u00bb5\/6&#8243;][\/vc_column][vc_column width=\u00bb1\/6&#8243;][\/vc_column][\/vc_row][vc_row][vc_column width=\u00bb2\/3&#8243;][vc_column_text]Es un centro que brinda a las personas oportunidad de formaci\u00f3n integral con enfoque agropecuario con la filosof\u00eda de aprender haciendo para emprender, mediante programas de educaci\u00f3n formal, con el ideario de Fe y Alegr\u00eda, fomentando el emprendedurismo y el arraigo, respetando a la naturaleza y la vivencia de los valores cristianos<\/p>\n","protected":false},"author":2,"featured_media":0,"parent":0,"menu_order":0,"comment_status":"closed","ping_status":"closed","template":"","meta":{"_acf_changed":false,"footnotes":""},"folder":[],"class_list":["post-2393","page","type-page","status-publish","hentry"],"acf":[],"yoast_head":"<!-- This site is optimized with the Yoast SEO plugin v27.2 - https:\/\/yoast.com\/product\/yoast-seo-wordpress\/ -->\n<title>Escuela y Colegio T\u00e9cnico Agropecuario Santa Mar\u00eda de la Providencia - #SomosFeyAlegria en Paraguay<\/title>\n<meta name=\"robots\" content=\"index, follow, max-snippet:-1, max-image-preview:large, max-video-preview:-1\" \/>\n<link rel=\"canonical\" href=\"https:\/\/www.feyalegria.org\/paraguay\/escuela-y-colegio-tecnico-agropecuario-santa-maria-de-la-providencia\/\" \/>\n<meta property=\"og:locale\" content=\"es_ES\" \/>\n<meta property=\"og:type\" content=\"article\" \/>\n<meta property=\"og:title\" content=\"Escuela y Colegio T\u00e9cnico Agropecuario Santa Mar\u00eda de la Providencia - #SomosFeyAlegria en Paraguay\" \/>\n<meta property=\"og:description\" content=\"[vc_row][vc_column width=\u00bb5\/6&#8243;][\/vc_column][vc_column width=\u00bb1\/6&#8243;][\/vc_column][\/vc_row][vc_row][vc_column width=\u00bb2\/3&#8243;][vc_column_text]Es un centro que brinda a las personas oportunidad de formaci\u00f3n integral con enfoque agropecuario con la filosof\u00eda de aprender haciendo para emprender, mediante programas de educaci\u00f3n formal, con el ideario de Fe y Alegr\u00eda, fomentando el emprendedurismo y el arraigo, respetando a la naturaleza y la vivencia de los valores cristianos\" \/>\n<meta property=\"og:url\" content=\"https:\/\/www.feyalegria.org\/paraguay\/escuela-y-colegio-tecnico-agropecuario-santa-maria-de-la-providencia\/\" \/>\n<meta property=\"og:site_name\" content=\"#SomosFeyAlegria en Paraguay\" \/>\n<meta property=\"article:modified_time\" content=\"2023-02-07T20:52:12+00:00\" \/>\n<meta name=\"twitter:card\" content=\"summary_large_image\" \/>\n<meta name=\"twitter:label1\" content=\"Tiempo de lectura\" \/>\n\t<meta name=\"twitter:data1\" content=\"3 minutos\" \/>\n<script type=\"application\/ld+json\" class=\"yoast-schema-graph\">{\"@context\":\"https:\/\/schema.org\",\"@graph\":[{\"@type\":\"WebPage\",\"@id\":\"https:\/\/www.feyalegria.org\/paraguay\/escuela-y-colegio-tecnico-agropecuario-santa-maria-de-la-providencia\/\",\"url\":\"https:\/\/www.feyalegria.org\/paraguay\/escuela-y-colegio-tecnico-agropecuario-santa-maria-de-la-providencia\/\",\"name\":\"Escuela y Colegio T\u00e9cnico Agropecuario Santa Mar\u00eda de la Providencia - #SomosFeyAlegria en Paraguay\",\"isPartOf\":{\"@id\":\"https:\/\/www.feyalegria.org\/paraguay\/#website\"},\"datePublished\":\"2022-10-25T14:04:45+00:00\",\"dateModified\":\"2023-02-07T20:52:12+00:00\",\"breadcrumb\":{\"@id\":\"https:\/\/www.feyalegria.org\/paraguay\/escuela-y-colegio-tecnico-agropecuario-santa-maria-de-la-providencia\/#breadcrumb\"},\"inLanguage\":\"es\",\"potentialAction\":[{\"@type\":\"ReadAction\",\"target\":[\"https:\/\/www.feyalegria.org\/paraguay\/escuela-y-colegio-tecnico-agropecuario-santa-maria-de-la-providencia\/\"]}]},{\"@type\":\"BreadcrumbList\",\"@id\":\"https:\/\/www.feyalegria.org\/paraguay\/escuela-y-colegio-tecnico-agropecuario-santa-maria-de-la-providencia\/#breadcrumb\",\"itemListElement\":[{\"@type\":\"ListItem\",\"position\":1,\"name\":\"Home\",\"item\":\"https:\/\/www.feyalegria.org\/paraguay\/\"},{\"@type\":\"ListItem\",\"position\":2,\"name\":\"Escuela y Colegio T\u00e9cnico Agropecuario Santa Mar\u00eda de la Providencia\"}]},{\"@type\":\"WebSite\",\"@id\":\"https:\/\/www.feyalegria.org\/paraguay\/#website\",\"url\":\"https:\/\/www.feyalegria.org\/paraguay\/\",\"name\":\"#SomosFeyAlegria en Paraguay\",\"description\":\"Movimiento de Educaci\u00f3n Popular y Promoci\u00f3n Social\",\"potentialAction\":[{\"@type\":\"SearchAction\",\"target\":{\"@type\":\"EntryPoint\",\"urlTemplate\":\"https:\/\/www.feyalegria.org\/paraguay\/?s={search_term_string}\"},\"query-input\":{\"@type\":\"PropertyValueSpecification\",\"valueRequired\":true,\"valueName\":\"search_term_string\"}}],\"inLanguage\":\"es\"}]}<\/script>\n<!-- \/ Yoast SEO plugin. -->","yoast_head_json":{"title":"Escuela y Colegio T\u00e9cnico Agropecuario Santa Mar\u00eda de la Providencia - #SomosFeyAlegria en Paraguay","robots":{"index":"index","follow":"follow","max-snippet":"max-snippet:-1","max-image-preview":"max-image-preview:large","max-video-preview":"max-video-preview:-1"},"canonical":"https:\/\/www.feyalegria.org\/paraguay\/escuela-y-colegio-tecnico-agropecuario-santa-maria-de-la-providencia\/","og_locale":"es_ES","og_type":"article","og_title":"Escuela y Colegio T\u00e9cnico Agropecuario Santa Mar\u00eda de la Providencia - #SomosFeyAlegria en Paraguay","og_description":"[vc_row][vc_column width=\u00bb5\/6&#8243;][\/vc_column][vc_column width=\u00bb1\/6&#8243;][\/vc_column][\/vc_row][vc_row][vc_column width=\u00bb2\/3&#8243;][vc_column_text]Es un centro que brinda a las personas oportunidad de formaci\u00f3n integral con enfoque agropecuario con la filosof\u00eda de aprender haciendo para emprender, mediante programas de educaci\u00f3n formal, con el ideario de Fe y Alegr\u00eda, fomentando el emprendedurismo y el arraigo, respetando a la naturaleza y la vivencia de los valores cristianos","og_url":"https:\/\/www.feyalegria.org\/paraguay\/escuela-y-colegio-tecnico-agropecuario-santa-maria-de-la-providencia\/","og_site_name":"#SomosFeyAlegria en Paraguay","article_modified_time":"2023-02-07T20:52:12+00:00","twitter_card":"summary_large_image","twitter_misc":{"Tiempo de lectura":"3 minutos"},"schema":{"@context":"https:\/\/schema.org","@graph":[{"@type":"WebPage","@id":"https:\/\/www.feyalegria.org\/paraguay\/escuela-y-colegio-tecnico-agropecuario-santa-maria-de-la-providencia\/","url":"https:\/\/www.feyalegria.org\/paraguay\/escuela-y-colegio-tecnico-agropecuario-santa-maria-de-la-providencia\/","name":"Escuela y Colegio T\u00e9cnico Agropecuario Santa Mar\u00eda de la Providencia - #SomosFeyAlegria en Paraguay","isPartOf":{"@id":"https:\/\/www.feyalegria.org\/paraguay\/#website"},"datePublished":"2022-10-25T14:04:45+00:00","dateModified":"2023-02-07T20:52:12+00:00","breadcrumb":{"@id":"https:\/\/www.feyalegria.org\/paraguay\/escuela-y-colegio-tecnico-agropecuario-santa-maria-de-la-providencia\/#breadcrumb"},"inLanguage":"es","potentialAction":[{"@type":"ReadAction","target":["https:\/\/www.feyalegria.org\/paraguay\/escuela-y-colegio-tecnico-agropecuario-santa-maria-de-la-providencia\/"]}]},{"@type":"BreadcrumbList","@id":"https:\/\/www.feyalegria.org\/paraguay\/escuela-y-colegio-tecnico-agropecuario-santa-maria-de-la-providencia\/#breadcrumb","itemListElement":[{"@type":"ListItem","position":1,"name":"Home","item":"https:\/\/www.feyalegria.org\/paraguay\/"},{"@type":"ListItem","position":2,"name":"Escuela y Colegio T\u00e9cnico Agropecuario Santa Mar\u00eda de la Providencia"}]},{"@type":"WebSite","@id":"https:\/\/www.feyalegria.org\/paraguay\/#website","url":"https:\/\/www.feyalegria.org\/paraguay\/","name":"#SomosFeyAlegria en Paraguay","description":"Movimiento de Educaci\u00f3n Popular y Promoci\u00f3n Social","potentialAction":[{"@type":"SearchAction","target":{"@type":"EntryPoint","urlTemplate":"https:\/\/www.feyalegria.org\/paraguay\/?s={search_term_string}"},"query-input":{"@type":"PropertyValueSpecification","valueRequired":true,"valueName":"search_term_string"}}],"inLanguage":"es"}]}},"_links":{"self":[{"href":"https:\/\/www.feyalegria.org\/paraguay\/wp-json\/wp\/v2\/pages\/2393","targetHints":{"allow":["GET"]}}],"collection":[{"href":"https:\/\/www.feyalegria.org\/paraguay\/wp-json\/wp\/v2\/pages"}],"about":[{"href":"https:\/\/www.feyalegria.org\/paraguay\/wp-json\/wp\/v2\/types\/page"}],"author":[{"embeddable":true,"href":"https:\/\/www.feyalegria.org\/paraguay\/wp-json\/wp\/v2\/users\/2"}],"replies":[{"embeddable":true,"href":"https:\/\/www.feyalegria.org\/paraguay\/wp-json\/wp\/v2\/comments?post=2393"}],"version-history":[{"count":0,"href":"https:\/\/www.feyalegria.org\/paraguay\/wp-json\/wp\/v2\/pages\/2393\/revisions"}],"wp:attachment":[{"href":"https:\/\/www.feyalegria.org\/paraguay\/wp-json\/wp\/v2\/media?parent=2393"}],"wp:term":[{"taxonomy":"folder","embeddable":true,"href":"https:\/\/www.feyalegria.org\/paraguay\/wp-json\/wp\/v2\/folder?post=2393"}],"curies":[{"name":"wp","href":"https:\/\/api.w.org\/{rel}","templated":true}]}}