 {"id":2401,"date":"2022-10-25T13:21:42","date_gmt":"2022-10-25T18:21:42","guid":{"rendered":"https:\/\/www.feyalegria.org\/paraguay\/?page_id=2401"},"modified":"2023-02-07T17:21:25","modified_gmt":"2023-02-07T22:21:25","slug":"escuela-san-vicente-de-paul-de-fe-y-alegria","status":"publish","type":"page","link":"https:\/\/www.feyalegria.org\/paraguay\/escuela-san-vicente-de-paul-de-fe-y-alegria\/","title":{"rendered":"Escuela San Vicente de Paul de Fe y Alegr\u00eda"},"content":{"rendered":"<div class=\"wpb-content-wrapper\"><p>[vc_row][vc_column width=\u00bb5\/6&#8243;]<div style=\"background-color:;height: 50px\" class=\"nicdark_section  \"><\/div>[\/vc_column][vc_column width=\u00bb1\/6&#8243;]<a href=\"https:\/\/www.feyalegria.org\/paraguay\/centros-educativos\/\" title=\"Centros educativos\"  data-id=\"mpc_button-2969d6a9beb1157\" class=\"mpc-button mpc-init mpc-transition mpc-typography--default \" ><div class=\"mpc-button__content mpc-effect-type--stay mpc-effect-side--left\"><i class=\"mpc-button__icon mpc-transition  mi mi-pin_drop\"><\/i><span class=\"mpc-button__title mpc-transition\">Volver al mapa<\/span><\/div><div class=\"mpc-button__background mpc-transition mpc-effect-type--fade mpc-effect-side--in\"><\/div><\/a>[\/vc_column][\/vc_row][vc_row][vc_column width=\u00bb2\/3&#8243;][vc_column_text]La escuela N\u00b0 3886 San Vicente de Pa\u00fal, ubicada en la 5ta Compa\u00f1\u00eda Yataity de la ciudad de Capiat\u00e1, perteneciente al Movimiento de Fe y Alegr\u00eda, fue fundada en el a\u00f1o 1995 a ra\u00edz de la necesidad de contar en la comunidad con un Centro Educativo que congregue a ni\u00f1os en edad escolar que no estaban escolarizados y a otros tantos que iban a Escuelas lejanas.<br \/>\nAnte esta realidad un grupo de madres impulsadas por la una religiosa de la Congregaci\u00f3n Vicentina, la Hna Clara (+), gestionaron la creaci\u00f3n de la Escuela.<br \/>\nLas primeras profesoras fueron:<\/p>\n<ul>\n<li>\u00a0Julia Florencia\u00f1ez.<\/li>\n<li>Teresita L\u00f3pez.<\/li>\n<li>Stela Alcar\u00e1z.<\/li>\n<\/ul>\n<p>Actualmente es Directora de la Instituci\u00f3n la Lic. Elva Vecca de Adorno a partir del mes de febrero del a\u00f1o 2011<br \/>\nSe cuenta con 9 salas de clases, donde aprenden ni\u00f1os\/as y j\u00f3venes desde el nivel inicial hasta el noveno grado, actualmente est\u00e1n 190 estudiantes matriculados.<br \/>\nLos docentes que forman parte del plantel est\u00e1n capacitados y con perfil en todos los grados y aulas con rubro subvencionados.<br \/>\nLa Instituci\u00f3n Educativa solventa sus gastos administrativos con aportes voluntarios de las familias y, adem\u00e1s, realizando actividades lucrativas con apoyo del EGIE y la comunidad educativa. Para enfrentar la situaci\u00f3n post pand\u00e9mica se ha elaborado un proyecto de contenci\u00f3n emocional.<br \/>\nLa principal intenci\u00f3n de este proyecto es la educaci\u00f3n en valores desde la contenci\u00f3n emocional de todos los actores, atendiendo el bienestar f\u00edsico, espiritual y afectivo, que posibilite un ambiente propicio para el desarrollo del pensamiento, la creatividad, la autonom\u00eda y el aprendizaje significativo a trav\u00e9s del di\u00e1logo y la reflexi\u00f3n. Se debe tratar de llegar a un proceso en la praxis y, haciendo con ellos dicho proceso y no para ellos, descubrir, inventar y crear. Si esto se da de esa manera estaremos en el proceso de la educaci\u00f3n popular. Poniendo amor en la labor docente y guiados por el maestro de maestros se llegar\u00e1 a la transformaci\u00f3n planteada por la educaci\u00f3n popular en forma integral.<br \/>\nPor otro lado, se ejecut\u00f3 el proyecto de veedur\u00eda ciudadana destinada a los j\u00f3venes del tercer ciclo estimulando la participaci\u00f3n a partir del an\u00e1lisis de la realidad institucional y comunitaria.<br \/>\nEn todos los grados se ejecutan proyectos de mejora de acuerdo las necesidades<br \/>\nCabe resaltar el Proyecto de microemprendimiento destinados a las familias de la comunidad que se ejecuta desde hace tres a\u00f1os capacitando en corte y confecci\u00f3n. El primer grupo se denomin\u00f3 \u00abKu\u00f1a Kyre&#8217;y\u00bb, del cual algunas de las mujeres ya tienen sus propios talleres de costura y actualmente son 12 mujeres y un var\u00f3n quienes est\u00e1n en el mencionado taller. Este emprendimiento es implementado por Fe y Alegr\u00eda Paraguay con el apoyo de INDITEX y la Uni\u00f3n Europea.<\/p>\n<h5 style=\"text-align: left;\"><strong><span style=\"color: #aa0f16;\">Contactos<\/span><\/strong><\/h5>\n<p><strong>Directora<\/strong>: Elva Vecca de Adorno.<br \/>\n<strong>Tel\u00e9fono<\/strong>: +595983339030[\/vc_column_text][\/vc_column][vc_column width=\u00bb1\/3&#8243;][vc_gmaps link=\u00bb#E-8_JTNDaWZyYW1lJTIwc3JjJTNEJTIyaHR0cHMlM0ElMkYlMkZ3d3cuZ29vZ2xlLmNvbSUyRm1hcHMlMkZlbWJlZCUzRnBiJTNEJTIxMW0xOCUyMTFtMTIlMjExbTMlMjExZDM2MDUuMTE0MjQ4NTU4NzIwNiUyMTJkLTU3LjQ0NjEwNzQ5OTk5OTk5JTIxM2QtMjUuMzY3NDg3MjAwMDAwMDAzJTIxMm0zJTIxMWYwJTIxMmYwJTIxM2YwJTIxM20yJTIxMWkxMDI0JTIxMmk3NjglMjE0ZjEzLjElMjEzbTMlMjExbTIlMjExczB4OTQ1ZGIyNmY0OTc2Yjk1ZCUyNTNBMHhlZThhMDdiZmVjYWQyZDU2JTIxMnNFc2N1ZWxhJTI1MjBTYW4lMjUyMFZpY2VudGUlMjUyMERlJTI1MjBQYXVsJTI1MjBkZSUyNTIwRmUlMjUyMHklMjUyMEFsZWdyJTI1QzMlMjVBRGElMjE1ZTAlMjEzbTIlMjExc2VzLTQxOSUyMTJzcHklMjE0djE2NjY3MjE5MzMxNDclMjE1bTIlMjExc2VzLTQxOSUyMTJzcHklMjIlMjAlMjB3aWR0aCUzRCUyMjYwMCUyMiUyMGhlaWdodCUzRCUyMjQ1MCUyMiUyMGZyYW1lYm9yZGVyJTNEJTIyMCUyMiUyMHN0eWxlJTNEJTIyYm9yZGVyJTNBMCUzQiUyMiUyMGFsbG93ZnVsbHNjcmVlbiUzRCUyMiUyMiUyMGFyaWEtaGlkZGVuJTNEJTIyZmFsc2UlMjIlMjB0YWJpbmRleCUzRCUyMjAlMjIlM0UlM0MlMkZpZnJhbWUlM0U=\u00bb][\/vc_column][\/vc_row][vc_row][vc_column width=\u00bb1\/4&#8243;][vc_single_image image=\u00bb8422&#8243; img_size=\u00bbmedium\u00bb alignment=\u00bbcenter\u00bb onclick=\u00bbimg_link_large\u00bb][\/vc_column][vc_column width=\u00bb1\/4&#8243;][vc_single_image image=\u00bb8511&#8243; img_size=\u00bbmedium\u00bb alignment=\u00bbcenter\u00bb onclick=\u00bbimg_link_large\u00bb][\/vc_column][vc_column width=\u00bb1\/4&#8243;][vc_single_image image=\u00bb8555&#8243; img_size=\u00bbmedium\u00bb][\/vc_column][vc_column width=\u00bb1\/4&#8243;][vc_single_image image=\u00bb8465&#8243; img_size=\u00bbmedium\u00bb][\/vc_column][\/vc_row]<\/p>\n<\/div>","protected":false},"excerpt":{"rendered":"<p>[vc_row][vc_column width=\u00bb5\/6&#8243;][\/vc_column][vc_column width=\u00bb1\/6&#8243;][\/vc_column][\/vc_row][vc_row][vc_column width=\u00bb2\/3&#8243;][vc_column_text]La escuela N\u00b0 3886 San Vicente de Pa\u00fal, ubicada en la 5ta Compa\u00f1\u00eda Yataity de la ciudad de Capiat\u00e1, perteneciente al Movimiento de Fe y Alegr\u00eda, fue fundada en el a\u00f1o 1995 a ra\u00edz de la necesidad de contar en la comunidad con un Centro Educativo que congregue a ni\u00f1os en edad<\/p>\n","protected":false},"author":2,"featured_media":0,"parent":0,"menu_order":0,"comment_status":"closed","ping_status":"closed","template":"","meta":{"_acf_changed":false,"footnotes":""},"folder":[],"class_list":["post-2401","page","type-page","status-publish","hentry"],"acf":[],"yoast_head":"<!-- This site is optimized with the Yoast SEO plugin v27.2 - https:\/\/yoast.com\/product\/yoast-seo-wordpress\/ -->\n<title>Escuela San Vicente de Paul de Fe y Alegr\u00eda - #SomosFeyAlegria en Paraguay<\/title>\n<meta name=\"robots\" content=\"index, follow, max-snippet:-1, max-image-preview:large, max-video-preview:-1\" \/>\n<link rel=\"canonical\" href=\"https:\/\/www.feyalegria.org\/paraguay\/escuela-san-vicente-de-paul-de-fe-y-alegria\/\" \/>\n<meta property=\"og:locale\" content=\"es_ES\" \/>\n<meta property=\"og:type\" content=\"article\" \/>\n<meta property=\"og:title\" content=\"Escuela San Vicente de Paul de Fe y Alegr\u00eda - #SomosFeyAlegria en Paraguay\" \/>\n<meta property=\"og:description\" content=\"[vc_row][vc_column width=\u00bb5\/6&#8243;][\/vc_column][vc_column width=\u00bb1\/6&#8243;][\/vc_column][\/vc_row][vc_row][vc_column width=\u00bb2\/3&#8243;][vc_column_text]La escuela N\u00b0 3886 San Vicente de Pa\u00fal, ubicada en la 5ta Compa\u00f1\u00eda Yataity de la ciudad de Capiat\u00e1, perteneciente al Movimiento de Fe y Alegr\u00eda, fue fundada en el a\u00f1o 1995 a ra\u00edz de la necesidad de contar en la comunidad con un Centro Educativo que congregue a ni\u00f1os en edad\" \/>\n<meta property=\"og:url\" content=\"https:\/\/www.feyalegria.org\/paraguay\/escuela-san-vicente-de-paul-de-fe-y-alegria\/\" \/>\n<meta property=\"og:site_name\" content=\"#SomosFeyAlegria en Paraguay\" \/>\n<meta property=\"article:modified_time\" content=\"2023-02-07T22:21:25+00:00\" \/>\n<meta name=\"twitter:card\" content=\"summary_large_image\" \/>\n<meta name=\"twitter:label1\" content=\"Tiempo de lectura\" \/>\n\t<meta name=\"twitter:data1\" content=\"4 minutos\" \/>\n<script type=\"application\/ld+json\" class=\"yoast-schema-graph\">{\"@context\":\"https:\/\/schema.org\",\"@graph\":[{\"@type\":\"WebPage\",\"@id\":\"https:\/\/www.feyalegria.org\/paraguay\/escuela-san-vicente-de-paul-de-fe-y-alegria\/\",\"url\":\"https:\/\/www.feyalegria.org\/paraguay\/escuela-san-vicente-de-paul-de-fe-y-alegria\/\",\"name\":\"Escuela San Vicente de Paul de Fe y Alegr\u00eda - #SomosFeyAlegria en Paraguay\",\"isPartOf\":{\"@id\":\"https:\/\/www.feyalegria.org\/paraguay\/#website\"},\"datePublished\":\"2022-10-25T18:21:42+00:00\",\"dateModified\":\"2023-02-07T22:21:25+00:00\",\"breadcrumb\":{\"@id\":\"https:\/\/www.feyalegria.org\/paraguay\/escuela-san-vicente-de-paul-de-fe-y-alegria\/#breadcrumb\"},\"inLanguage\":\"es\",\"potentialAction\":[{\"@type\":\"ReadAction\",\"target\":[\"https:\/\/www.feyalegria.org\/paraguay\/escuela-san-vicente-de-paul-de-fe-y-alegria\/\"]}]},{\"@type\":\"BreadcrumbList\",\"@id\":\"https:\/\/www.feyalegria.org\/paraguay\/escuela-san-vicente-de-paul-de-fe-y-alegria\/#breadcrumb\",\"itemListElement\":[{\"@type\":\"ListItem\",\"position\":1,\"name\":\"Home\",\"item\":\"https:\/\/www.feyalegria.org\/paraguay\/\"},{\"@type\":\"ListItem\",\"position\":2,\"name\":\"Escuela San Vicente de Paul de Fe y Alegr\u00eda\"}]},{\"@type\":\"WebSite\",\"@id\":\"https:\/\/www.feyalegria.org\/paraguay\/#website\",\"url\":\"https:\/\/www.feyalegria.org\/paraguay\/\",\"name\":\"#SomosFeyAlegria en Paraguay\",\"description\":\"Movimiento de Educaci\u00f3n Popular y Promoci\u00f3n Social\",\"potentialAction\":[{\"@type\":\"SearchAction\",\"target\":{\"@type\":\"EntryPoint\",\"urlTemplate\":\"https:\/\/www.feyalegria.org\/paraguay\/?s={search_term_string}\"},\"query-input\":{\"@type\":\"PropertyValueSpecification\",\"valueRequired\":true,\"valueName\":\"search_term_string\"}}],\"inLanguage\":\"es\"}]}<\/script>\n<!-- \/ Yoast SEO plugin. -->","yoast_head_json":{"title":"Escuela San Vicente de Paul de Fe y Alegr\u00eda - #SomosFeyAlegria en Paraguay","robots":{"index":"index","follow":"follow","max-snippet":"max-snippet:-1","max-image-preview":"max-image-preview:large","max-video-preview":"max-video-preview:-1"},"canonical":"https:\/\/www.feyalegria.org\/paraguay\/escuela-san-vicente-de-paul-de-fe-y-alegria\/","og_locale":"es_ES","og_type":"article","og_title":"Escuela San Vicente de Paul de Fe y Alegr\u00eda - #SomosFeyAlegria en Paraguay","og_description":"[vc_row][vc_column width=\u00bb5\/6&#8243;][\/vc_column][vc_column width=\u00bb1\/6&#8243;][\/vc_column][\/vc_row][vc_row][vc_column width=\u00bb2\/3&#8243;][vc_column_text]La escuela N\u00b0 3886 San Vicente de Pa\u00fal, ubicada en la 5ta Compa\u00f1\u00eda Yataity de la ciudad de Capiat\u00e1, perteneciente al Movimiento de Fe y Alegr\u00eda, fue fundada en el a\u00f1o 1995 a ra\u00edz de la necesidad de contar en la comunidad con un Centro Educativo que congregue a ni\u00f1os en edad","og_url":"https:\/\/www.feyalegria.org\/paraguay\/escuela-san-vicente-de-paul-de-fe-y-alegria\/","og_site_name":"#SomosFeyAlegria en Paraguay","article_modified_time":"2023-02-07T22:21:25+00:00","twitter_card":"summary_large_image","twitter_misc":{"Tiempo de lectura":"4 minutos"},"schema":{"@context":"https:\/\/schema.org","@graph":[{"@type":"WebPage","@id":"https:\/\/www.feyalegria.org\/paraguay\/escuela-san-vicente-de-paul-de-fe-y-alegria\/","url":"https:\/\/www.feyalegria.org\/paraguay\/escuela-san-vicente-de-paul-de-fe-y-alegria\/","name":"Escuela San Vicente de Paul de Fe y Alegr\u00eda - #SomosFeyAlegria en Paraguay","isPartOf":{"@id":"https:\/\/www.feyalegria.org\/paraguay\/#website"},"datePublished":"2022-10-25T18:21:42+00:00","dateModified":"2023-02-07T22:21:25+00:00","breadcrumb":{"@id":"https:\/\/www.feyalegria.org\/paraguay\/escuela-san-vicente-de-paul-de-fe-y-alegria\/#breadcrumb"},"inLanguage":"es","potentialAction":[{"@type":"ReadAction","target":["https:\/\/www.feyalegria.org\/paraguay\/escuela-san-vicente-de-paul-de-fe-y-alegria\/"]}]},{"@type":"BreadcrumbList","@id":"https:\/\/www.feyalegria.org\/paraguay\/escuela-san-vicente-de-paul-de-fe-y-alegria\/#breadcrumb","itemListElement":[{"@type":"ListItem","position":1,"name":"Home","item":"https:\/\/www.feyalegria.org\/paraguay\/"},{"@type":"ListItem","position":2,"name":"Escuela San Vicente de Paul de Fe y Alegr\u00eda"}]},{"@type":"WebSite","@id":"https:\/\/www.feyalegria.org\/paraguay\/#website","url":"https:\/\/www.feyalegria.org\/paraguay\/","name":"#SomosFeyAlegria en Paraguay","description":"Movimiento de Educaci\u00f3n Popular y Promoci\u00f3n Social","potentialAction":[{"@type":"SearchAction","target":{"@type":"EntryPoint","urlTemplate":"https:\/\/www.feyalegria.org\/paraguay\/?s={search_term_string}"},"query-input":{"@type":"PropertyValueSpecification","valueRequired":true,"valueName":"search_term_string"}}],"inLanguage":"es"}]}},"_links":{"self":[{"href":"https:\/\/www.feyalegria.org\/paraguay\/wp-json\/wp\/v2\/pages\/2401","targetHints":{"allow":["GET"]}}],"collection":[{"href":"https:\/\/www.feyalegria.org\/paraguay\/wp-json\/wp\/v2\/pages"}],"about":[{"href":"https:\/\/www.feyalegria.org\/paraguay\/wp-json\/wp\/v2\/types\/page"}],"author":[{"embeddable":true,"href":"https:\/\/www.feyalegria.org\/paraguay\/wp-json\/wp\/v2\/users\/2"}],"replies":[{"embeddable":true,"href":"https:\/\/www.feyalegria.org\/paraguay\/wp-json\/wp\/v2\/comments?post=2401"}],"version-history":[{"count":0,"href":"https:\/\/www.feyalegria.org\/paraguay\/wp-json\/wp\/v2\/pages\/2401\/revisions"}],"wp:attachment":[{"href":"https:\/\/www.feyalegria.org\/paraguay\/wp-json\/wp\/v2\/media?parent=2401"}],"wp:term":[{"taxonomy":"folder","embeddable":true,"href":"https:\/\/www.feyalegria.org\/paraguay\/wp-json\/wp\/v2\/folder?post=2401"}],"curies":[{"name":"wp","href":"https:\/\/api.w.org\/{rel}","templated":true}]}}