 {"id":2493,"date":"2022-10-26T14:04:15","date_gmt":"2022-10-26T19:04:15","guid":{"rendered":"https:\/\/www.feyalegria.org\/paraguay\/?page_id=2493"},"modified":"2023-02-07T17:35:07","modified_gmt":"2023-02-07T22:35:07","slug":"escuela-san-miguel-de-fe-y-alegria-banado-sur-asuncion","status":"publish","type":"page","link":"https:\/\/www.feyalegria.org\/paraguay\/escuela-san-miguel-de-fe-y-alegria-banado-sur-asuncion\/","title":{"rendered":"Escuela San Miguel de Fe y Alegr\u00eda &#8211; Ba\u00f1ado Sur, Asunci\u00f3n"},"content":{"rendered":"<div class=\"wpb-content-wrapper\"><p>[vc_row][vc_column width=\u00bb5\/6&#8243;]<div style=\"background-color:;height: 50px\" class=\"nicdark_section  \"><\/div>[\/vc_column][vc_column width=\u00bb1\/6&#8243;]<a href=\"https:\/\/www.feyalegria.org\/paraguay\/centros-educativos\/\" title=\"Centros educativos\"  data-id=\"mpc_button-6369d0c9c5b67ba\" class=\"mpc-button mpc-init mpc-transition mpc-typography--default \" ><div class=\"mpc-button__content mpc-effect-type--stay mpc-effect-side--left\"><i class=\"mpc-button__icon mpc-transition  mi mi-pin_drop\"><\/i><span class=\"mpc-button__title mpc-transition\">Volver al mapa<\/span><\/div><div class=\"mpc-button__background mpc-transition mpc-effect-type--fade mpc-effect-side--in\"><\/div><\/a>[\/vc_column][\/vc_row][vc_row][vc_column width=\u00bb2\/3&#8243;][vc_column_text]<\/p>\n<p align=\"justify\">La Escuela B\u00e1sica N\u00b0 14.812 Priv. Subv. San Miguel de Fe y Alegr\u00eda est\u00e1 situada en el barrio San Cayetano, Ba\u00f1ado Sur, de la Ciudad de Asunci\u00f3n a escasos metros del R\u00edo Paraguay y del Vertedero Municipal \u201cCateura\u201d en la calle Pablo Rojas, entre 38 y 39 Proyectadas.<\/p>\n<p align=\"justify\">El 24 de noviembre de 1997 es reconocida por el Ministerio de Educaci\u00f3n y Cultura como escuela Primaria Graduada incompleta N\u00b0 14.812 en car\u00e1cter de Privada Subvencionada \u201cSan Miguel de Fe y Alegr\u00eda\u201d por Resoluci\u00f3n N\u00b0 176.<\/p>\n<p align=\"justify\">Actualmente cuenta con una poblaci\u00f3n aproximada de 350 familias y asisten a 520 ni\u00f1os, ni\u00f1as y adolescentes. Ofrece servicios de la Educaci\u00f3n Escolar B\u00e1sica, desde el jard\u00edn hasta el 6\u00b0 grado, en ambos turnos, mientras que el tercer ciclo opera en el turno ma\u00f1ana.<\/p>\n<p align=\"justify\">El plantel directivo y docente se compone de: Encargada de Despacho la Lic. Irene K\u00falman Santacruz, una vicedirectora y 18 docentes capacitados y en permanente formaci\u00f3n en la Pedagog\u00eda de la Educaci\u00f3n Popular.<br \/>\nEl centro educativo cumple 25 a\u00f1os de servicios educativos. Est\u00e1 subvencionado casi en su totalidad por el Ministerio de Educaci\u00f3n y Ciencias, con quien tiene un convenio de cooperaci\u00f3n debido a que el movimiento busca una educaci\u00f3n de calidad y sin fines de lucro, tiene como ideario el servicio social para los ni\u00f1os, ni\u00f1as, adolescentes y j\u00f3venes de la comunidad.<br \/>\nLa instituci\u00f3n posee apertura a la comunidad para la realizaci\u00f3n de proyectos comunitarios y trabajos conjuntos con instituciones afines, que posibilitan el proceso participativo y colaborativo mutuo entre escuela, comunidad y sociedad.<\/p>\n<h5 style=\"text-align: left;\"><strong><span style=\"color: #aa0f16;\">Contactos<\/span><\/strong><\/h5>\n<p><strong>Directora<\/strong>: Irene K\u00falman Santacruz.<br \/>\n<strong>Tel\u00e9fono<\/strong>: +595983155447[\/vc_column_text][\/vc_column][vc_column width=\u00bb1\/3&#8243;][vc_gmaps link=\u00bb#E-8_JTNDaWZyYW1lJTIwc3JjJTNEJTIyaHR0cHMlM0ElMkYlMkZ3d3cuZ29vZ2xlLmNvbSUyRm1hcHMlMkZlbWJlZCUzRnBiJTNEJTIxMW0xNCUyMTFtOCUyMTFtMyUyMTFkMjI1LjQwMjA3NzQxMTQxNjQ2JTIxMmQtNTcuNjQzMzEzMyUyMTNkLTI1LjMyMzIzOTMlMjEzbTIlMjExaTEwMjQlMjEyaTc2OCUyMTRmMTMuMSUyMTNtMyUyMTFtMiUyMTFzMHg5NDVkYTk0YzA0MjU3M2FkJTI1M0EweGU1M2Q2MjFkNmZkY2E2MDIlMjEyc0VzY3VlbGElMjUyMFNhbiUyNTIwTWlndWVsJTI1MjBkZSUyNTIwRmUlMjUyMHklMjUyMEFsZWdyJTI1QzMlMjVBRGElMjE1ZTAlMjEzbTIlMjExc2VzLTQxOSUyMTJzcHklMjE0djE2NjY4MTA4Mjg2MTYlMjE1bTIlMjExc2VzLTQxOSUyMTJzcHklMjIlMjB3aWR0aCUzRCUyMjYwMCUyMiUyMGhlaWdodCUzRCUyMjQ1MCUyMiUyMGZyYW1lYm9yZGVyJTNEJTIyMCUyMiUyMHN0eWxlJTNEJTIyYm9yZGVyJTNBMCUzQiUyMiUyMGFsbG93ZnVsbHNjcmVlbiUzRCUyMiUyMiUyMGFyaWEtaGlkZGVuJTNEJTIyZmFsc2UlMjIlMjB0YWJpbmRleCUzRCUyMjAlMjIlM0UlM0MlMkZpZnJhbWUlM0U=\u00bb][\/vc_column][\/vc_row][vc_row][vc_column width=\u00bb1\/4&#8243;][vc_single_image image=\u00bb8430&#8243; img_size=\u00bbmedium\u00bb alignment=\u00bbcenter\u00bb onclick=\u00bbimg_link_large\u00bb][\/vc_column][vc_column width=\u00bb1\/4&#8243;][vc_single_image image=\u00bb8519&#8243; img_size=\u00bbmedium\u00bb alignment=\u00bbcenter\u00bb onclick=\u00bbimg_link_large\u00bb][\/vc_column][vc_column width=\u00bb1\/4&#8243;][vc_single_image image=\u00bb8563&#8243; img_size=\u00bbmedium\u00bb alignment=\u00bbcenter\u00bb onclick=\u00bbimg_link_large\u00bb][\/vc_column][vc_column width=\u00bb1\/4&#8243;][vc_single_image image=\u00bb8473&#8243; img_size=\u00bbmedium\u00bb alignment=\u00bbcenter\u00bb onclick=\u00bbimg_link_large\u00bb][\/vc_column][\/vc_row]<\/p>\n<\/div>","protected":false},"excerpt":{"rendered":"<p>[vc_row][vc_column width=\u00bb5\/6&#8243;][\/vc_column][vc_column width=\u00bb1\/6&#8243;][\/vc_column][\/vc_row][vc_row][vc_column width=\u00bb2\/3&#8243;][vc_column_text] La Escuela B\u00e1sica N\u00b0 14.812 Priv. Subv. San Miguel de Fe y Alegr\u00eda est\u00e1 situada en el barrio San Cayetano, Ba\u00f1ado Sur, de la Ciudad de Asunci\u00f3n a escasos metros del R\u00edo Paraguay y del Vertedero Municipal \u201cCateura\u201d en la calle Pablo Rojas, entre 38 y 39 Proyectadas. El 24 de<\/p>\n","protected":false},"author":2,"featured_media":0,"parent":0,"menu_order":0,"comment_status":"closed","ping_status":"closed","template":"","meta":{"_acf_changed":false,"footnotes":""},"folder":[],"class_list":["post-2493","page","type-page","status-publish","hentry"],"acf":[],"yoast_head":"<!-- This site is optimized with the Yoast SEO plugin v27.2 - https:\/\/yoast.com\/product\/yoast-seo-wordpress\/ -->\n<title>Escuela San Miguel de Fe y Alegr\u00eda - Ba\u00f1ado Sur, Asunci\u00f3n - #SomosFeyAlegria en Paraguay<\/title>\n<meta name=\"robots\" content=\"index, follow, max-snippet:-1, max-image-preview:large, max-video-preview:-1\" \/>\n<link rel=\"canonical\" href=\"https:\/\/www.feyalegria.org\/paraguay\/escuela-san-miguel-de-fe-y-alegria-banado-sur-asuncion\/\" \/>\n<meta property=\"og:locale\" content=\"es_ES\" \/>\n<meta property=\"og:type\" content=\"article\" \/>\n<meta property=\"og:title\" content=\"Escuela San Miguel de Fe y Alegr\u00eda - Ba\u00f1ado Sur, Asunci\u00f3n - #SomosFeyAlegria en Paraguay\" \/>\n<meta property=\"og:description\" content=\"[vc_row][vc_column width=\u00bb5\/6&#8243;][\/vc_column][vc_column width=\u00bb1\/6&#8243;][\/vc_column][\/vc_row][vc_row][vc_column width=\u00bb2\/3&#8243;][vc_column_text] La Escuela B\u00e1sica N\u00b0 14.812 Priv. Subv. San Miguel de Fe y Alegr\u00eda est\u00e1 situada en el barrio San Cayetano, Ba\u00f1ado Sur, de la Ciudad de Asunci\u00f3n a escasos metros del R\u00edo Paraguay y del Vertedero Municipal \u201cCateura\u201d en la calle Pablo Rojas, entre 38 y 39 Proyectadas. El 24 de\" \/>\n<meta property=\"og:url\" content=\"https:\/\/www.feyalegria.org\/paraguay\/escuela-san-miguel-de-fe-y-alegria-banado-sur-asuncion\/\" \/>\n<meta property=\"og:site_name\" content=\"#SomosFeyAlegria en Paraguay\" \/>\n<meta property=\"article:modified_time\" content=\"2023-02-07T22:35:07+00:00\" \/>\n<meta name=\"twitter:card\" content=\"summary_large_image\" \/>\n<meta name=\"twitter:label1\" content=\"Tiempo de lectura\" \/>\n\t<meta name=\"twitter:data1\" content=\"3 minutos\" \/>\n<script type=\"application\/ld+json\" class=\"yoast-schema-graph\">{\"@context\":\"https:\/\/schema.org\",\"@graph\":[{\"@type\":\"WebPage\",\"@id\":\"https:\/\/www.feyalegria.org\/paraguay\/escuela-san-miguel-de-fe-y-alegria-banado-sur-asuncion\/\",\"url\":\"https:\/\/www.feyalegria.org\/paraguay\/escuela-san-miguel-de-fe-y-alegria-banado-sur-asuncion\/\",\"name\":\"Escuela San Miguel de Fe y Alegr\u00eda - Ba\u00f1ado Sur, Asunci\u00f3n - #SomosFeyAlegria en Paraguay\",\"isPartOf\":{\"@id\":\"https:\/\/www.feyalegria.org\/paraguay\/#website\"},\"datePublished\":\"2022-10-26T19:04:15+00:00\",\"dateModified\":\"2023-02-07T22:35:07+00:00\",\"breadcrumb\":{\"@id\":\"https:\/\/www.feyalegria.org\/paraguay\/escuela-san-miguel-de-fe-y-alegria-banado-sur-asuncion\/#breadcrumb\"},\"inLanguage\":\"es\",\"potentialAction\":[{\"@type\":\"ReadAction\",\"target\":[\"https:\/\/www.feyalegria.org\/paraguay\/escuela-san-miguel-de-fe-y-alegria-banado-sur-asuncion\/\"]}]},{\"@type\":\"BreadcrumbList\",\"@id\":\"https:\/\/www.feyalegria.org\/paraguay\/escuela-san-miguel-de-fe-y-alegria-banado-sur-asuncion\/#breadcrumb\",\"itemListElement\":[{\"@type\":\"ListItem\",\"position\":1,\"name\":\"Home\",\"item\":\"https:\/\/www.feyalegria.org\/paraguay\/\"},{\"@type\":\"ListItem\",\"position\":2,\"name\":\"Escuela San Miguel de Fe y Alegr\u00eda &#8211; Ba\u00f1ado Sur, Asunci\u00f3n\"}]},{\"@type\":\"WebSite\",\"@id\":\"https:\/\/www.feyalegria.org\/paraguay\/#website\",\"url\":\"https:\/\/www.feyalegria.org\/paraguay\/\",\"name\":\"#SomosFeyAlegria en Paraguay\",\"description\":\"Movimiento de Educaci\u00f3n Popular y Promoci\u00f3n Social\",\"potentialAction\":[{\"@type\":\"SearchAction\",\"target\":{\"@type\":\"EntryPoint\",\"urlTemplate\":\"https:\/\/www.feyalegria.org\/paraguay\/?s={search_term_string}\"},\"query-input\":{\"@type\":\"PropertyValueSpecification\",\"valueRequired\":true,\"valueName\":\"search_term_string\"}}],\"inLanguage\":\"es\"}]}<\/script>\n<!-- \/ Yoast SEO plugin. -->","yoast_head_json":{"title":"Escuela San Miguel de Fe y Alegr\u00eda - Ba\u00f1ado Sur, Asunci\u00f3n - #SomosFeyAlegria en Paraguay","robots":{"index":"index","follow":"follow","max-snippet":"max-snippet:-1","max-image-preview":"max-image-preview:large","max-video-preview":"max-video-preview:-1"},"canonical":"https:\/\/www.feyalegria.org\/paraguay\/escuela-san-miguel-de-fe-y-alegria-banado-sur-asuncion\/","og_locale":"es_ES","og_type":"article","og_title":"Escuela San Miguel de Fe y Alegr\u00eda - Ba\u00f1ado Sur, Asunci\u00f3n - #SomosFeyAlegria en Paraguay","og_description":"[vc_row][vc_column width=\u00bb5\/6&#8243;][\/vc_column][vc_column width=\u00bb1\/6&#8243;][\/vc_column][\/vc_row][vc_row][vc_column width=\u00bb2\/3&#8243;][vc_column_text] La Escuela B\u00e1sica N\u00b0 14.812 Priv. Subv. San Miguel de Fe y Alegr\u00eda est\u00e1 situada en el barrio San Cayetano, Ba\u00f1ado Sur, de la Ciudad de Asunci\u00f3n a escasos metros del R\u00edo Paraguay y del Vertedero Municipal \u201cCateura\u201d en la calle Pablo Rojas, entre 38 y 39 Proyectadas. El 24 de","og_url":"https:\/\/www.feyalegria.org\/paraguay\/escuela-san-miguel-de-fe-y-alegria-banado-sur-asuncion\/","og_site_name":"#SomosFeyAlegria en Paraguay","article_modified_time":"2023-02-07T22:35:07+00:00","twitter_card":"summary_large_image","twitter_misc":{"Tiempo de lectura":"3 minutos"},"schema":{"@context":"https:\/\/schema.org","@graph":[{"@type":"WebPage","@id":"https:\/\/www.feyalegria.org\/paraguay\/escuela-san-miguel-de-fe-y-alegria-banado-sur-asuncion\/","url":"https:\/\/www.feyalegria.org\/paraguay\/escuela-san-miguel-de-fe-y-alegria-banado-sur-asuncion\/","name":"Escuela San Miguel de Fe y Alegr\u00eda - Ba\u00f1ado Sur, Asunci\u00f3n - #SomosFeyAlegria en Paraguay","isPartOf":{"@id":"https:\/\/www.feyalegria.org\/paraguay\/#website"},"datePublished":"2022-10-26T19:04:15+00:00","dateModified":"2023-02-07T22:35:07+00:00","breadcrumb":{"@id":"https:\/\/www.feyalegria.org\/paraguay\/escuela-san-miguel-de-fe-y-alegria-banado-sur-asuncion\/#breadcrumb"},"inLanguage":"es","potentialAction":[{"@type":"ReadAction","target":["https:\/\/www.feyalegria.org\/paraguay\/escuela-san-miguel-de-fe-y-alegria-banado-sur-asuncion\/"]}]},{"@type":"BreadcrumbList","@id":"https:\/\/www.feyalegria.org\/paraguay\/escuela-san-miguel-de-fe-y-alegria-banado-sur-asuncion\/#breadcrumb","itemListElement":[{"@type":"ListItem","position":1,"name":"Home","item":"https:\/\/www.feyalegria.org\/paraguay\/"},{"@type":"ListItem","position":2,"name":"Escuela San Miguel de Fe y Alegr\u00eda &#8211; Ba\u00f1ado Sur, Asunci\u00f3n"}]},{"@type":"WebSite","@id":"https:\/\/www.feyalegria.org\/paraguay\/#website","url":"https:\/\/www.feyalegria.org\/paraguay\/","name":"#SomosFeyAlegria en Paraguay","description":"Movimiento de Educaci\u00f3n Popular y Promoci\u00f3n Social","potentialAction":[{"@type":"SearchAction","target":{"@type":"EntryPoint","urlTemplate":"https:\/\/www.feyalegria.org\/paraguay\/?s={search_term_string}"},"query-input":{"@type":"PropertyValueSpecification","valueRequired":true,"valueName":"search_term_string"}}],"inLanguage":"es"}]}},"_links":{"self":[{"href":"https:\/\/www.feyalegria.org\/paraguay\/wp-json\/wp\/v2\/pages\/2493","targetHints":{"allow":["GET"]}}],"collection":[{"href":"https:\/\/www.feyalegria.org\/paraguay\/wp-json\/wp\/v2\/pages"}],"about":[{"href":"https:\/\/www.feyalegria.org\/paraguay\/wp-json\/wp\/v2\/types\/page"}],"author":[{"embeddable":true,"href":"https:\/\/www.feyalegria.org\/paraguay\/wp-json\/wp\/v2\/users\/2"}],"replies":[{"embeddable":true,"href":"https:\/\/www.feyalegria.org\/paraguay\/wp-json\/wp\/v2\/comments?post=2493"}],"version-history":[{"count":0,"href":"https:\/\/www.feyalegria.org\/paraguay\/wp-json\/wp\/v2\/pages\/2493\/revisions"}],"wp:attachment":[{"href":"https:\/\/www.feyalegria.org\/paraguay\/wp-json\/wp\/v2\/media?parent=2493"}],"wp:term":[{"taxonomy":"folder","embeddable":true,"href":"https:\/\/www.feyalegria.org\/paraguay\/wp-json\/wp\/v2\/folder?post=2493"}],"curies":[{"name":"wp","href":"https:\/\/api.w.org\/{rel}","templated":true}]}}