 {"id":2527,"date":"2022-10-26T15:07:31","date_gmt":"2022-10-26T20:07:31","guid":{"rendered":"https:\/\/www.feyalegria.org\/paraguay\/?page_id=2527"},"modified":"2023-02-03T08:53:35","modified_gmt":"2023-02-03T13:53:35","slug":"programa-de-ee-pedro-fabro-de-la-cpal-para-la-realizacion-de-ejercicios-espirituales-y-formacion-en-el-discernimiento-de-los-colaboradores-de-fe-y-alegria-paraguay","status":"publish","type":"page","link":"https:\/\/www.feyalegria.org\/paraguay\/programa-de-ee-pedro-fabro-de-la-cpal-para-la-realizacion-de-ejercicios-espirituales-y-formacion-en-el-discernimiento-de-los-colaboradores-de-fe-y-alegria-paraguay\/","title":{"rendered":"Programa de EE Pedro Fabro de la CPAL para la realizaci\u00f3n de Ejercicios Espirituales y formaci\u00f3n en el discernimiento de los colaboradores de Fe y Alegr\u00eda Paraguay"},"content":{"rendered":"<div class=\"wpb-content-wrapper\"><p>[vc_row][vc_column][vc_column_text]<\/p>\n<section class=\"elementor-section elementor-inner-section elementor-element elementor-element-33d4b120 elementor-section-boxed elementor-section-height-default elementor-section-height-default\" data-id=\"33d4b120\">\n<div class=\"elementor-container elementor-column-gap-default\">\n<div class=\"elementor-row\">\n<div class=\"elementor-column elementor-col-100 elementor-inner-column elementor-element elementor-element-63345202\" data-id=\"63345202\">\n<div class=\"elementor-column-wrap elementor-element-populated\">\n<div class=\"elementor-widget-wrap\">\n<div class=\"elementor-element elementor-element-700b250f elementor-widget elementor-widget-heading\" data-id=\"700b250f\">\n<div class=\"elementor-widget-container\">\n<h2><span style=\"font-size: 18pt;\"><strong><span style=\"color: #c90404;\">Programa de EE Pedro Fabro de la CPAL para la realizaci\u00f3n de Ejercicios Espirituales y formaci\u00f3n en el discernimiento de los colaboradores de Fe y Alegr\u00eda Paraguay<\/span><\/strong><\/span><\/h2>\n<\/div>\n<\/div>\n<\/div>\n<\/div>\n<\/div>\n<\/div>\n<\/div>\n<\/section>\n<p>[\/vc_column_text][vc_column_text]<\/p>\n<div class=\"elementor-element elementor-element-75450bc6 elementor-widget elementor-widget-text-editor\" data-id=\"75450bc6\">\n<div class=\"elementor-widget-container\">\n<div class=\"elementor-text-editor elementor-clearfix\">El proyecto tiene como fin fortalecer la espiritualidad y la identidad de los colaboradores de la Asociaci\u00f3n de Fe y Alegr\u00eda Paraguay a trav\u00e9s de la realizaci\u00f3n de los ejercicios espirituales. La propuesta est\u00e1 relacionada con la primera de las Preferencias Apost\u00f3licas Universales \u201cmostrar el camino hacia Dios mediante los ejercicios espirituales y el discernimiento\u201d, que alimente el compromiso con los pobres y vulnerados, los j\u00f3venes y sus esperanzas y el cuidado de la creaci\u00f3n promoviendo los Ejercicios Espirituales de San Ignacio para la conversi\u00f3n. (Cpal 2021)<br \/>\nLa intervenci\u00f3n prev\u00e9 abordar la formaci\u00f3n espiritual de algunos de los colaboradores de la Asociaci\u00f3n de Fe y Alegr\u00eda que desean y buscan un espacio de crecimiento personal, de encuentro con el Dios de la vida con un estilo de ser y actuar. El seguimiento a Jes\u00fas supone un modo de vida, un actuar, un mirar, un escuchar, un gustar y un amar como Jes\u00fas. Desde el \u201csentir y gustar de las cosas internamente\u201d, se propone acoger y asumir desde un recorrido personal, los elementos principales de la \u201cEspiritualidad Ignaciana\u201d, a partir de la experiencia fundante de los Ejercicios Espirituales.<br \/>\n<strong>Zona de intervenci\u00f3n<\/strong>: Oficina Nacional y Centros Educativos de Fe y Alegr\u00eda Paraguay<\/div>\n<\/div>\n<\/div>\n<p>[\/vc_column_text][vc_column_text]<\/p>\n<div class=\"elementor-element elementor-element-39892042 elementor-widget elementor-widget-heading\" data-id=\"39892042\">\n<div class=\"elementor-widget-container\">\n<h3 class=\"elementor-heading-title elementor-size-default\">Financiadora<\/h3>\n<\/div>\n<\/div>\n<p>[\/vc_column_text][vc_single_image image=\u00bb8700&#8243; img_size=\u00bbmedium\u00bb alignment=\u00bbcenter\u00bb][vc_column_text]<\/p>\n<div class=\"elementor-element elementor-element-39892042 elementor-widget elementor-widget-heading\" data-id=\"39892042\">\n<div class=\"elementor-widget-container\">\n<h3 class=\"elementor-heading-title elementor-size-default\">Fotos del Proyecto<\/h3>\n<\/div>\n<\/div>\n<p>[\/vc_column_text][\/vc_column][\/vc_row][vc_row][vc_column alignment=\u00bbcenter\u00bb]<div class=\"mpc-carousel__wrapper mpc-waypoint\"><div id=\"mpc_carousel_image-7869e28035ed776\" class=\"mpc-carousel-image mpc-init mpc-layout--classic mpc-effect--none \"  data-mpcslick='{\"infinite\":true,\"autoplay\":true,\"slidesToShow\":4,\"slidesToScroll\":1,\"centerMode\":false,\"initialSlide\":0,\"autoplaySpeed\":3500,\"speed\":500}' data-slick-cols=\"4\"><div target=\"\"class=\"mpc-carousel__item-wrapper\" data-height=\"300\"><div onclick=\"\" class=\"mpc-item mpc-transition\"><div class=\"mpc-border\"><\/div><img loading=\"lazy\" decoding=\"async\" width=\"300\" height=\"300\" src=\"https:\/\/d3pugrm67vf9n7.cloudfront.net\/wp-content\/uploads\/sites\/33\/2023\/02\/02102847\/on5-300x300.png\" class=\"mpc-transition attachment-medium\" alt=\"\" title=\"on5\" srcset=\"https:\/\/d3pugrm67vf9n7.cloudfront.net\/wp-content\/uploads\/sites\/33\/2023\/02\/02102847\/on5.png 300w, https:\/\/d3pugrm67vf9n7.cloudfront.net\/wp-content\/uploads\/sites\/33\/2023\/02\/02102847\/on5-150x150.png 150w\" sizes=\"auto, (max-width: 300px) 100vw, 300px\" \/><\/div><\/div><div target=\"\"class=\"mpc-carousel__item-wrapper\" data-height=\"300\"><div onclick=\"\" class=\"mpc-item mpc-transition\"><div class=\"mpc-border\"><\/div><img loading=\"lazy\" decoding=\"async\" width=\"300\" height=\"300\" src=\"https:\/\/d3pugrm67vf9n7.cloudfront.net\/wp-content\/uploads\/sites\/33\/2023\/02\/02102844\/on3-300x300.png\" class=\"mpc-transition attachment-medium\" alt=\"\" title=\"on3\" srcset=\"https:\/\/d3pugrm67vf9n7.cloudfront.net\/wp-content\/uploads\/sites\/33\/2023\/02\/02102844\/on3.png 300w, https:\/\/d3pugrm67vf9n7.cloudfront.net\/wp-content\/uploads\/sites\/33\/2023\/02\/02102844\/on3-150x150.png 150w\" sizes=\"auto, (max-width: 300px) 100vw, 300px\" \/><\/div><\/div><div target=\"\"class=\"mpc-carousel__item-wrapper\" data-height=\"300\"><div onclick=\"\" class=\"mpc-item mpc-transition\"><div class=\"mpc-border\"><\/div><img loading=\"lazy\" decoding=\"async\" width=\"300\" height=\"300\" src=\"https:\/\/d3pugrm67vf9n7.cloudfront.net\/wp-content\/uploads\/sites\/33\/2023\/02\/02102841\/on2-300x300.png\" class=\"mpc-transition attachment-medium\" alt=\"\" title=\"on2\" srcset=\"https:\/\/d3pugrm67vf9n7.cloudfront.net\/wp-content\/uploads\/sites\/33\/2023\/02\/02102841\/on2.png 300w, https:\/\/d3pugrm67vf9n7.cloudfront.net\/wp-content\/uploads\/sites\/33\/2023\/02\/02102841\/on2-150x150.png 150w\" sizes=\"auto, (max-width: 300px) 100vw, 300px\" \/><\/div><\/div><div target=\"\"class=\"mpc-carousel__item-wrapper\" data-height=\"300\"><div onclick=\"\" class=\"mpc-item mpc-transition\"><div class=\"mpc-border\"><\/div><img loading=\"lazy\" decoding=\"async\" width=\"300\" height=\"300\" src=\"https:\/\/d3pugrm67vf9n7.cloudfront.net\/wp-content\/uploads\/sites\/33\/2023\/02\/02102839\/on1-300x300.png\" class=\"mpc-transition attachment-medium\" alt=\"\" title=\"on1\" srcset=\"https:\/\/d3pugrm67vf9n7.cloudfront.net\/wp-content\/uploads\/sites\/33\/2023\/02\/02102839\/on1.png 300w, https:\/\/d3pugrm67vf9n7.cloudfront.net\/wp-content\/uploads\/sites\/33\/2023\/02\/02102839\/on1-150x150.png 150w\" sizes=\"auto, (max-width: 300px) 100vw, 300px\" \/><\/div><\/div><div target=\"\"class=\"mpc-carousel__item-wrapper\" data-height=\"300\"><div onclick=\"\" class=\"mpc-item mpc-transition\"><div class=\"mpc-border\"><\/div><img loading=\"lazy\" decoding=\"async\" width=\"300\" height=\"300\" src=\"https:\/\/d3pugrm67vf9n7.cloudfront.net\/wp-content\/uploads\/sites\/33\/2023\/02\/02102831\/om4-300x300.png\" class=\"mpc-transition attachment-medium\" alt=\"\" title=\"om4\" srcset=\"https:\/\/d3pugrm67vf9n7.cloudfront.net\/wp-content\/uploads\/sites\/33\/2023\/02\/02102831\/om4.png 300w, https:\/\/d3pugrm67vf9n7.cloudfront.net\/wp-content\/uploads\/sites\/33\/2023\/02\/02102831\/om4-150x150.png 150w\" sizes=\"auto, (max-width: 300px) 100vw, 300px\" \/><\/div><\/div><\/div><div class=\"mpc-navigation mpc-init mpc-align--center mpc-navigation--style_5  mpc-nav-preset--default\" data-mpcslider=\"mpc_carousel_image-7869e28035ed776\"><div class=\"mpc-nav__arrow mpcslick-prev\"><div class=\"mpc-nav__icon mpc-transition\"><i class=\" eti eti_arrow_carrot-left\"><div class=\"mpc-nav__background mpc-transition mpc-effect-type--slide mpc-effect-side--top\"><\/div><\/i><\/div><\/div><\/div><div class=\"mpc-navigation mpc-init mpc-align--center mpc-navigation--style_5  mpc-nav-preset--default\" data-mpcslider=\"mpc_carousel_image-7869e28035ed776\"><div class=\"mpc-nav__arrow mpcslick-next\"><div class=\"mpc-nav__icon mpc-transition\"><i class=\" eti eti_arrow_carrot-right\"><div class=\"mpc-nav__background mpc-transition mpc-effect-type--slide mpc-effect-side--top\"><\/div><\/i><\/div><\/div><\/div><\/div>[\/vc_column][\/vc_row]<\/p>\n<\/div>","protected":false},"excerpt":{"rendered":"<p>[vc_row][vc_column][vc_column_text] Programa de EE Pedro Fabro de la CPAL para la realizaci\u00f3n de Ejercicios Espirituales y formaci\u00f3n en el discernimiento de los colaboradores de Fe y Alegr\u00eda Paraguay [\/vc_column_text][vc_column_text] El proyecto tiene como fin fortalecer la espiritualidad y la identidad de los colaboradores de la Asociaci\u00f3n de Fe y Alegr\u00eda Paraguay a trav\u00e9s de la<\/p>\n","protected":false},"author":2,"featured_media":0,"parent":0,"menu_order":0,"comment_status":"closed","ping_status":"closed","template":"","meta":{"_acf_changed":false,"footnotes":""},"folder":[],"class_list":["post-2527","page","type-page","status-publish","hentry"],"acf":[],"yoast_head":"<!-- This site is optimized with the Yoast SEO plugin v27.2 - https:\/\/yoast.com\/product\/yoast-seo-wordpress\/ -->\n<title>Programa de EE Pedro Fabro de la CPAL para la realizaci\u00f3n de Ejercicios Espirituales y formaci\u00f3n en el discernimiento de los colaboradores de Fe y Alegr\u00eda Paraguay - #SomosFeyAlegria en Paraguay<\/title>\n<meta name=\"robots\" content=\"index, follow, max-snippet:-1, max-image-preview:large, max-video-preview:-1\" \/>\n<link rel=\"canonical\" href=\"https:\/\/www.feyalegria.org\/paraguay\/programa-de-ee-pedro-fabro-de-la-cpal-para-la-realizacion-de-ejercicios-espirituales-y-formacion-en-el-discernimiento-de-los-colaboradores-de-fe-y-alegria-paraguay\/\" \/>\n<meta property=\"og:locale\" content=\"es_ES\" \/>\n<meta property=\"og:type\" content=\"article\" \/>\n<meta property=\"og:title\" content=\"Programa de EE Pedro Fabro de la CPAL para la realizaci\u00f3n de Ejercicios Espirituales y formaci\u00f3n en el discernimiento de los colaboradores de Fe y Alegr\u00eda Paraguay - #SomosFeyAlegria en Paraguay\" \/>\n<meta property=\"og:description\" content=\"[vc_row][vc_column][vc_column_text] Programa de EE Pedro Fabro de la CPAL para la realizaci\u00f3n de Ejercicios Espirituales y formaci\u00f3n en el discernimiento de los colaboradores de Fe y Alegr\u00eda Paraguay [\/vc_column_text][vc_column_text] El proyecto tiene como fin fortalecer la espiritualidad y la identidad de los colaboradores de la Asociaci\u00f3n de Fe y Alegr\u00eda Paraguay a trav\u00e9s de la\" \/>\n<meta property=\"og:url\" content=\"https:\/\/www.feyalegria.org\/paraguay\/programa-de-ee-pedro-fabro-de-la-cpal-para-la-realizacion-de-ejercicios-espirituales-y-formacion-en-el-discernimiento-de-los-colaboradores-de-fe-y-alegria-paraguay\/\" \/>\n<meta property=\"og:site_name\" content=\"#SomosFeyAlegria en Paraguay\" \/>\n<meta property=\"article:modified_time\" content=\"2023-02-03T13:53:35+00:00\" \/>\n<meta name=\"twitter:card\" content=\"summary_large_image\" \/>\n<meta name=\"twitter:label1\" content=\"Tiempo de lectura\" \/>\n\t<meta name=\"twitter:data1\" content=\"2 minutos\" \/>\n<script type=\"application\/ld+json\" class=\"yoast-schema-graph\">{\"@context\":\"https:\/\/schema.org\",\"@graph\":[{\"@type\":\"WebPage\",\"@id\":\"https:\/\/www.feyalegria.org\/paraguay\/programa-de-ee-pedro-fabro-de-la-cpal-para-la-realizacion-de-ejercicios-espirituales-y-formacion-en-el-discernimiento-de-los-colaboradores-de-fe-y-alegria-paraguay\/\",\"url\":\"https:\/\/www.feyalegria.org\/paraguay\/programa-de-ee-pedro-fabro-de-la-cpal-para-la-realizacion-de-ejercicios-espirituales-y-formacion-en-el-discernimiento-de-los-colaboradores-de-fe-y-alegria-paraguay\/\",\"name\":\"Programa de EE Pedro Fabro de la CPAL para la realizaci\u00f3n de Ejercicios Espirituales y formaci\u00f3n en el discernimiento de los colaboradores de Fe y Alegr\u00eda Paraguay - #SomosFeyAlegria en Paraguay\",\"isPartOf\":{\"@id\":\"https:\/\/www.feyalegria.org\/paraguay\/#website\"},\"datePublished\":\"2022-10-26T20:07:31+00:00\",\"dateModified\":\"2023-02-03T13:53:35+00:00\",\"breadcrumb\":{\"@id\":\"https:\/\/www.feyalegria.org\/paraguay\/programa-de-ee-pedro-fabro-de-la-cpal-para-la-realizacion-de-ejercicios-espirituales-y-formacion-en-el-discernimiento-de-los-colaboradores-de-fe-y-alegria-paraguay\/#breadcrumb\"},\"inLanguage\":\"es\",\"potentialAction\":[{\"@type\":\"ReadAction\",\"target\":[\"https:\/\/www.feyalegria.org\/paraguay\/programa-de-ee-pedro-fabro-de-la-cpal-para-la-realizacion-de-ejercicios-espirituales-y-formacion-en-el-discernimiento-de-los-colaboradores-de-fe-y-alegria-paraguay\/\"]}]},{\"@type\":\"BreadcrumbList\",\"@id\":\"https:\/\/www.feyalegria.org\/paraguay\/programa-de-ee-pedro-fabro-de-la-cpal-para-la-realizacion-de-ejercicios-espirituales-y-formacion-en-el-discernimiento-de-los-colaboradores-de-fe-y-alegria-paraguay\/#breadcrumb\",\"itemListElement\":[{\"@type\":\"ListItem\",\"position\":1,\"name\":\"Home\",\"item\":\"https:\/\/www.feyalegria.org\/paraguay\/\"},{\"@type\":\"ListItem\",\"position\":2,\"name\":\"Programa de EE Pedro Fabro de la CPAL para la realizaci\u00f3n de Ejercicios Espirituales y formaci\u00f3n en el discernimiento de los colaboradores de Fe y Alegr\u00eda Paraguay\"}]},{\"@type\":\"WebSite\",\"@id\":\"https:\/\/www.feyalegria.org\/paraguay\/#website\",\"url\":\"https:\/\/www.feyalegria.org\/paraguay\/\",\"name\":\"#SomosFeyAlegria en Paraguay\",\"description\":\"Movimiento de Educaci\u00f3n Popular y Promoci\u00f3n Social\",\"potentialAction\":[{\"@type\":\"SearchAction\",\"target\":{\"@type\":\"EntryPoint\",\"urlTemplate\":\"https:\/\/www.feyalegria.org\/paraguay\/?s={search_term_string}\"},\"query-input\":{\"@type\":\"PropertyValueSpecification\",\"valueRequired\":true,\"valueName\":\"search_term_string\"}}],\"inLanguage\":\"es\"}]}<\/script>\n<!-- \/ Yoast SEO plugin. -->","yoast_head_json":{"title":"Programa de EE Pedro Fabro de la CPAL para la realizaci\u00f3n de Ejercicios Espirituales y formaci\u00f3n en el discernimiento de los colaboradores de Fe y Alegr\u00eda Paraguay - #SomosFeyAlegria en Paraguay","robots":{"index":"index","follow":"follow","max-snippet":"max-snippet:-1","max-image-preview":"max-image-preview:large","max-video-preview":"max-video-preview:-1"},"canonical":"https:\/\/www.feyalegria.org\/paraguay\/programa-de-ee-pedro-fabro-de-la-cpal-para-la-realizacion-de-ejercicios-espirituales-y-formacion-en-el-discernimiento-de-los-colaboradores-de-fe-y-alegria-paraguay\/","og_locale":"es_ES","og_type":"article","og_title":"Programa de EE Pedro Fabro de la CPAL para la realizaci\u00f3n de Ejercicios Espirituales y formaci\u00f3n en el discernimiento de los colaboradores de Fe y Alegr\u00eda Paraguay - #SomosFeyAlegria en Paraguay","og_description":"[vc_row][vc_column][vc_column_text] Programa de EE Pedro Fabro de la CPAL para la realizaci\u00f3n de Ejercicios Espirituales y formaci\u00f3n en el discernimiento de los colaboradores de Fe y Alegr\u00eda Paraguay [\/vc_column_text][vc_column_text] El proyecto tiene como fin fortalecer la espiritualidad y la identidad de los colaboradores de la Asociaci\u00f3n de Fe y Alegr\u00eda Paraguay a trav\u00e9s de la","og_url":"https:\/\/www.feyalegria.org\/paraguay\/programa-de-ee-pedro-fabro-de-la-cpal-para-la-realizacion-de-ejercicios-espirituales-y-formacion-en-el-discernimiento-de-los-colaboradores-de-fe-y-alegria-paraguay\/","og_site_name":"#SomosFeyAlegria en Paraguay","article_modified_time":"2023-02-03T13:53:35+00:00","twitter_card":"summary_large_image","twitter_misc":{"Tiempo de lectura":"2 minutos"},"schema":{"@context":"https:\/\/schema.org","@graph":[{"@type":"WebPage","@id":"https:\/\/www.feyalegria.org\/paraguay\/programa-de-ee-pedro-fabro-de-la-cpal-para-la-realizacion-de-ejercicios-espirituales-y-formacion-en-el-discernimiento-de-los-colaboradores-de-fe-y-alegria-paraguay\/","url":"https:\/\/www.feyalegria.org\/paraguay\/programa-de-ee-pedro-fabro-de-la-cpal-para-la-realizacion-de-ejercicios-espirituales-y-formacion-en-el-discernimiento-de-los-colaboradores-de-fe-y-alegria-paraguay\/","name":"Programa de EE Pedro Fabro de la CPAL para la realizaci\u00f3n de Ejercicios Espirituales y formaci\u00f3n en el discernimiento de los colaboradores de Fe y Alegr\u00eda Paraguay - #SomosFeyAlegria en Paraguay","isPartOf":{"@id":"https:\/\/www.feyalegria.org\/paraguay\/#website"},"datePublished":"2022-10-26T20:07:31+00:00","dateModified":"2023-02-03T13:53:35+00:00","breadcrumb":{"@id":"https:\/\/www.feyalegria.org\/paraguay\/programa-de-ee-pedro-fabro-de-la-cpal-para-la-realizacion-de-ejercicios-espirituales-y-formacion-en-el-discernimiento-de-los-colaboradores-de-fe-y-alegria-paraguay\/#breadcrumb"},"inLanguage":"es","potentialAction":[{"@type":"ReadAction","target":["https:\/\/www.feyalegria.org\/paraguay\/programa-de-ee-pedro-fabro-de-la-cpal-para-la-realizacion-de-ejercicios-espirituales-y-formacion-en-el-discernimiento-de-los-colaboradores-de-fe-y-alegria-paraguay\/"]}]},{"@type":"BreadcrumbList","@id":"https:\/\/www.feyalegria.org\/paraguay\/programa-de-ee-pedro-fabro-de-la-cpal-para-la-realizacion-de-ejercicios-espirituales-y-formacion-en-el-discernimiento-de-los-colaboradores-de-fe-y-alegria-paraguay\/#breadcrumb","itemListElement":[{"@type":"ListItem","position":1,"name":"Home","item":"https:\/\/www.feyalegria.org\/paraguay\/"},{"@type":"ListItem","position":2,"name":"Programa de EE Pedro Fabro de la CPAL para la realizaci\u00f3n de Ejercicios Espirituales y formaci\u00f3n en el discernimiento de los colaboradores de Fe y Alegr\u00eda Paraguay"}]},{"@type":"WebSite","@id":"https:\/\/www.feyalegria.org\/paraguay\/#website","url":"https:\/\/www.feyalegria.org\/paraguay\/","name":"#SomosFeyAlegria en Paraguay","description":"Movimiento de Educaci\u00f3n Popular y Promoci\u00f3n Social","potentialAction":[{"@type":"SearchAction","target":{"@type":"EntryPoint","urlTemplate":"https:\/\/www.feyalegria.org\/paraguay\/?s={search_term_string}"},"query-input":{"@type":"PropertyValueSpecification","valueRequired":true,"valueName":"search_term_string"}}],"inLanguage":"es"}]}},"_links":{"self":[{"href":"https:\/\/www.feyalegria.org\/paraguay\/wp-json\/wp\/v2\/pages\/2527","targetHints":{"allow":["GET"]}}],"collection":[{"href":"https:\/\/www.feyalegria.org\/paraguay\/wp-json\/wp\/v2\/pages"}],"about":[{"href":"https:\/\/www.feyalegria.org\/paraguay\/wp-json\/wp\/v2\/types\/page"}],"author":[{"embeddable":true,"href":"https:\/\/www.feyalegria.org\/paraguay\/wp-json\/wp\/v2\/users\/2"}],"replies":[{"embeddable":true,"href":"https:\/\/www.feyalegria.org\/paraguay\/wp-json\/wp\/v2\/comments?post=2527"}],"version-history":[{"count":0,"href":"https:\/\/www.feyalegria.org\/paraguay\/wp-json\/wp\/v2\/pages\/2527\/revisions"}],"wp:attachment":[{"href":"https:\/\/www.feyalegria.org\/paraguay\/wp-json\/wp\/v2\/media?parent=2527"}],"wp:term":[{"taxonomy":"folder","embeddable":true,"href":"https:\/\/www.feyalegria.org\/paraguay\/wp-json\/wp\/v2\/folder?post=2527"}],"curies":[{"name":"wp","href":"https:\/\/api.w.org\/{rel}","templated":true}]}}