 {"id":2542,"date":"2022-10-27T08:20:14","date_gmt":"2022-10-27T13:20:14","guid":{"rendered":"https:\/\/www.feyalegria.org\/paraguay\/?page_id=2542"},"modified":"2023-02-07T17:10:50","modified_gmt":"2023-02-07T22:10:50","slug":"escuela-onondive","status":"publish","type":"page","link":"https:\/\/www.feyalegria.org\/paraguay\/escuela-onondive\/","title":{"rendered":"Escuela O\u00f1ondive"},"content":{"rendered":"<div class=\"wpb-content-wrapper\"><p>[vc_row][vc_column width=\u00bb5\/6&#8243;]<div style=\"background-color:;height: 50px\" class=\"nicdark_section  \"><\/div>[\/vc_column][vc_column width=\u00bb1\/6&#8243;]<a href=\"https:\/\/www.feyalegria.org\/paraguay\/centros-educativos\/\" title=\"Centros educativos\"  data-id=\"mpc_button-6769d6aa6757476\" class=\"mpc-button mpc-init mpc-transition mpc-typography--default \" ><div class=\"mpc-button__content mpc-effect-type--stay mpc-effect-side--left\"><i class=\"mpc-button__icon mpc-transition  mi mi-pin_drop\"><\/i><span class=\"mpc-button__title mpc-transition\">Volver al mapa<\/span><\/div><div class=\"mpc-button__background mpc-transition mpc-effect-type--fade mpc-effect-side--in\"><\/div><\/a>[\/vc_column][\/vc_row][vc_row][vc_column width=\u00bb2\/3&#8243;][vc_column_text]A trav\u00e9s del emprendimiento de unos padres so\u00f1adores, nace en el centro comunitario la Escuela graduada N\u00b0 13.319 \u00abO\u00f1ondive\u00bb, autorizada por la resoluci\u00f3n N\u00b0 38 del 29 abril de 1989, por el Ministerio de Educaci\u00f3n. Meses despu\u00e9s, pasar\u00eda a\u00a0 funcionar en el terreno donado por la Municipalidad de la Ciudad de Luque, actual puesto de salud.<br \/>\nEn 1990 con la directora Nancy Oilda Ben\u00edtez Ojeda se consigui\u00f3 un rubro oficial convirti\u00e9ndose as\u00ed en una Escuela Privada Subvencionada.<br \/>\nEn 1992 el Movimiento de Educaci\u00f3n Popular Integral Fe y Alegr\u00eda Paraguay, en ese entonces con el Padre Jos\u00e9 Mar\u00eda Blanch, SJ como Director General de la Asociaci\u00f3n, a pedido de la comunidad de O\u00f1ondivepa acept\u00f3 a la Escuela como parte de la instituci\u00f3n, ya que respond\u00eda plenamente a los objetivos que ten\u00edan y la incluye en sus proyectos.<br \/>\nDe esta manera, con la Hermana Tomasa Aguiar como principal organizadora, se inicia la gesti\u00f3n para la compra del terreno y la construcci\u00f3n que se realizar\u00eda r\u00e1pidamente gracias a la predisposici\u00f3n de los generosos padres de aquella \u00e9poca, quienes gratuitamente domingo tras domingo fueron construyendo lo que actualmente es nuestra la Escuela O\u00f1ondive de Fe y Alegr\u00eda.<br \/>\nEl 1\u00b0 de julio del a\u00f1o 1996 se eleva la Escuela a la categor\u00eda B\u00e1sica Graduada N\u00b0 3790 y desde entonces la Instituci\u00f3n es denominada Escuela B\u00e1sica N\u00b0 3790 Priv. Subv. O\u00f1ondive de Fe y Alegr\u00eda.<\/p>\n<h5 style=\"text-align: left;\"><strong><span style=\"color: #aa0f16;\">Contactos<\/span><\/strong><\/h5>\n<p><strong>Director<\/strong>: Prof. H\u00e9ctor Ariel Oru\u00e9<br \/>\n<strong>Tel\u00e9fono<\/strong>: +595981859658[\/vc_column_text][\/vc_column][vc_column width=\u00bb1\/3&#8243;][vc_gmaps link=\u00bb#E-8_JTNDaWZyYW1lJTIwc3JjJTNEJTIyaHR0cHMlM0ElMkYlMkZ3d3cuZ29vZ2xlLmNvbSUyRm1hcHMlMkZlbWJlZCUzRnBiJTNEJTIxMW0xOCUyMTFtMTIlMjExbTMlMjExZDM2MDguMjg1MjQ1OTY5NjAzMiUyMTJkLTU3LjQ2NDkwNDIlMjEzZC0yNS4yNjA5ODgxOTk5OTk5OTYlMjEybTMlMjExZjAlMjEyZjAlMjEzZjAlMjEzbTIlMjExaTEwMjQlMjEyaTc2OCUyMTRmMTMuMSUyMTNtMyUyMTFtMiUyMTFzMHgwJTI1M0EweDMyNDE4MTJkMGY4ODI5YzklMjEyc0VzYy5CJTI1QzMlMjVBMXMuJTI1MjBOJTI1QzIlMjVCMCUyNTIwMzc5MCUyNTIwUHJpdi4lMjUyMFN1YnYuJTI1MjBPJTI1QzMlMjVCMW9uZGl2ZSUyNTIwZGUlMjUyMEZlJTI1MjB5JTI1MjBBbGVnciUyNUMzJTI1QURhJTIxNWUwJTIxM20yJTIxMXNlcyUyMTJzcHklMjE0djE2NjY4NzYwMTgzMzElMjE1bTIlMjExc2VzJTIxMnNweSUyMiUyMHdpZHRoJTNEJTIyNjAwJTIyJTIwaGVpZ2h0JTNEJTIyNDUwJTIyJTIwZnJhbWVib3JkZXIlM0QlMjIwJTIyJTIwc3R5bGUlM0QlMjJib3JkZXIlM0EwJTNCJTIyJTIwYWxsb3dmdWxsc2NyZWVuJTNEJTIyJTIyJTIwYXJpYS1oaWRkZW4lM0QlMjJmYWxzZSUyMiUyMHRhYmluZGV4JTNEJTIyMCUyMiUzRSUzQyUyRmlmcmFtZSUzRQ==\u00bb][\/vc_column][\/vc_row][vc_row][vc_column width=\u00bb1\/4&#8243;][vc_single_image image=\u00bb8933&#8243; img_size=\u00bbmedium\u00bb alignment=\u00bbcenter\u00bb onclick=\u00bbimg_link_large\u00bb][\/vc_column][vc_column width=\u00bb1\/4&#8243;][vc_single_image image=\u00bb8937&#8243; img_size=\u00bbmedium\u00bb alignment=\u00bbcenter\u00bb onclick=\u00bbimg_link_large\u00bb][\/vc_column][vc_column width=\u00bb1\/4&#8243;][vc_single_image image=\u00bb8934&#8243; img_size=\u00bbmedium\u00bb alignment=\u00bbcenter\u00bb onclick=\u00bbimg_link_large\u00bb][\/vc_column][vc_column width=\u00bb1\/4&#8243;][vc_single_image image=\u00bb8935&#8243; img_size=\u00bbmedium\u00bb alignment=\u00bbcenter\u00bb onclick=\u00bbimg_link_large\u00bb][\/vc_column][\/vc_row]<\/p>\n<\/div>","protected":false},"excerpt":{"rendered":"<p>[vc_row][vc_column width=\u00bb5\/6&#8243;][\/vc_column][vc_column width=\u00bb1\/6&#8243;][\/vc_column][\/vc_row][vc_row][vc_column width=\u00bb2\/3&#8243;][vc_column_text]A trav\u00e9s del emprendimiento de unos padres so\u00f1adores, nace en el centro comunitario la Escuela graduada N\u00b0 13.319 \u00abO\u00f1ondive\u00bb, autorizada por la resoluci\u00f3n N\u00b0 38 del 29 abril de 1989, por el Ministerio de Educaci\u00f3n. Meses despu\u00e9s, pasar\u00eda a\u00a0 funcionar en el terreno donado por la Municipalidad de la Ciudad de Luque,<\/p>\n","protected":false},"author":2,"featured_media":0,"parent":0,"menu_order":0,"comment_status":"closed","ping_status":"closed","template":"","meta":{"_acf_changed":false,"footnotes":""},"folder":[],"class_list":["post-2542","page","type-page","status-publish","hentry"],"acf":[],"yoast_head":"<!-- This site is optimized with the Yoast SEO plugin v27.2 - https:\/\/yoast.com\/product\/yoast-seo-wordpress\/ -->\n<title>Escuela O\u00f1ondive - #SomosFeyAlegria en Paraguay<\/title>\n<meta name=\"robots\" content=\"index, follow, max-snippet:-1, max-image-preview:large, max-video-preview:-1\" \/>\n<link rel=\"canonical\" href=\"https:\/\/www.feyalegria.org\/paraguay\/escuela-onondive\/\" \/>\n<meta property=\"og:locale\" content=\"es_ES\" \/>\n<meta property=\"og:type\" content=\"article\" \/>\n<meta property=\"og:title\" content=\"Escuela O\u00f1ondive - #SomosFeyAlegria en Paraguay\" \/>\n<meta property=\"og:description\" content=\"[vc_row][vc_column width=\u00bb5\/6&#8243;][\/vc_column][vc_column width=\u00bb1\/6&#8243;][\/vc_column][\/vc_row][vc_row][vc_column width=\u00bb2\/3&#8243;][vc_column_text]A trav\u00e9s del emprendimiento de unos padres so\u00f1adores, nace en el centro comunitario la Escuela graduada N\u00b0 13.319 \u00abO\u00f1ondive\u00bb, autorizada por la resoluci\u00f3n N\u00b0 38 del 29 abril de 1989, por el Ministerio de Educaci\u00f3n. Meses despu\u00e9s, pasar\u00eda a\u00a0 funcionar en el terreno donado por la Municipalidad de la Ciudad de Luque,\" \/>\n<meta property=\"og:url\" content=\"https:\/\/www.feyalegria.org\/paraguay\/escuela-onondive\/\" \/>\n<meta property=\"og:site_name\" content=\"#SomosFeyAlegria en Paraguay\" \/>\n<meta property=\"article:modified_time\" content=\"2023-02-07T22:10:50+00:00\" \/>\n<meta name=\"twitter:card\" content=\"summary_large_image\" \/>\n<meta name=\"twitter:label1\" content=\"Tiempo de lectura\" \/>\n\t<meta name=\"twitter:data1\" content=\"3 minutos\" \/>\n<script type=\"application\/ld+json\" class=\"yoast-schema-graph\">{\"@context\":\"https:\/\/schema.org\",\"@graph\":[{\"@type\":\"WebPage\",\"@id\":\"https:\/\/www.feyalegria.org\/paraguay\/escuela-onondive\/\",\"url\":\"https:\/\/www.feyalegria.org\/paraguay\/escuela-onondive\/\",\"name\":\"Escuela O\u00f1ondive - #SomosFeyAlegria en Paraguay\",\"isPartOf\":{\"@id\":\"https:\/\/www.feyalegria.org\/paraguay\/#website\"},\"datePublished\":\"2022-10-27T13:20:14+00:00\",\"dateModified\":\"2023-02-07T22:10:50+00:00\",\"breadcrumb\":{\"@id\":\"https:\/\/www.feyalegria.org\/paraguay\/escuela-onondive\/#breadcrumb\"},\"inLanguage\":\"es\",\"potentialAction\":[{\"@type\":\"ReadAction\",\"target\":[\"https:\/\/www.feyalegria.org\/paraguay\/escuela-onondive\/\"]}]},{\"@type\":\"BreadcrumbList\",\"@id\":\"https:\/\/www.feyalegria.org\/paraguay\/escuela-onondive\/#breadcrumb\",\"itemListElement\":[{\"@type\":\"ListItem\",\"position\":1,\"name\":\"Home\",\"item\":\"https:\/\/www.feyalegria.org\/paraguay\/\"},{\"@type\":\"ListItem\",\"position\":2,\"name\":\"Escuela O\u00f1ondive\"}]},{\"@type\":\"WebSite\",\"@id\":\"https:\/\/www.feyalegria.org\/paraguay\/#website\",\"url\":\"https:\/\/www.feyalegria.org\/paraguay\/\",\"name\":\"#SomosFeyAlegria en Paraguay\",\"description\":\"Movimiento de Educaci\u00f3n Popular y Promoci\u00f3n Social\",\"potentialAction\":[{\"@type\":\"SearchAction\",\"target\":{\"@type\":\"EntryPoint\",\"urlTemplate\":\"https:\/\/www.feyalegria.org\/paraguay\/?s={search_term_string}\"},\"query-input\":{\"@type\":\"PropertyValueSpecification\",\"valueRequired\":true,\"valueName\":\"search_term_string\"}}],\"inLanguage\":\"es\"}]}<\/script>\n<!-- \/ Yoast SEO plugin. -->","yoast_head_json":{"title":"Escuela O\u00f1ondive - #SomosFeyAlegria en Paraguay","robots":{"index":"index","follow":"follow","max-snippet":"max-snippet:-1","max-image-preview":"max-image-preview:large","max-video-preview":"max-video-preview:-1"},"canonical":"https:\/\/www.feyalegria.org\/paraguay\/escuela-onondive\/","og_locale":"es_ES","og_type":"article","og_title":"Escuela O\u00f1ondive - #SomosFeyAlegria en Paraguay","og_description":"[vc_row][vc_column width=\u00bb5\/6&#8243;][\/vc_column][vc_column width=\u00bb1\/6&#8243;][\/vc_column][\/vc_row][vc_row][vc_column width=\u00bb2\/3&#8243;][vc_column_text]A trav\u00e9s del emprendimiento de unos padres so\u00f1adores, nace en el centro comunitario la Escuela graduada N\u00b0 13.319 \u00abO\u00f1ondive\u00bb, autorizada por la resoluci\u00f3n N\u00b0 38 del 29 abril de 1989, por el Ministerio de Educaci\u00f3n. Meses despu\u00e9s, pasar\u00eda a\u00a0 funcionar en el terreno donado por la Municipalidad de la Ciudad de Luque,","og_url":"https:\/\/www.feyalegria.org\/paraguay\/escuela-onondive\/","og_site_name":"#SomosFeyAlegria en Paraguay","article_modified_time":"2023-02-07T22:10:50+00:00","twitter_card":"summary_large_image","twitter_misc":{"Tiempo de lectura":"3 minutos"},"schema":{"@context":"https:\/\/schema.org","@graph":[{"@type":"WebPage","@id":"https:\/\/www.feyalegria.org\/paraguay\/escuela-onondive\/","url":"https:\/\/www.feyalegria.org\/paraguay\/escuela-onondive\/","name":"Escuela O\u00f1ondive - #SomosFeyAlegria en Paraguay","isPartOf":{"@id":"https:\/\/www.feyalegria.org\/paraguay\/#website"},"datePublished":"2022-10-27T13:20:14+00:00","dateModified":"2023-02-07T22:10:50+00:00","breadcrumb":{"@id":"https:\/\/www.feyalegria.org\/paraguay\/escuela-onondive\/#breadcrumb"},"inLanguage":"es","potentialAction":[{"@type":"ReadAction","target":["https:\/\/www.feyalegria.org\/paraguay\/escuela-onondive\/"]}]},{"@type":"BreadcrumbList","@id":"https:\/\/www.feyalegria.org\/paraguay\/escuela-onondive\/#breadcrumb","itemListElement":[{"@type":"ListItem","position":1,"name":"Home","item":"https:\/\/www.feyalegria.org\/paraguay\/"},{"@type":"ListItem","position":2,"name":"Escuela O\u00f1ondive"}]},{"@type":"WebSite","@id":"https:\/\/www.feyalegria.org\/paraguay\/#website","url":"https:\/\/www.feyalegria.org\/paraguay\/","name":"#SomosFeyAlegria en Paraguay","description":"Movimiento de Educaci\u00f3n Popular y Promoci\u00f3n Social","potentialAction":[{"@type":"SearchAction","target":{"@type":"EntryPoint","urlTemplate":"https:\/\/www.feyalegria.org\/paraguay\/?s={search_term_string}"},"query-input":{"@type":"PropertyValueSpecification","valueRequired":true,"valueName":"search_term_string"}}],"inLanguage":"es"}]}},"_links":{"self":[{"href":"https:\/\/www.feyalegria.org\/paraguay\/wp-json\/wp\/v2\/pages\/2542","targetHints":{"allow":["GET"]}}],"collection":[{"href":"https:\/\/www.feyalegria.org\/paraguay\/wp-json\/wp\/v2\/pages"}],"about":[{"href":"https:\/\/www.feyalegria.org\/paraguay\/wp-json\/wp\/v2\/types\/page"}],"author":[{"embeddable":true,"href":"https:\/\/www.feyalegria.org\/paraguay\/wp-json\/wp\/v2\/users\/2"}],"replies":[{"embeddable":true,"href":"https:\/\/www.feyalegria.org\/paraguay\/wp-json\/wp\/v2\/comments?post=2542"}],"version-history":[{"count":0,"href":"https:\/\/www.feyalegria.org\/paraguay\/wp-json\/wp\/v2\/pages\/2542\/revisions"}],"wp:attachment":[{"href":"https:\/\/www.feyalegria.org\/paraguay\/wp-json\/wp\/v2\/media?parent=2542"}],"wp:term":[{"taxonomy":"folder","embeddable":true,"href":"https:\/\/www.feyalegria.org\/paraguay\/wp-json\/wp\/v2\/folder?post=2542"}],"curies":[{"name":"wp","href":"https:\/\/api.w.org\/{rel}","templated":true}]}}