 {"id":2566,"date":"2022-10-28T14:51:27","date_gmt":"2022-10-28T19:51:27","guid":{"rendered":"https:\/\/www.feyalegria.org\/paraguay\/?page_id=2566"},"modified":"2023-02-07T16:00:45","modified_gmt":"2023-02-07T21:00:45","slug":"escuela-y-colegio-fe-y-alegria-barrio-virgen-de-fatima-cde","status":"publish","type":"page","link":"https:\/\/www.feyalegria.org\/paraguay\/escuela-y-colegio-fe-y-alegria-barrio-virgen-de-fatima-cde\/","title":{"rendered":"Escuela y Colegio &quot;Fe y Alegr\u00eda&quot; &#8211; Barrio Virgen de F\u00e1tima CDE"},"content":{"rendered":"<div class=\"wpb-content-wrapper\"><p>[vc_row][vc_column width=\u00bb5\/6&#8243;]<div style=\"background-color:;height: 50px\" class=\"nicdark_section  \"><\/div>[\/vc_column][vc_column width=\u00bb1\/6&#8243;]<a href=\"https:\/\/www.feyalegria.org\/paraguay\/centros-educativos\/\" title=\"Centros educativos\"  data-id=\"mpc_button-3269d6aa688ee82\" class=\"mpc-button mpc-init mpc-transition mpc-typography--default \" ><div class=\"mpc-button__content mpc-effect-type--stay mpc-effect-side--left\"><i class=\"mpc-button__icon mpc-transition  mi mi-pin_drop\"><\/i><span class=\"mpc-button__title mpc-transition\">Volver al mapa<\/span><\/div><div class=\"mpc-button__background mpc-transition mpc-effect-type--fade mpc-effect-side--in\"><\/div><\/a>[\/vc_column][\/vc_row][vc_row][vc_column width=\u00bb2\/3&#8243;][vc_column_text]La Escuela B\u00e1sica N\u00b0 5.446 y Colegio Privado Subvencionado \u00abFe y Alegr\u00eda\u00bb ubicada sobre la calle Julio Correa y Teniente Facundo Almada, en el Barrio Virgen de F\u00e1tima de Ciudad del Este, capital del d\u00e9cimo departamento Alto Paran\u00e1, brinda educaci\u00f3n desde marzo de 1993 en un rinc\u00f3n de la capilla Virgen de F\u00e1tima, donde los ni\u00f1os no contaban con mobiliario para el desarrollo de las clases, para lo mismos utilizaban algunos bancos precarios para sentar y escribir a la vez.<br \/>\nSu Fundador fue el Padre Jos\u00e9 Mar\u00eda Conde y Las Hermanas Vicentinas de Zagreb.<br \/>\nLa Primera Docente fue la Profesora Bl\u00e1sida S\u00e1nchez Tiller\u00eda.<br \/>\nCon gesti\u00f3n incansable del Padre Conde y las Hermanas Vicentinas la instituci\u00f3n logr\u00f3 instalarse en un terreno concedido por la di\u00f3cesis de Alto Paran\u00e1, donde se construy\u00f3 las primeras aulas entre los a\u00f1os 1993 \u2013 1994, logrando en la actualidad contar con una infraestructura edilicia acorde a la necesidad de los educandos.<br \/>\nLa instituci\u00f3n ofrece educaci\u00f3n desde el Jard\u00edn de Infantes hasta el tercer a\u00f1o de la media en ambos turnos.<br \/>\nActualmente cuenta con:<br \/>\n<strong>Nivel inicial: <\/strong>113 alumnos\u00a0y dos docentes.<br \/>\n<strong>Primer Ciclo: <\/strong>199 estudiantes\u00a0y tres docentes.<br \/>\n<strong>Segundo Ciclo: <\/strong>177 estudiantes y tres docentes.<br \/>\n<strong>Tercer Ciclo: <\/strong>178 estudiantes y 8 docentes con perfil para cada \u00e1rea que tiene a cargo.<br \/>\n<strong>Nivel Medio:<\/strong> 186 y 9 docentes con perfil para cada \u00e1rea que tiene a cargo, sumando as\u00ed un total de 853 alumnos y 23 docentes.<br \/>\nEn la parte administrativa de la instituci\u00f3n se cuenta con una encargada de despacho para el nivel inicial y Educaci\u00f3n Escolar B\u00e1sica, una directora en el Nivel Medio, adem\u00e1s de una secretaria.<br \/>\nBrinda una educaci\u00f3n de calidad e integral, basada en valores cristianos.<br \/>\nDentro del Proyecto Ejecutado por los catedr\u00e1ticos del Tercer Ciclo denominado Mat &amp; Arte, los alumnos del 9no grado desarrollan peque\u00f1as microempresas con artesan\u00edas elaborados por ellos.<br \/>\nTambi\u00e9n el 9no grado particip\u00f3 del proyecto reciclaje en mi municipio promovido por la municipalidad de Ciudad del Este, el cu\u00e1l consist\u00eda en reciclar envases de pl\u00e1sticos y tapitas, en el cual obtuvo el primer lugar.<br \/>\nEl Proyecto de Aprendizaje y Servicios que llevan a cabo los alumnos del Tercer A\u00f1o de la media denominada Mi Ambiente, mi Hogar, tambi\u00e9n fue ejecutado con bastante \u00e9xito, permitiendo a nuestros educandos ser part\u00edcipes de la concienciaci\u00f3n a nivel comunitario de la importancia de mantener nuestro medio ambiente libre de contaminaci\u00f3n siempre enfocando desde las tres R, tambi\u00e9n el hermoseamiento del entorno escolar libre de basuras y las construcci\u00f3n de sentaderas para la comodidad de los mismos.<br \/>\nLos Alumnos del Segundo Curso empezaron con el proyecto de microemprendimiento promovido desde la oficina nacional.<br \/>\nEn el nivel inicial, primer ciclo y segundo ciclo se llev\u00f3 a cabo el desarrollo del proyecto de educaci\u00f3n vial, un proyecto interdisciplinario que se logr\u00f3 ejecutar con mucho \u00e9xito, logrando as\u00ed los objetivos propuesto en la misma.<\/p>\n<h5 style=\"text-align: left;\"><strong><span style=\"color: #aa0f16;\">Contactos<\/span><\/strong><\/h5>\n<p><strong>Directora<\/strong>: Felicia Ben\u00edtez.<br \/>\n<strong>Tel\u00e9fono<\/strong>: +595973503201[\/vc_column_text][\/vc_column][vc_column width=\u00bb1\/3&#8243;][vc_gmaps link=\u00bb#E-8_JTNDaWZyYW1lJTIwc3JjJTNEJTIyaHR0cHMlM0ElMkYlMkZ3d3cuZ29vZ2xlLmNvbSUyRm1hcHMlMkZlbWJlZCUzRnBiJTNEJTIxMW0xNCUyMTFtOCUyMTFtMyUyMTFkODk5Ljk5NzUyNDEyNjcwODElMjEyZC01NC42MjEwMzMzJTIxM2QtMjUuNTM4NzA2OCUyMTNtMiUyMTFpMTAyNCUyMTJpNzY4JTIxNGYxMy4xJTIxM20zJTIxMW0yJTIxMXMweDk0ZjY4ZmRjYTUwZWJkM2IlMjUzQTB4YjA3MjllMTQ5Mjk0MzdjMiUyMTJzRXNjdWVsYSUyNTIweSUyNTIwQ29sZWdpbyUyNTIwRmUlMjUyMHklMjUyMEFsZWdyJTI1QzMlMjVBRGElMjUyMC0lMjUyMFZpcmdlbiUyNTIwZGUlMjUyMEYlMjVDMyUyNUExdGltYSUyMTVlMCUyMTNtMiUyMTFzZXMlMjEyc3B5JTIxNHYxNjY2OTg2MDM0MjU5JTIxNW0yJTIxMXNlcyUyMTJzcHklMjIlMjB3aWR0aCUzRCUyMjYwMCUyMiUyMGhlaWdodCUzRCUyMjQ1MCUyMiUyMGZyYW1lYm9yZGVyJTNEJTIyMCUyMiUyMHN0eWxlJTNEJTIyYm9yZGVyJTNBMCUzQiUyMiUyMGFsbG93ZnVsbHNjcmVlbiUzRCUyMiUyMiUyMGFyaWEtaGlkZGVuJTNEJTIyZmFsc2UlMjIlMjB0YWJpbmRleCUzRCUyMjAlMjIlM0UlM0MlMkZpZnJhbWUlM0U=\u00bb][\/vc_column][\/vc_row][vc_row][vc_column width=\u00bb1\/4&#8243;][vc_single_image image=\u00bb8434&#8243; img_size=\u00bbmedium\u00bb alignment=\u00bbcenter\u00bb onclick=\u00bbimg_link_large\u00bb][\/vc_column][vc_column width=\u00bb1\/4&#8243;][vc_single_image image=\u00bb8523&#8243; img_size=\u00bbmedium\u00bb alignment=\u00bbcenter\u00bb onclick=\u00bbimg_link_large\u00bb][\/vc_column][vc_column width=\u00bb1\/4&#8243;][vc_single_image image=\u00bb8477&#8243; img_size=\u00bbmedium\u00bb alignment=\u00bbcenter\u00bb onclick=\u00bbimg_link_large\u00bb][\/vc_column][vc_column width=\u00bb1\/4&#8243;][vc_single_image image=\u00bb8567&#8243; img_size=\u00bbmedium\u00bb alignment=\u00bbcenter\u00bb onclick=\u00bbimg_link_large\u00bb][\/vc_column][\/vc_row]<\/p>\n<\/div>","protected":false},"excerpt":{"rendered":"<p>[vc_row][vc_column width=\u00bb5\/6&#8243;][\/vc_column][vc_column width=\u00bb1\/6&#8243;][\/vc_column][\/vc_row][vc_row][vc_column width=\u00bb2\/3&#8243;][vc_column_text]La Escuela B\u00e1sica N\u00b0 5.446 y Colegio Privado Subvencionado \u00abFe y Alegr\u00eda\u00bb ubicada sobre la calle Julio Correa y Teniente Facundo Almada, en el Barrio Virgen de F\u00e1tima de Ciudad del Este, capital del d\u00e9cimo departamento Alto Paran\u00e1, brinda educaci\u00f3n desde marzo de 1993 en un rinc\u00f3n de la capilla Virgen de<\/p>\n","protected":false},"author":2,"featured_media":0,"parent":0,"menu_order":0,"comment_status":"closed","ping_status":"closed","template":"","meta":{"_acf_changed":false,"footnotes":""},"folder":[],"class_list":["post-2566","page","type-page","status-publish","hentry"],"acf":[],"yoast_head":"<!-- This site is optimized with the Yoast SEO plugin v27.2 - https:\/\/yoast.com\/product\/yoast-seo-wordpress\/ -->\n<title>Escuela y Colegio &quot;Fe y Alegr\u00eda&quot; - Barrio Virgen de F\u00e1tima CDE - #SomosFeyAlegria en Paraguay<\/title>\n<meta name=\"robots\" content=\"index, follow, max-snippet:-1, max-image-preview:large, max-video-preview:-1\" \/>\n<link rel=\"canonical\" href=\"https:\/\/www.feyalegria.org\/paraguay\/escuela-y-colegio-fe-y-alegria-barrio-virgen-de-fatima-cde\/\" \/>\n<meta property=\"og:locale\" content=\"es_ES\" \/>\n<meta property=\"og:type\" content=\"article\" \/>\n<meta property=\"og:title\" content=\"Escuela y Colegio &quot;Fe y Alegr\u00eda&quot; - Barrio Virgen de F\u00e1tima CDE - #SomosFeyAlegria en Paraguay\" \/>\n<meta property=\"og:description\" content=\"[vc_row][vc_column width=\u00bb5\/6&#8243;][\/vc_column][vc_column width=\u00bb1\/6&#8243;][\/vc_column][\/vc_row][vc_row][vc_column width=\u00bb2\/3&#8243;][vc_column_text]La Escuela B\u00e1sica N\u00b0 5.446 y Colegio Privado Subvencionado \u00abFe y Alegr\u00eda\u00bb ubicada sobre la calle Julio Correa y Teniente Facundo Almada, en el Barrio Virgen de F\u00e1tima de Ciudad del Este, capital del d\u00e9cimo departamento Alto Paran\u00e1, brinda educaci\u00f3n desde marzo de 1993 en un rinc\u00f3n de la capilla Virgen de\" \/>\n<meta property=\"og:url\" content=\"https:\/\/www.feyalegria.org\/paraguay\/escuela-y-colegio-fe-y-alegria-barrio-virgen-de-fatima-cde\/\" \/>\n<meta property=\"og:site_name\" content=\"#SomosFeyAlegria en Paraguay\" \/>\n<meta property=\"article:modified_time\" content=\"2023-02-07T21:00:45+00:00\" \/>\n<meta name=\"twitter:card\" content=\"summary_large_image\" \/>\n<meta name=\"twitter:label1\" content=\"Tiempo de lectura\" \/>\n\t<meta name=\"twitter:data1\" content=\"4 minutos\" \/>\n<script type=\"application\/ld+json\" class=\"yoast-schema-graph\">{\"@context\":\"https:\/\/schema.org\",\"@graph\":[{\"@type\":\"WebPage\",\"@id\":\"https:\/\/www.feyalegria.org\/paraguay\/escuela-y-colegio-fe-y-alegria-barrio-virgen-de-fatima-cde\/\",\"url\":\"https:\/\/www.feyalegria.org\/paraguay\/escuela-y-colegio-fe-y-alegria-barrio-virgen-de-fatima-cde\/\",\"name\":\"Escuela y Colegio &quot;Fe y Alegr\u00eda&quot; - Barrio Virgen de F\u00e1tima CDE - #SomosFeyAlegria en Paraguay\",\"isPartOf\":{\"@id\":\"https:\/\/www.feyalegria.org\/paraguay\/#website\"},\"datePublished\":\"2022-10-28T19:51:27+00:00\",\"dateModified\":\"2023-02-07T21:00:45+00:00\",\"breadcrumb\":{\"@id\":\"https:\/\/www.feyalegria.org\/paraguay\/escuela-y-colegio-fe-y-alegria-barrio-virgen-de-fatima-cde\/#breadcrumb\"},\"inLanguage\":\"es\",\"potentialAction\":[{\"@type\":\"ReadAction\",\"target\":[\"https:\/\/www.feyalegria.org\/paraguay\/escuela-y-colegio-fe-y-alegria-barrio-virgen-de-fatima-cde\/\"]}]},{\"@type\":\"BreadcrumbList\",\"@id\":\"https:\/\/www.feyalegria.org\/paraguay\/escuela-y-colegio-fe-y-alegria-barrio-virgen-de-fatima-cde\/#breadcrumb\",\"itemListElement\":[{\"@type\":\"ListItem\",\"position\":1,\"name\":\"Home\",\"item\":\"https:\/\/www.feyalegria.org\/paraguay\/\"},{\"@type\":\"ListItem\",\"position\":2,\"name\":\"Escuela y Colegio &quot;Fe y Alegr\u00eda&quot; &#8211; Barrio Virgen de F\u00e1tima CDE\"}]},{\"@type\":\"WebSite\",\"@id\":\"https:\/\/www.feyalegria.org\/paraguay\/#website\",\"url\":\"https:\/\/www.feyalegria.org\/paraguay\/\",\"name\":\"#SomosFeyAlegria en Paraguay\",\"description\":\"Movimiento de Educaci\u00f3n Popular y Promoci\u00f3n Social\",\"potentialAction\":[{\"@type\":\"SearchAction\",\"target\":{\"@type\":\"EntryPoint\",\"urlTemplate\":\"https:\/\/www.feyalegria.org\/paraguay\/?s={search_term_string}\"},\"query-input\":{\"@type\":\"PropertyValueSpecification\",\"valueRequired\":true,\"valueName\":\"search_term_string\"}}],\"inLanguage\":\"es\"}]}<\/script>\n<!-- \/ Yoast SEO plugin. -->","yoast_head_json":{"title":"Escuela y Colegio &quot;Fe y Alegr\u00eda&quot; - Barrio Virgen de F\u00e1tima CDE - #SomosFeyAlegria en Paraguay","robots":{"index":"index","follow":"follow","max-snippet":"max-snippet:-1","max-image-preview":"max-image-preview:large","max-video-preview":"max-video-preview:-1"},"canonical":"https:\/\/www.feyalegria.org\/paraguay\/escuela-y-colegio-fe-y-alegria-barrio-virgen-de-fatima-cde\/","og_locale":"es_ES","og_type":"article","og_title":"Escuela y Colegio &quot;Fe y Alegr\u00eda&quot; - Barrio Virgen de F\u00e1tima CDE - #SomosFeyAlegria en Paraguay","og_description":"[vc_row][vc_column width=\u00bb5\/6&#8243;][\/vc_column][vc_column width=\u00bb1\/6&#8243;][\/vc_column][\/vc_row][vc_row][vc_column width=\u00bb2\/3&#8243;][vc_column_text]La Escuela B\u00e1sica N\u00b0 5.446 y Colegio Privado Subvencionado \u00abFe y Alegr\u00eda\u00bb ubicada sobre la calle Julio Correa y Teniente Facundo Almada, en el Barrio Virgen de F\u00e1tima de Ciudad del Este, capital del d\u00e9cimo departamento Alto Paran\u00e1, brinda educaci\u00f3n desde marzo de 1993 en un rinc\u00f3n de la capilla Virgen de","og_url":"https:\/\/www.feyalegria.org\/paraguay\/escuela-y-colegio-fe-y-alegria-barrio-virgen-de-fatima-cde\/","og_site_name":"#SomosFeyAlegria en Paraguay","article_modified_time":"2023-02-07T21:00:45+00:00","twitter_card":"summary_large_image","twitter_misc":{"Tiempo de lectura":"4 minutos"},"schema":{"@context":"https:\/\/schema.org","@graph":[{"@type":"WebPage","@id":"https:\/\/www.feyalegria.org\/paraguay\/escuela-y-colegio-fe-y-alegria-barrio-virgen-de-fatima-cde\/","url":"https:\/\/www.feyalegria.org\/paraguay\/escuela-y-colegio-fe-y-alegria-barrio-virgen-de-fatima-cde\/","name":"Escuela y Colegio &quot;Fe y Alegr\u00eda&quot; - Barrio Virgen de F\u00e1tima CDE - #SomosFeyAlegria en Paraguay","isPartOf":{"@id":"https:\/\/www.feyalegria.org\/paraguay\/#website"},"datePublished":"2022-10-28T19:51:27+00:00","dateModified":"2023-02-07T21:00:45+00:00","breadcrumb":{"@id":"https:\/\/www.feyalegria.org\/paraguay\/escuela-y-colegio-fe-y-alegria-barrio-virgen-de-fatima-cde\/#breadcrumb"},"inLanguage":"es","potentialAction":[{"@type":"ReadAction","target":["https:\/\/www.feyalegria.org\/paraguay\/escuela-y-colegio-fe-y-alegria-barrio-virgen-de-fatima-cde\/"]}]},{"@type":"BreadcrumbList","@id":"https:\/\/www.feyalegria.org\/paraguay\/escuela-y-colegio-fe-y-alegria-barrio-virgen-de-fatima-cde\/#breadcrumb","itemListElement":[{"@type":"ListItem","position":1,"name":"Home","item":"https:\/\/www.feyalegria.org\/paraguay\/"},{"@type":"ListItem","position":2,"name":"Escuela y Colegio &quot;Fe y Alegr\u00eda&quot; &#8211; Barrio Virgen de F\u00e1tima CDE"}]},{"@type":"WebSite","@id":"https:\/\/www.feyalegria.org\/paraguay\/#website","url":"https:\/\/www.feyalegria.org\/paraguay\/","name":"#SomosFeyAlegria en Paraguay","description":"Movimiento de Educaci\u00f3n Popular y Promoci\u00f3n Social","potentialAction":[{"@type":"SearchAction","target":{"@type":"EntryPoint","urlTemplate":"https:\/\/www.feyalegria.org\/paraguay\/?s={search_term_string}"},"query-input":{"@type":"PropertyValueSpecification","valueRequired":true,"valueName":"search_term_string"}}],"inLanguage":"es"}]}},"_links":{"self":[{"href":"https:\/\/www.feyalegria.org\/paraguay\/wp-json\/wp\/v2\/pages\/2566","targetHints":{"allow":["GET"]}}],"collection":[{"href":"https:\/\/www.feyalegria.org\/paraguay\/wp-json\/wp\/v2\/pages"}],"about":[{"href":"https:\/\/www.feyalegria.org\/paraguay\/wp-json\/wp\/v2\/types\/page"}],"author":[{"embeddable":true,"href":"https:\/\/www.feyalegria.org\/paraguay\/wp-json\/wp\/v2\/users\/2"}],"replies":[{"embeddable":true,"href":"https:\/\/www.feyalegria.org\/paraguay\/wp-json\/wp\/v2\/comments?post=2566"}],"version-history":[{"count":0,"href":"https:\/\/www.feyalegria.org\/paraguay\/wp-json\/wp\/v2\/pages\/2566\/revisions"}],"wp:attachment":[{"href":"https:\/\/www.feyalegria.org\/paraguay\/wp-json\/wp\/v2\/media?parent=2566"}],"wp:term":[{"taxonomy":"folder","embeddable":true,"href":"https:\/\/www.feyalegria.org\/paraguay\/wp-json\/wp\/v2\/folder?post=2566"}],"curies":[{"name":"wp","href":"https:\/\/api.w.org\/{rel}","templated":true}]}}