 {"id":108,"date":"2020-06-25T10:18:55","date_gmt":"2020-06-25T15:18:55","guid":{"rendered":"https:\/\/www.feyalegria.org\/peru\/?page_id=108"},"modified":"2020-10-21T12:02:41","modified_gmt":"2020-10-21T17:02:41","slug":"quienes-somos","status":"publish","type":"page","link":"https:\/\/www.feyalegria.org\/peru\/quienes-somos\/","title":{"rendered":"Qui\u00e9nes Somos"},"content":{"rendered":"<div class=\"wpb-content-wrapper\"><p>[vc_row][vc_column][vc_separator color=\u00bbcustom\u00bb style=\u00bbshadow\u00bb border_width=\u00bb4&#8243; accent_color=\u00bb#0473aa\u00bb][vc_column_text]<\/p>\n<h2 style=\"text-align:center\">Fe y Alegr\u00eda en el Per\u00fa<\/h2>\n<p>[\/vc_column_text][vc_column_text]<\/p>\n<p align=\"justify\">  Es una asociaci\u00f3n sin fines de lucro que gestiona instituciones educativas p\u00fablicas con el compromiso de brindar educaci\u00f3n de calidad a los sectores excluidos y m\u00e1s vulnerables de la sociedad. Somos parte de la Federaci\u00f3n Internacional de Fe y Alegr\u00eda, presente en 22 pa\u00edses de Am\u00e9rica Latina, \u00c1frica y Europa.<\/p>\n<p>[\/vc_column_text][\/vc_column][\/vc_row][vc_row content_placement=\u00bbtop\u00bb][vc_column width=\u00bb1\/2&#8243; css=\u00bb.vc_custom_1589950287433{margin-top: 10px !important;margin-bottom: 10px !important;padding-top: 7px !important;padding-right: 40px !important;}\u00bb][vc_column_text el_class=\u00bbnd_options_text_align_center_responsive\u00bb]<\/p>\n<h3 style=\"text-align:justify\">Misi\u00f3n<\/h3>\n<p>&nbsp;<\/p>\n<p style=\"text-align: justify\">Fe y Alegr\u00eda es un movimiento de educaci\u00f3n popular comprometido con la construcci\u00f3n de una sociedad m\u00e1s justa y solidaria desde los valores evang\u00e9licos.<br \/>\nGestiona una propuesta educativa p\u00fablica, transformadora y diversificada como un referente de la educaci\u00f3n nacional.<\/p>\n<p>[\/vc_column_text][vc_single_image image=\u00bb2469&#8243; img_size=\u00bbfull\u00bb alignment=\u00bbcenter\u00bb css=\u00bb.vc_custom_1601696194014{padding-right: 40px !important;padding-left: 20px !important;}\u00bb][\/vc_column][vc_column width=\u00bb1\/2&#8243; css=\u00bb.vc_custom_1589950257944{padding-top: 15px !important;padding-left: 40px !important;}\u00bb][vc_column_text el_class=\u00bbnd_options_text_align_center_responsive\u00bb]<\/p>\n<h3 style=\"text-align:justify\">Visi\u00f3n<\/h3>\n<p>&nbsp;<\/p>\n<p style=\"text-align: justify\">Al 2021 brindamos educaci\u00f3n de calidad con equidad para que todas las personas est\u00e9n en capacidad de construir un Per\u00fa m\u00e1s justo y solidario.<\/p>\n<p>[\/vc_column_text][vc_empty_space height=\u00bb55&#8243;][vc_single_image image=\u00bb1885&#8243; img_size=\u00bblarge\u00bb alignment=\u00bbcenter\u00bb css=\u00bb.vc_custom_1600956935226{padding-right: 20px !important;padding-left: 20px !important;}\u00bb][\/vc_column][\/vc_row][vc_row][vc_column][vc_separator color=\u00bbcustom\u00bb style=\u00bbshadow\u00bb border_width=\u00bb4&#8243; accent_color=\u00bb#0473aa\u00bb][vc_column_text]<\/p>\n<h3 style=\"text-align: center\">Transformamos Vidas<\/h3>\n<p>[\/vc_column_text]<div style=\"background-color:;height: 10px\" class=\"nicdark_section  \"><\/div>[vc_video link=\u00bbhttps:\/\/youtu.be\/6-U0S2vmjok\u00bb el_width=\u00bb70&#8243; align=\u00bbcenter\u00bb]<div style=\"background-color:;height: 10px\" class=\"nicdark_section  \"><\/div>[\/vc_column][\/vc_row][vc_row][vc_column][vc_separator color=\u00bbcustom\u00bb style=\u00bbshadow\u00bb border_width=\u00bb4&#8243; accent_color=\u00bb#0473aa\u00bb]<div style=\"background-color:;height: 30px\" class=\"nicdark_section  \"><\/div>[\/vc_column][\/vc_row][vc_row][vc_column][vc_column_text]<\/p>\n<h4 style=\"text-align:center\">Donde termina el asfalto&#8230; comienza nuestra historia<\/h4>\n<p>[\/vc_column_text][vc_creativelink style=\u00bbcl-effect-2&#8243; align=\u00bbcenter\u00bb text=\u00bbClick Aqu\u00ed\u00bb url=\u00bburl:https%3A%2F%2Fwww.feyalegria.org%2Fperu%2Fnuestra-historia%2F|title:Nuestra%20Historia..|target:%20_blank|\u00bb clr=\u00bb#727176&#8243; bgclr=\u00bb#e4e4e4&#8243; hoverclr=\u00bb#ffffff\u00bb hoverbg=\u00bb#aa0f16&#8243; weight=\u00bb200&#8243;]<div style=\"background-color:;height: 20px\" class=\"nicdark_section  \"><\/div>[vc_separator color=\u00bbcustom\u00bb style=\u00bbshadow\u00bb border_width=\u00bb4&#8243; accent_color=\u00bb#0473aa\u00bb][\/vc_column][\/vc_row]<\/p>\n<\/div>","protected":false},"excerpt":{"rendered":"<p>[vc_row][vc_column][vc_separator color=\u00bbcustom\u00bb style=\u00bbshadow\u00bb border_width=\u00bb4&#8243; accent_color=\u00bb#0473aa\u00bb][vc_column_text] Fe y Alegr\u00eda en el Per\u00fa [\/vc_column_text][vc_column_text] Es una asociaci\u00f3n sin fines de lucro que gestiona instituciones educativas p\u00fablicas con el compromiso de brindar educaci\u00f3n de calidad a los sectores excluidos y m\u00e1s vulnerables de la sociedad. Somos parte de la Federaci\u00f3n Internacional de Fe y Alegr\u00eda, presente en 22<\/p>\n","protected":false},"author":11,"featured_media":0,"parent":0,"menu_order":0,"comment_status":"closed","ping_status":"closed","template":"","meta":{"_acf_changed":false,"footnotes":""},"folder":[],"class_list":["post-108","page","type-page","status-publish","hentry"],"acf":[],"yoast_head":"<!-- This site is optimized with the Yoast SEO plugin v27.4 - https:\/\/yoast.com\/product\/yoast-seo-wordpress\/ -->\n<title>Qui\u00e9nes Somos - #SomosFeyAlegria en Per\u00fa<\/title>\n<meta name=\"robots\" content=\"noindex, follow, max-snippet:-1, max-image-preview:large, max-video-preview:-1\" \/>\n<meta property=\"og:locale\" content=\"es_ES\" \/>\n<meta property=\"og:type\" content=\"article\" \/>\n<meta property=\"og:title\" content=\"Qui\u00e9nes Somos - #SomosFeyAlegria en Per\u00fa\" \/>\n<meta property=\"og:description\" content=\"[vc_row][vc_column][vc_separator color=\u00bbcustom\u00bb style=\u00bbshadow\u00bb border_width=\u00bb4&#8243; accent_color=\u00bb#0473aa\u00bb][vc_column_text] Fe y Alegr\u00eda en el Per\u00fa [\/vc_column_text][vc_column_text] Es una asociaci\u00f3n sin fines de lucro que gestiona instituciones educativas p\u00fablicas con el compromiso de brindar educaci\u00f3n de calidad a los sectores excluidos y m\u00e1s vulnerables de la sociedad. Somos parte de la Federaci\u00f3n Internacional de Fe y Alegr\u00eda, presente en 22\" \/>\n<meta property=\"og:url\" content=\"https:\/\/www.feyalegria.org\/peru\/quienes-somos\/\" \/>\n<meta property=\"og:site_name\" content=\"#SomosFeyAlegria en Per\u00fa\" \/>\n<meta property=\"article:modified_time\" content=\"2020-10-21T17:02:41+00:00\" \/>\n<meta name=\"twitter:card\" content=\"summary_large_image\" \/>\n<meta name=\"twitter:label1\" content=\"Tiempo de lectura\" \/>\n\t<meta name=\"twitter:data1\" content=\"2 minutos\" \/>\n<script type=\"application\/ld+json\" class=\"yoast-schema-graph\">{\"@context\":\"https:\\\/\\\/schema.org\",\"@graph\":[{\"@type\":\"WebPage\",\"@id\":\"https:\\\/\\\/www.feyalegria.org\\\/peru\\\/quienes-somos\\\/\",\"url\":\"https:\\\/\\\/www.feyalegria.org\\\/peru\\\/quienes-somos\\\/\",\"name\":\"Qui\u00e9nes Somos - #SomosFeyAlegria en Per\u00fa\",\"isPartOf\":{\"@id\":\"https:\\\/\\\/www.feyalegria.org\\\/peru\\\/#website\"},\"datePublished\":\"2020-06-25T15:18:55+00:00\",\"dateModified\":\"2020-10-21T17:02:41+00:00\",\"breadcrumb\":{\"@id\":\"https:\\\/\\\/www.feyalegria.org\\\/peru\\\/quienes-somos\\\/#breadcrumb\"},\"inLanguage\":\"es\",\"potentialAction\":[{\"@type\":\"ReadAction\",\"target\":[\"https:\\\/\\\/www.feyalegria.org\\\/peru\\\/quienes-somos\\\/\"]}]},{\"@type\":\"BreadcrumbList\",\"@id\":\"https:\\\/\\\/www.feyalegria.org\\\/peru\\\/quienes-somos\\\/#breadcrumb\",\"itemListElement\":[{\"@type\":\"ListItem\",\"position\":1,\"name\":\"Home\",\"item\":\"https:\\\/\\\/www.feyalegria.org\\\/peru\\\/\"},{\"@type\":\"ListItem\",\"position\":2,\"name\":\"Qui\u00e9nes Somos\"}]},{\"@type\":\"WebSite\",\"@id\":\"https:\\\/\\\/www.feyalegria.org\\\/peru\\\/#website\",\"url\":\"https:\\\/\\\/www.feyalegria.org\\\/peru\\\/\",\"name\":\"#SomosFeyAlegria en Per\u00fa\",\"description\":\"Movimiento de Educaci\u00f3n Popular y Promoci\u00f3n Social\",\"potentialAction\":[{\"@type\":\"SearchAction\",\"target\":{\"@type\":\"EntryPoint\",\"urlTemplate\":\"https:\\\/\\\/www.feyalegria.org\\\/peru\\\/?s={search_term_string}\"},\"query-input\":{\"@type\":\"PropertyValueSpecification\",\"valueRequired\":true,\"valueName\":\"search_term_string\"}}],\"inLanguage\":\"es\"}]}<\/script>\n<!-- \/ Yoast SEO plugin. -->","yoast_head_json":{"title":"Qui\u00e9nes Somos - #SomosFeyAlegria en Per\u00fa","robots":{"index":"noindex","follow":"follow","max-snippet":"max-snippet:-1","max-image-preview":"max-image-preview:large","max-video-preview":"max-video-preview:-1"},"og_locale":"es_ES","og_type":"article","og_title":"Qui\u00e9nes Somos - #SomosFeyAlegria en Per\u00fa","og_description":"[vc_row][vc_column][vc_separator color=\u00bbcustom\u00bb style=\u00bbshadow\u00bb border_width=\u00bb4&#8243; accent_color=\u00bb#0473aa\u00bb][vc_column_text] Fe y Alegr\u00eda en el Per\u00fa [\/vc_column_text][vc_column_text] Es una asociaci\u00f3n sin fines de lucro que gestiona instituciones educativas p\u00fablicas con el compromiso de brindar educaci\u00f3n de calidad a los sectores excluidos y m\u00e1s vulnerables de la sociedad. Somos parte de la Federaci\u00f3n Internacional de Fe y Alegr\u00eda, presente en 22","og_url":"https:\/\/www.feyalegria.org\/peru\/quienes-somos\/","og_site_name":"#SomosFeyAlegria en Per\u00fa","article_modified_time":"2020-10-21T17:02:41+00:00","twitter_card":"summary_large_image","twitter_misc":{"Tiempo de lectura":"2 minutos"},"schema":{"@context":"https:\/\/schema.org","@graph":[{"@type":"WebPage","@id":"https:\/\/www.feyalegria.org\/peru\/quienes-somos\/","url":"https:\/\/www.feyalegria.org\/peru\/quienes-somos\/","name":"Qui\u00e9nes Somos - #SomosFeyAlegria en Per\u00fa","isPartOf":{"@id":"https:\/\/www.feyalegria.org\/peru\/#website"},"datePublished":"2020-06-25T15:18:55+00:00","dateModified":"2020-10-21T17:02:41+00:00","breadcrumb":{"@id":"https:\/\/www.feyalegria.org\/peru\/quienes-somos\/#breadcrumb"},"inLanguage":"es","potentialAction":[{"@type":"ReadAction","target":["https:\/\/www.feyalegria.org\/peru\/quienes-somos\/"]}]},{"@type":"BreadcrumbList","@id":"https:\/\/www.feyalegria.org\/peru\/quienes-somos\/#breadcrumb","itemListElement":[{"@type":"ListItem","position":1,"name":"Home","item":"https:\/\/www.feyalegria.org\/peru\/"},{"@type":"ListItem","position":2,"name":"Qui\u00e9nes Somos"}]},{"@type":"WebSite","@id":"https:\/\/www.feyalegria.org\/peru\/#website","url":"https:\/\/www.feyalegria.org\/peru\/","name":"#SomosFeyAlegria en Per\u00fa","description":"Movimiento de Educaci\u00f3n Popular y Promoci\u00f3n Social","potentialAction":[{"@type":"SearchAction","target":{"@type":"EntryPoint","urlTemplate":"https:\/\/www.feyalegria.org\/peru\/?s={search_term_string}"},"query-input":{"@type":"PropertyValueSpecification","valueRequired":true,"valueName":"search_term_string"}}],"inLanguage":"es"}]}},"_links":{"self":[{"href":"https:\/\/www.feyalegria.org\/peru\/wp-json\/wp\/v2\/pages\/108","targetHints":{"allow":["GET"]}}],"collection":[{"href":"https:\/\/www.feyalegria.org\/peru\/wp-json\/wp\/v2\/pages"}],"about":[{"href":"https:\/\/www.feyalegria.org\/peru\/wp-json\/wp\/v2\/types\/page"}],"author":[{"embeddable":true,"href":"https:\/\/www.feyalegria.org\/peru\/wp-json\/wp\/v2\/users\/11"}],"replies":[{"embeddable":true,"href":"https:\/\/www.feyalegria.org\/peru\/wp-json\/wp\/v2\/comments?post=108"}],"version-history":[{"count":0,"href":"https:\/\/www.feyalegria.org\/peru\/wp-json\/wp\/v2\/pages\/108\/revisions"}],"wp:attachment":[{"href":"https:\/\/www.feyalegria.org\/peru\/wp-json\/wp\/v2\/media?parent=108"}],"wp:term":[{"taxonomy":"folder","embeddable":true,"href":"https:\/\/www.feyalegria.org\/peru\/wp-json\/wp\/v2\/folder?post=108"}],"curies":[{"name":"wp","href":"https:\/\/api.w.org\/{rel}","templated":true}]}}

Quiénes Somos

<div class="wpb-content-wrapper"><p>[vc_row][vc_column][vc_separator color=»custom» style=»shadow» border_width=»4&#8243; accent_color=»#0473aa»][vc_column_text]</p>
<h2 style="text-align:center">Fe y Alegría en el Perú</h2>
<p>[/vc_column_text][vc_column_text]</p>
<p align="justify">  Es una asociación sin fines de lucro que gestiona instituciones educativas públicas con el compromiso de brindar educación de calidad a los sectores excluidos y más vulnerables de la sociedad. Somos parte de la Federación Internacional de Fe y Alegría, presente en 22 países de América Latina, África y Europa.</p>
<p>[/vc_column_text][/vc_column][/vc_row][vc_row content_placement=»top»][vc_column width=»1/2&#8243; css=».vc_custom_1589950287433{margin-top: 10px !important;margin-bottom: 10px !important;padding-top: 7px !important;padding-right: 40px !important;}»][vc_column_text el_class=»nd_options_text_align_center_responsive»]</p>
<h3 style="text-align:justify">Misión</h3>
<p>&nbsp;</p>
<p style="text-align: justify">Fe y Alegría es un movimiento de educación popular comprometido con la construcción de una sociedad más justa y solidaria desde los valores evangélicos.<br />
Gestiona una propuesta educativa pública, transformadora y diversificada como un referente de la educación nacional.</p>
<p>[/vc_column_text][vc_single_image image=»2469&#8243; img_size=»full» alignment=»center» css=».vc_custom_1601696194014{padding-right: 40px !important;padding-left: 20px !important;}»][/vc_column][vc_column width=»1/2&#8243; css=».vc_custom_1589950257944{padding-top: 15px !important;padding-left: 40px !important;}»][vc_column_text el_class=»nd_options_text_align_center_responsive»]</p>
<h3 style="text-align:justify">Visión</h3>
<p>&nbsp;</p>
<p style="text-align: justify">Al 2021 brindamos educación de calidad con equidad para que todas las personas estén en capacidad de construir un Perú más justo y solidario.</p>
<p>[/vc_column_text][vc_empty_space height=»55&#8243;][vc_single_image image=»1885&#8243; img_size=»large» alignment=»center» css=».vc_custom_1600956935226{padding-right: 20px !important;padding-left: 20px !important;}»][/vc_column][/vc_row][vc_row][vc_column][vc_separator color=»custom» style=»shadow» border_width=»4&#8243; accent_color=»#0473aa»][vc_column_text]</p>
<h3 style="text-align: center">Transformamos Vidas</h3>
<p>[/vc_column_text]<div style="background-color:;height: 10px" class="nicdark_section  "></div>[vc_video link=»https://youtu.be/6-U0S2vmjok» el_width=»70&#8243; align=»center»]<div style="background-color:;height: 10px" class="nicdark_section  "></div>[/vc_column][/vc_row][vc_row][vc_column][vc_separator color=»custom» style=»shadow» border_width=»4&#8243; accent_color=»#0473aa»]<div style="background-color:;height: 30px" class="nicdark_section  "></div>[/vc_column][/vc_row][vc_row][vc_column][vc_column_text]</p>
<h4 style="text-align:center">Donde termina el asfalto&#8230; comienza nuestra historia</h4>
<p>[/vc_column_text][vc_creativelink style=»cl-effect-2&#8243; align=»center» text=»Click Aquí» url=»url:https%3A%2F%2Fwww.feyalegria.org%2Fperu%2Fnuestra-historia%2F|title:Nuestra%20Historia..|target:%20_blank|» clr=»#727176&#8243; bgclr=»#e4e4e4&#8243; hoverclr=»#ffffff» hoverbg=»#aa0f16&#8243; weight=»200&#8243;]<div style="background-color:;height: 20px" class="nicdark_section  "></div>[vc_separator color=»custom» style=»shadow» border_width=»4&#8243; accent_color=»#0473aa»][/vc_column][/vc_row]</p>
</div>

<p>[vc_row][vc_column][vc_separator color=»custom» style=»shadow» border_width=»4&#8243; accent_color=»#0473aa»][vc_column_text] Fe y Alegría en el Perú [/vc_column_text][vc_column_text] Es una asociación sin fines de lucro que gestiona instituciones educativas públicas con el compromiso de brindar educación de calidad a los sectores excluidos y más vulnerables de la sociedad. Somos parte de la Federación Internacional de Fe y Alegría, presente en 22</p>

<!-- This site is optimized with the Yoast SEO plugin v27.4 - https://yoast.com/product/yoast-seo-wordpress/ -->
<title>Quiénes Somos - #SomosFeyAlegria en Perú</title>
<meta name="robots" content="noindex, follow, max-snippet:-1, max-image-preview:large, max-video-preview:-1" />
<meta property="og:locale" content="es_ES" />
<meta property="og:type" content="article" />
<meta property="og:title" content="Quiénes Somos - #SomosFeyAlegria en Perú" />
<meta property="og:description" content="[vc_row][vc_column][vc_separator color=»custom» style=»shadow» border_width=»4&#8243; accent_color=»#0473aa»][vc_column_text] Fe y Alegría en el Perú [/vc_column_text][vc_column_text] Es una asociación sin fines de lucro que gestiona instituciones educativas públicas con el compromiso de brindar educación de calidad a los sectores excluidos y más vulnerables de la sociedad. Somos parte de la Federación Internacional de Fe y Alegría, presente en 22" />
<meta property="og:url" content="https://www.feyalegria.org/peru/quienes-somos/" />
<meta property="og:site_name" content="#SomosFeyAlegria en Perú" />
<meta property="article:modified_time" content="2020-10-21T17:02:41+00:00" />
<meta name="twitter:card" content="summary_large_image" />
<meta name="twitter:label1" content="Tiempo de lectura" />
	<meta name="twitter:data1" content="2 minutos" />
<script type="application/ld+json" class="yoast-schema-graph">{"@context":"https:\/\/schema.org","@graph":[{"@type":"WebPage","@id":"https:\/\/www.feyalegria.org\/peru\/quienes-somos\/","url":"https:\/\/www.feyalegria.org\/peru\/quienes-somos\/","name":"Quiénes Somos - #SomosFeyAlegria en Perú","isPartOf":{"@id":"https:\/\/www.feyalegria.org\/peru\/#website"},"datePublished":"2020-06-25T15:18:55+00:00","dateModified":"2020-10-21T17:02:41+00:00","breadcrumb":{"@id":"https:\/\/www.feyalegria.org\/peru\/quienes-somos\/#breadcrumb"},"inLanguage":"es","potentialAction":[{"@type":"ReadAction","target":["https:\/\/www.feyalegria.org\/peru\/quienes-somos\/"]}]},{"@type":"BreadcrumbList","@id":"https:\/\/www.feyalegria.org\/peru\/quienes-somos\/#breadcrumb","itemListElement":[{"@type":"ListItem","position":1,"name":"Home","item":"https:\/\/www.feyalegria.org\/peru\/"},{"@type":"ListItem","position":2,"name":"Quiénes Somos"}]},{"@type":"WebSite","@id":"https:\/\/www.feyalegria.org\/peru\/#website","url":"https:\/\/www.feyalegria.org\/peru\/","name":"#SomosFeyAlegria en Perú","description":"Movimiento de Educación Popular y Promoción Social","potentialAction":[{"@type":"SearchAction","target":{"@type":"EntryPoint","urlTemplate":"https:\/\/www.feyalegria.org\/peru\/?s={search_term_string}"},"query-input":{"@type":"PropertyValueSpecification","valueRequired":true,"valueName":"search_term_string"}}],"inLanguage":"es"}]}</script>
<!-- / Yoast SEO plugin. -->

Quiénes Somos - #SomosFeyAlegria en Perú

[vc_row][vc_column][vc_separator color=»custom» style=»shadow» border_width=»4&#8243; accent_color=»#0473aa»][vc_column_text] Fe y Alegría en el Perú [/vc_column_text][vc_column_text] Es una asociación sin fines de lucro que gestiona instituciones educativas públicas con el compromiso de brindar educación de calidad a los sectores excluidos y más vulnerables de la sociedad. Somos parte de la Federación Internacional de Fe y Alegría, presente en 22

#SomosFeyAlegria en Perú

Movimiento de Educación Popular y Promoción Social
