 {"id":1917,"date":"2020-09-16T10:37:04","date_gmt":"2020-09-16T15:37:04","guid":{"rendered":"https:\/\/www.feyalegria.org\/peru\/?page_id=1917"},"modified":"2020-10-22T12:16:27","modified_gmt":"2020-10-22T17:16:27","slug":"our-history","status":"publish","type":"page","link":"https:\/\/www.feyalegria.org\/peru\/en\/our-history\/","title":{"rendered":"Our History"},"content":{"rendered":"<div class=\"wpb-content-wrapper\"><p>[vc_row][vc_column][vc_separator color=\u00bbcustom\u00bb style=\u00bbshadow\u00bb accent_color=\u00bb#cc0000&#8243;]<div style=\"background-color:;height: 30px\" class=\"nicdark_section  \"><\/div>[vc_column_text]<\/p>\n<h3 style=\"text-align: lefth\"><strong><span style=\"color: #cc0000\">FE Y ALEGR\u00cdA BEGINS WHERE THE ASPHALT ENDS &#8230;<\/span><\/strong><\/h3>\n<p>[\/vc_column_text]<div style=\"background-color:;height: 30px\" class=\"nicdark_section  \"><\/div>[\/vc_column][\/vc_row][vc_row][vc_column width=\u00bb1\/3&#8243;][vc_single_image image=\u00bb416&#8243; img_size=\u00bbfull\u00bb alignment=\u00bbright\u00bb][\/vc_column][vc_column width=\u00bb2\/3&#8243;][vc_column_text css=\u00bb.vc_custom_1603386328194{padding-right: 10px !important;padding-left: 10px !important;background-color: #ededed !important;border-radius: 10px !important;}\u00bb]<\/p>\n<p>\n&nbsp;<\/p>\n<p style=\"text-align:justify\">In Per\u00fa, Fe y Alegr\u00eda began its activities in 1966 with the creation of five public schools in the poor areas that surrounded the perimeter of Lima: San Mart\u00edn de Porres (Fe y Alegr\u00eda 1 and 2), San Juan de Miraflores (Fe y Alegr\u00eda 3) and San Juan de Lurigancho (Fe y Alegr\u00eda 4 and 5).<br \/>Since then, every year Fe y Alegr\u00eda has grown thanks to the effort, work and support of thousands of Peruvians, who, through different means, have made it possible to educate thousands of boys, girls, adolescents and adults from scarce resources<\/p>\n<p>&nbsp;<\/p>\n<p>[\/vc_column_text][\/vc_column][\/vc_row][vc_row][vc_column]<div style=\"background-color:;height: 30px\" class=\"nicdark_section  \"><\/div>[vc_column_text]<\/p>\n<h3 style=\"text-align: left\"><strong><span style=\"color: #cc0000\">IN THE 70&#8217;S<\/span><\/strong><\/h3>\n<p>[\/vc_column_text]<div style=\"background-color:;height: 30px\" class=\"nicdark_section  \"><\/div>[\/vc_column][\/vc_row][vc_row][vc_column width=\u00bb2\/3&#8243;][vc_column_text css=\u00bb.vc_custom_1603386593105{padding-right: 10px !important;padding-left: 10px !important;background-color: #ededed !important;border-radius: 10px !important;}\u00bb]<\/p>\n<p>\n&nbsp;<\/p>\n<p style=\"text-align:justify\">In Fe y Alegr\u00eda the sense of identity and belonging to the popular education movement is strengthened through the deepening sense of the mission and ideology of the Fe y Alegr\u00eda Federation. In response to the needs of the country, the first schools were created in other regions:<\/p>\n<p>&nbsp;<\/p>\n<p>Fe y Alegr\u00eda 14, in the Human Settlement October 3 in Chimbote (Ancash)<br \/>Fe y Alegr\u00eda 15, in the caser\u00edo El Indio (Piura)<br \/>Fe y Alegr\u00eda 16, in el Pueblo Joven San Juan de Chimbote (Ancash)<\/p>\n<p>&nbsp;<\/p>\n<p>[\/vc_column_text][\/vc_column][vc_column width=\u00bb1\/3&#8243;][vc_single_image image=\u00bb415&#8243; img_size=\u00bbfull\u00bb css=\u00bb.vc_custom_1593710567800{border-radius: 10px !important;}\u00bb][\/vc_column][\/vc_row][vc_row][vc_column]<div style=\"background-color:;height: 30px\" class=\"nicdark_section  \"><\/div>[vc_column_text]<\/p>\n<h3 style=\"text-align: left\"><strong><span style=\"color: #cc0000\">IN THE 80\u2019S<\/span><\/strong><\/h3>\n<p>[\/vc_column_text]<div style=\"background-color:;height: 30px\" class=\"nicdark_section  \"><\/div>[\/vc_column][\/vc_row][vc_row][vc_column width=\u00bb1\/3&#8243;][vc_single_image image=\u00bb414&#8243; img_size=\u00bbfull\u00bb alignment=\u00bbright\u00bb][\/vc_column][vc_column width=\u00bb2\/3&#8243;][vc_column_text css=\u00bb.vc_custom_1603386646305{padding-right: 10px !important;padding-left: 10px !important;background-color: #ededed !important;border-radius: 10px !important;}\u00bb]<\/p>\n<p>\n&nbsp;<\/p>\n<p style=\"text-align:justify\">In this decade, we reinforced the educational quality from the training and accompaniment of directors and teachers. A path of permanent personal and professional development began for a better educational service.<\/p>\n<p>&nbsp;<\/p>\n<p>Training in and for work was prioritized from the creation and implementation of workshops. Fe y Alegr\u00eda was gradually taking shape to respond effectively to the specific needs of the communities by developing alternative curricular proposals to traditional ones.<\/p>\n<p>&nbsp;<\/p>\n<p>[\/vc_column_text][\/vc_column][\/vc_row][vc_row][vc_column]<div style=\"background-color:;height: 30px\" class=\"nicdark_section  \"><\/div>[vc_column_text]<\/p>\n<h3 style=\"text-align: left\"><strong><span style=\"color: #cc0000\">IN THE 90&#8217;S<\/span><\/strong><\/h3>\n<p>[\/vc_column_text]<div style=\"background-color:;height: 30px\" class=\"nicdark_section  \"><\/div>[\/vc_column][\/vc_row][vc_row][vc_column width=\u00bb2\/3&#8243;][vc_column_text css=\u00bb.vc_custom_1603386676305{padding-right: 10px !important;padding-left: 10px !important;background-color: #ededed !important;border-radius: 10px !important;}\u00bb]<\/p>\n<p>\n&nbsp;<\/p>\n<p style=\"text-align:justify\">Fe y Alegr\u00eda takes on the challenge of being present beyond the peripheral urban areas and undertakes a policy of diversification of educational projects. Schools are founded in the Peruvian jungle and rural educational networks are created in the Andean and Amazon areas.<\/p>\n<p>&nbsp;<\/p>\n<p style=\"text-align:justify\">Faced with the poorly attended demand for students with different educational needs, Fe y Alegr\u00eda assumes Special Basic Education with the Fe y Alegr\u00eda 42 Special Basic Education Center in the city of Chimbote (Ancash).<\/p>\n<p>&nbsp;<\/p>\n<p>[\/vc_column_text][\/vc_column][vc_column width=\u00bb1\/3&#8243;][vc_single_image image=\u00bb413&#8243; img_size=\u00bbfull\u00bb][\/vc_column][\/vc_row][vc_row][vc_column]<div style=\"background-color:;height: 30px\" class=\"nicdark_section  \"><\/div>[vc_column_text]<\/p>\n<h3 style=\"text-align: left\"><strong><span style=\"color: #cc0000\">IN THE 2000S<\/span><\/strong><\/h3>\n<p>[\/vc_column_text]<div style=\"background-color:;height: 30px\" class=\"nicdark_section  \"><\/div>[\/vc_column][\/vc_row][vc_row][vc_column width=\u00bb1\/3&#8243;][vc_single_image image=\u00bb412&#8243; img_size=\u00bbfull\u00bb alignment=\u00bbright\u00bb][\/vc_column][vc_column width=\u00bb2\/3&#8243;][vc_column_text css=\u00bb.vc_custom_1603386741825{padding-right: 10px !important;padding-left: 10px !important;background-color: #ededed !important;border-radius: 10px !important;}\u00bb]<\/p>\n<p>\n&nbsp;<\/p>\n<p style=\"text-align:justify\">Within the framework of an inclusion policy, Fe y Alegr\u00eda encourages the attention of young people and adults who could not complete their basic education studies through the Fe y Alegr\u00eda Radio Institute (IRFA), interacting through radio classes supported with self-contained material printed instructions, as well as face-to-face and remote meetings.<\/p>\n<p style=\"text-align:justify\">Fe y Alegr\u00eda joins Higher Education by creating the first Higher Technological Institutes, which train technical professionals in careers according to the labor demand, the productive world and the regional development where they are located as well as the country as a whole.<\/p>\n<p style=\"text-align:justify\">In accordance with the new pedagogical currents, Fe y Alegr\u00eda elaborates its pedagogical proposal aimed at transforming teaching practices and achieving learning for life. A stage of reflection is inaugurated in educational institutions around the proposal for training in essential values \u200b\u200band learning within the framework of comprehensive citizen training.<\/p>\n<p>&nbsp;<\/p>\n<p>[\/vc_column_text][\/vc_column][\/vc_row][vc_row][vc_column]<div style=\"background-color:;height: 30px\" class=\"nicdark_section  \"><\/div>[vc_column_text]<\/p>\n<h3 style=\"text-align: left\"><strong><span style=\"color: #cc0000\">FROM 2010 TO NOW<\/span><\/strong><\/h3>\n<p>[\/vc_column_text]<div style=\"background-color:;height: 30px\" class=\"nicdark_section  \"><\/div>[\/vc_column][\/vc_row][vc_row][vc_column width=\u00bb2\/3&#8243;][vc_column_text css=\u00bb.vc_custom_1603386859177{padding-right: 10px !important;padding-left: 10px !important;background-color: #ededed !important;border-radius: 10px !important;}\u00bb]<\/p>\n<p>\n&nbsp;<\/p>\n<p style=\"text-align:justify\">An important emphasis is  placed on management with pedagogical leadership of educational institutions, training and specializing managers.<br \/>Communication and exchange of experiences between managers in educational networks by regions is encouraged.<\/p>\n<p style=\"text-align:justify\">Fe y Alegr\u00eda strengthens the relationship with the Ministry of Education, Regional Directorates of Education and local Educational Management Units to contribute their experience and the innovations of their educational institutions.<br \/>Fe y Alegr\u00eda consolidates its image as a quality public education.<\/p>\n<p>&nbsp;<\/p>\n<p>[\/vc_column_text][\/vc_column][vc_column width=\u00bb1\/3&#8243;][vc_single_image image=\u00bb757&#8243; img_size=\u00bbfull\u00bb][\/vc_column][\/vc_row][vc_row][vc_column][vc_column_text]<\/p>\n<p style=\"text-align:justify\">Throughout these 54 years, Fe y Alegr\u00eda del Peru has grown and strengthened, expanding its scope of action in 21 regions of the country; in the three modalities of the educational system (Regular Basic, both urban and rural; Special Basic and Alternative Basic) and at the different levels (basic and higher).<br \/>Thanks to the joint work of teachers, fathers and mothers, 48 \u200b\u200breligious congregations and the Peruvian State, Fe y Alegr\u00eda del Peru continues to work with the same enthusiasm and enthusiasm to fulfill the mission started by Fr. Jos\u00e9 Mar\u00eda V\u00e9laz: \u201cTo form citizens fair, supportive and committed to the transformation of their society \u201d.<\/p>\n<p>[\/vc_column_text][\/vc_column][\/vc_row]<\/p>\n<\/div>","protected":false},"excerpt":{"rendered":"<p>[vc_row][vc_column][vc_separator color=\u00bbcustom\u00bb style=\u00bbshadow\u00bb accent_color=\u00bb#cc0000&#8243;][vc_column_text] FE Y ALEGR\u00cdA BEGINS WHERE THE ASPHALT ENDS &#8230; [\/vc_column_text][\/vc_column][\/vc_row][vc_row][vc_column width=\u00bb1\/3&#8243;][vc_single_image image=\u00bb416&#8243; img_size=\u00bbfull\u00bb alignment=\u00bbright\u00bb][\/vc_column][vc_column width=\u00bb2\/3&#8243;][vc_column_text css=\u00bb.vc_custom_1603386328194{padding-right: 10px !important;padding-left: 10px !important;background-color: #ededed !important;border-radius: 10px !important;}\u00bb] &nbsp; In Per\u00fa, Fe y Alegr\u00eda began its activities in 1966 with the creation of five public schools in the poor areas that surrounded the perimeter of<\/p>\n","protected":false},"author":11,"featured_media":0,"parent":0,"menu_order":0,"comment_status":"closed","ping_status":"closed","template":"","meta":{"_acf_changed":false,"footnotes":""},"folder":[],"class_list":["post-1917","page","type-page","status-publish","hentry"],"acf":[],"yoast_head":"<!-- This site is optimized with the Yoast SEO plugin v27.2 - https:\/\/yoast.com\/product\/yoast-seo-wordpress\/ -->\n<title>Our History - #SomosFeyAlegria en Per\u00fa<\/title>\n<meta name=\"robots\" content=\"noindex, follow, max-snippet:-1, max-image-preview:large, max-video-preview:-1\" \/>\n<meta property=\"og:locale\" content=\"es_ES\" \/>\n<meta property=\"og:type\" content=\"article\" \/>\n<meta property=\"og:title\" content=\"Our History - #SomosFeyAlegria en Per\u00fa\" \/>\n<meta property=\"og:description\" content=\"[vc_row][vc_column][vc_separator color=\u00bbcustom\u00bb style=\u00bbshadow\u00bb accent_color=\u00bb#cc0000&#8243;][vc_column_text] FE Y ALEGR\u00cdA BEGINS WHERE THE ASPHALT ENDS &#8230; [\/vc_column_text][\/vc_column][\/vc_row][vc_row][vc_column width=\u00bb1\/3&#8243;][vc_single_image image=\u00bb416&#8243; img_size=\u00bbfull\u00bb alignment=\u00bbright\u00bb][\/vc_column][vc_column width=\u00bb2\/3&#8243;][vc_column_text css=\u00bb.vc_custom_1603386328194{padding-right: 10px !important;padding-left: 10px !important;background-color: #ededed !important;border-radius: 10px !important;}\u00bb] &nbsp; In Per\u00fa, Fe y Alegr\u00eda began its activities in 1966 with the creation of five public schools in the poor areas that surrounded the perimeter of\" \/>\n<meta property=\"og:url\" content=\"https:\/\/www.feyalegria.org\/peru\/en\/our-history\/\" \/>\n<meta property=\"og:site_name\" content=\"#SomosFeyAlegria en Per\u00fa\" \/>\n<meta property=\"article:modified_time\" content=\"2020-10-22T17:16:27+00:00\" \/>\n<meta name=\"twitter:card\" content=\"summary_large_image\" \/>\n<meta name=\"twitter:label1\" content=\"Tiempo de lectura\" \/>\n\t<meta name=\"twitter:data1\" content=\"6 minutos\" \/>\n<script type=\"application\/ld+json\" class=\"yoast-schema-graph\">{\"@context\":\"https:\/\/schema.org\",\"@graph\":[{\"@type\":\"WebPage\",\"@id\":\"https:\/\/www.feyalegria.org\/peru\/en\/our-history\/\",\"url\":\"https:\/\/www.feyalegria.org\/peru\/en\/our-history\/\",\"name\":\"Our History - #SomosFeyAlegria en Per\u00fa\",\"isPartOf\":{\"@id\":\"https:\/\/www.feyalegria.org\/peru\/#website\"},\"datePublished\":\"2020-09-16T15:37:04+00:00\",\"dateModified\":\"2020-10-22T17:16:27+00:00\",\"breadcrumb\":{\"@id\":\"https:\/\/www.feyalegria.org\/peru\/en\/our-history\/#breadcrumb\"},\"inLanguage\":\"es\",\"potentialAction\":[{\"@type\":\"ReadAction\",\"target\":[\"https:\/\/www.feyalegria.org\/peru\/en\/our-history\/\"]}]},{\"@type\":\"BreadcrumbList\",\"@id\":\"https:\/\/www.feyalegria.org\/peru\/en\/our-history\/#breadcrumb\",\"itemListElement\":[{\"@type\":\"ListItem\",\"position\":1,\"name\":\"Home\",\"item\":\"https:\/\/www.feyalegria.org\/peru\/\"},{\"@type\":\"ListItem\",\"position\":2,\"name\":\"Our History\"}]},{\"@type\":\"WebSite\",\"@id\":\"https:\/\/www.feyalegria.org\/peru\/#website\",\"url\":\"https:\/\/www.feyalegria.org\/peru\/\",\"name\":\"#SomosFeyAlegria en Per\u00fa\",\"description\":\"Movimiento de Educaci\u00f3n Popular y Promoci\u00f3n Social\",\"potentialAction\":[{\"@type\":\"SearchAction\",\"target\":{\"@type\":\"EntryPoint\",\"urlTemplate\":\"https:\/\/www.feyalegria.org\/peru\/?s={search_term_string}\"},\"query-input\":{\"@type\":\"PropertyValueSpecification\",\"valueRequired\":true,\"valueName\":\"search_term_string\"}}],\"inLanguage\":\"es\"}]}<\/script>\n<!-- \/ Yoast SEO plugin. -->","yoast_head_json":{"title":"Our History - #SomosFeyAlegria en Per\u00fa","robots":{"index":"noindex","follow":"follow","max-snippet":"max-snippet:-1","max-image-preview":"max-image-preview:large","max-video-preview":"max-video-preview:-1"},"og_locale":"es_ES","og_type":"article","og_title":"Our History - #SomosFeyAlegria en Per\u00fa","og_description":"[vc_row][vc_column][vc_separator color=\u00bbcustom\u00bb style=\u00bbshadow\u00bb accent_color=\u00bb#cc0000&#8243;][vc_column_text] FE Y ALEGR\u00cdA BEGINS WHERE THE ASPHALT ENDS &#8230; [\/vc_column_text][\/vc_column][\/vc_row][vc_row][vc_column width=\u00bb1\/3&#8243;][vc_single_image image=\u00bb416&#8243; img_size=\u00bbfull\u00bb alignment=\u00bbright\u00bb][\/vc_column][vc_column width=\u00bb2\/3&#8243;][vc_column_text css=\u00bb.vc_custom_1603386328194{padding-right: 10px !important;padding-left: 10px !important;background-color: #ededed !important;border-radius: 10px !important;}\u00bb] &nbsp; In Per\u00fa, Fe y Alegr\u00eda began its activities in 1966 with the creation of five public schools in the poor areas that surrounded the perimeter of","og_url":"https:\/\/www.feyalegria.org\/peru\/en\/our-history\/","og_site_name":"#SomosFeyAlegria en Per\u00fa","article_modified_time":"2020-10-22T17:16:27+00:00","twitter_card":"summary_large_image","twitter_misc":{"Tiempo de lectura":"6 minutos"},"schema":{"@context":"https:\/\/schema.org","@graph":[{"@type":"WebPage","@id":"https:\/\/www.feyalegria.org\/peru\/en\/our-history\/","url":"https:\/\/www.feyalegria.org\/peru\/en\/our-history\/","name":"Our History - #SomosFeyAlegria en Per\u00fa","isPartOf":{"@id":"https:\/\/www.feyalegria.org\/peru\/#website"},"datePublished":"2020-09-16T15:37:04+00:00","dateModified":"2020-10-22T17:16:27+00:00","breadcrumb":{"@id":"https:\/\/www.feyalegria.org\/peru\/en\/our-history\/#breadcrumb"},"inLanguage":"es","potentialAction":[{"@type":"ReadAction","target":["https:\/\/www.feyalegria.org\/peru\/en\/our-history\/"]}]},{"@type":"BreadcrumbList","@id":"https:\/\/www.feyalegria.org\/peru\/en\/our-history\/#breadcrumb","itemListElement":[{"@type":"ListItem","position":1,"name":"Home","item":"https:\/\/www.feyalegria.org\/peru\/"},{"@type":"ListItem","position":2,"name":"Our History"}]},{"@type":"WebSite","@id":"https:\/\/www.feyalegria.org\/peru\/#website","url":"https:\/\/www.feyalegria.org\/peru\/","name":"#SomosFeyAlegria en Per\u00fa","description":"Movimiento de Educaci\u00f3n Popular y Promoci\u00f3n Social","potentialAction":[{"@type":"SearchAction","target":{"@type":"EntryPoint","urlTemplate":"https:\/\/www.feyalegria.org\/peru\/?s={search_term_string}"},"query-input":{"@type":"PropertyValueSpecification","valueRequired":true,"valueName":"search_term_string"}}],"inLanguage":"es"}]}},"_links":{"self":[{"href":"https:\/\/www.feyalegria.org\/peru\/wp-json\/wp\/v2\/pages\/1917","targetHints":{"allow":["GET"]}}],"collection":[{"href":"https:\/\/www.feyalegria.org\/peru\/wp-json\/wp\/v2\/pages"}],"about":[{"href":"https:\/\/www.feyalegria.org\/peru\/wp-json\/wp\/v2\/types\/page"}],"author":[{"embeddable":true,"href":"https:\/\/www.feyalegria.org\/peru\/wp-json\/wp\/v2\/users\/11"}],"replies":[{"embeddable":true,"href":"https:\/\/www.feyalegria.org\/peru\/wp-json\/wp\/v2\/comments?post=1917"}],"version-history":[{"count":0,"href":"https:\/\/www.feyalegria.org\/peru\/wp-json\/wp\/v2\/pages\/1917\/revisions"}],"wp:attachment":[{"href":"https:\/\/www.feyalegria.org\/peru\/wp-json\/wp\/v2\/media?parent=1917"}],"wp:term":[{"taxonomy":"folder","embeddable":true,"href":"https:\/\/www.feyalegria.org\/peru\/wp-json\/wp\/v2\/folder?post=1917"}],"curies":[{"name":"wp","href":"https:\/\/api.w.org\/{rel}","templated":true}]}}