 {"id":2056,"date":"2020-09-26T01:09:47","date_gmt":"2020-09-26T06:09:47","guid":{"rendered":"https:\/\/www.feyalegria.org\/peru\/?page_id=2056"},"modified":"2020-11-03T12:53:13","modified_gmt":"2020-11-03T17:53:13","slug":"strategic-lines","status":"publish","type":"page","link":"https:\/\/www.feyalegria.org\/peru\/en\/strategic-lines\/","title":{"rendered":"Strategic Lines"},"content":{"rendered":"<div class=\"wpb-content-wrapper\"><p>[vc_row][vc_column][vc_separator color=\u00bbcustom\u00bb style=\u00bbshadow\u00bb border_width=\u00bb4&#8243; accent_color=\u00bb#cc0000&#8243;][\/vc_column][\/vc_row][vc_row][vc_column width=\u00bb2\/3&#8243;][vc_column_text]<\/p>\n<h3 style=\"text-align: left\">Identity and Mission<\/h3>\n<p>[\/vc_column_text][vc_column_text]<\/p>\n<p align=\"left\">Fe y Alegr\u00eda is a movement for comprehensive education and social promotion. Fe y Alegr\u00eda is made up of teams with an attitude of growth and a continuous search for a response to human needs. Fe y Alegr\u00eda understands each person in an individual and multidimensional sense. Through the education, people become aware of their potential and reality, where they feel free and supported, open to transcendence and ultimately become the leader of their own development<\/p>\n<p align=\"left\">Its Identity and mission are intrinsically linked. Its identity refers to the origin of Fe y Alegr\u00eda which was born in the place of the \u201ctruly forgotten\u201d to collaborate with the satisfaction of their basic needs, including education. Its mission is based on faith that does works. In the words of Jos\u00e9 Mar\u00eda V\u00e9laz, its founder: \u201cFaith in God, in the person, and in the Community and joy for the fruit of the effort sown\u201d.<\/p>\n<p>[\/vc_column_text][\/vc_column][vc_column width=\u00bb1\/3&#8243;]<div style=\"background-color:;height: 30px\" class=\"nicdark_section  \"><\/div>[vc_single_image image=\u00bb1949&#8243; img_size=\u00bblarge\u00bb alignment=\u00bbcenter\u00bb style=\u00bbvc_box_shadow_circle_2&#8243;][\/vc_column][\/vc_row][vc_row][vc_column]<div style=\"background-color:;height: 20px\" class=\"nicdark_section  \"><\/div>[vc_separator color=\u00bbcustom\u00bb style=\u00bbshadow\u00bb border_width=\u00bb4&#8243; accent_color=\u00bb#cc0000&#8243;]<div style=\"background-color:;height: 20px\" class=\"nicdark_section  \"><\/div>[\/vc_column][\/vc_row][vc_row][vc_column width=\u00bb1\/3&#8243;]<div style=\"background-color:;height: 20px\" class=\"nicdark_section  \"><\/div>[vc_single_image image=\u00bb386&#8243; img_size=\u00bblarge\u00bb alignment=\u00bbcenter\u00bb style=\u00bbvc_box_shadow_circle_2&#8243;][\/vc_column][vc_column width=\u00bb2\/3&#8243;][vc_column_text]<\/p>\n<h3 style=\"text-align: left\"><strong><span style=\"color: #749c39\">Quality Educational Proposal<\/span><\/strong><\/h3>\n<p>[\/vc_column_text][vc_column_text]<\/p>\n<p align=\"left\"> Fe y Alegr\u00eda is committed to providing quality education. This is made possible because of its clear directionality that is expressed in an educational proposal. In a context where what is certain is permanent change, a common horizon is necessary from which to respond to the challenges that arise in the different realities where Fe y Alegr\u00eda is present.<\/p>\n<p align=\"left\">  The Fe y Alegr\u00eda educational proposal does not intend to standardize the educational institutions that comprise it, but rather it is more. It respects and encourages diversity and responsible autonomy because that is where transformations are generated. What it does is provide characteristic elements that by making synergy between them help to generate personal and social transformation in their different contexts and modalities. These are the identity, the management proposal, the pedagogical proposal, and the commitment of each person.<\/p>\n<p>[\/vc_column_text][\/vc_column][\/vc_row][vc_row][vc_column]<div style=\"background-color:;height: 20px\" class=\"nicdark_section  \"><\/div>[vc_separator color=\u00bbcustom\u00bb style=\u00bbshadow\u00bb border_width=\u00bb4&#8243; accent_color=\u00bb#cc0000&#8243;]<div style=\"background-color:;height: 20px\" class=\"nicdark_section  \"><\/div>[\/vc_column][\/vc_row][vc_row][vc_column width=\u00bb2\/3&#8243;][vc_column_text]<\/p>\n<h3 style=\"text-align: lefth\"><strong><span style=\"color: #5583bf\">Innovation and Knowledge Building<\/span><\/strong><\/h3>\n<p>[\/vc_column_text][vc_column_text]<\/p>\n<p align=\"left\">  Innovation is a goal for Fe y Alegr\u00eda. Fe Y Alegr\u00eda is aware of the multiple needs and problems of reality and is motivated by the aspiration to transform the difficult realities experienced by educational communities while promoting innovation. Facing difficulties, creating or recreating solutions, maximizing personal and material resources easily becomes a source of self-esteem and commitment to the environment.<\/p>\n<p align=\"left\"> Many times Fe y Alegr\u00eda teachers, directors, and students have shown that their innovative practices inspire others, thus encouraging the systematization of experiences and other forms of research to produce knowledge that can be shared.<\/p>\n<p>[\/vc_column_text][\/vc_column][vc_column width=\u00bb1\/3&#8243;]<div style=\"background-color:;height: 20px\" class=\"nicdark_section  \"><\/div>[vc_single_image image=\u00bb389&#8243; img_size=\u00bblarge\u00bb alignment=\u00bbcenter\u00bb style=\u00bbvc_box_shadow_circle_2&#8243;][\/vc_column][\/vc_row][vc_row][vc_column]<div style=\"background-color:;height: 20px\" class=\"nicdark_section  \"><\/div>[vc_separator color=\u00bbcustom\u00bb style=\u00bbshadow\u00bb border_width=\u00bb4&#8243; accent_color=\u00bb#cc0000&#8243;]<div style=\"background-color:;height: 20px\" class=\"nicdark_section  \"><\/div>[\/vc_column][\/vc_row][vc_row][vc_column width=\u00bb1\/3&#8243;]<div style=\"background-color:;height: 20px\" class=\"nicdark_section  \"><\/div>[vc_single_image image=\u00bb692&#8243; img_size=\u00bblarge\u00bb alignment=\u00bbcenter\u00bb style=\u00bbvc_box_shadow_circle_2&#8243;][\/vc_column][vc_column width=\u00bb2\/3&#8243;][vc_column_text]<\/p>\n<h3 style=\"text-align: lefth\"><strong><span style=\"color: #f7ac13\">Advocacy for Social Change<\/span><\/strong><\/h3>\n<p>[\/vc_column_text][vc_column_text]<\/p>\n<p align=\"left\">Fe y Alegr\u00eda seeks to radiate, in the public sphere, a quality transformative education proposal that contributes to the construction of an active and participative citizenship and the strengthen the democracy where human dignity is recognized.<\/p>\n<p align=\"left\">Fe y Alegr\u00eda influences and contributes to public educational policy with proposals developed from research and practice. In addition, it favors the right to a quality public education with an intercultural, gender, socio-environmental and citizen perspective.<br \/>Advocacy is at the roots of Fe y Alegr\u00eda with  education, to transform situations of inequality at the local, regional, national and global levels.<\/p>\n<p>&nbsp;<\/p>\n<p>[\/vc_column_text][\/vc_column][\/vc_row][vc_row][vc_column]<div style=\"background-color:;height: 20px\" class=\"nicdark_section  \"><\/div>[vc_separator color=\u00bbcustom\u00bb style=\u00bbshadow\u00bb border_width=\u00bb4&#8243; accent_color=\u00bb#cc0000&#8243;]<div style=\"background-color:;height: 20px\" class=\"nicdark_section  \"><\/div>[\/vc_column][\/vc_row]<\/p>\n<\/div>","protected":false},"excerpt":{"rendered":"<p>[vc_row][vc_column][vc_separator color=\u00bbcustom\u00bb style=\u00bbshadow\u00bb border_width=\u00bb4&#8243; accent_color=\u00bb#cc0000&#8243;][\/vc_column][\/vc_row][vc_row][vc_column width=\u00bb2\/3&#8243;][vc_column_text] Identity and Mission [\/vc_column_text][vc_column_text] Fe y Alegr\u00eda is a movement for comprehensive education and social promotion. Fe y Alegr\u00eda is made up of teams with an attitude of growth and a continuous search for a response to human needs. Fe y Alegr\u00eda understands each person in an individual and<\/p>\n","protected":false},"author":11,"featured_media":0,"parent":0,"menu_order":0,"comment_status":"closed","ping_status":"closed","template":"","meta":{"_acf_changed":false,"footnotes":""},"folder":[],"class_list":["post-2056","page","type-page","status-publish","hentry"],"acf":[],"yoast_head":"<!-- This site is optimized with the Yoast SEO plugin v27.2 - https:\/\/yoast.com\/product\/yoast-seo-wordpress\/ -->\n<title>Strategic Lines - #SomosFeyAlegria en Per\u00fa<\/title>\n<meta name=\"robots\" content=\"noindex, follow, max-snippet:-1, max-image-preview:large, max-video-preview:-1\" \/>\n<meta property=\"og:locale\" content=\"es_ES\" \/>\n<meta property=\"og:type\" content=\"article\" \/>\n<meta property=\"og:title\" content=\"Strategic Lines - #SomosFeyAlegria en Per\u00fa\" \/>\n<meta property=\"og:description\" content=\"[vc_row][vc_column][vc_separator color=\u00bbcustom\u00bb style=\u00bbshadow\u00bb border_width=\u00bb4&#8243; accent_color=\u00bb#cc0000&#8243;][\/vc_column][\/vc_row][vc_row][vc_column width=\u00bb2\/3&#8243;][vc_column_text] Identity and Mission [\/vc_column_text][vc_column_text] Fe y Alegr\u00eda is a movement for comprehensive education and social promotion. Fe y Alegr\u00eda is made up of teams with an attitude of growth and a continuous search for a response to human needs. Fe y Alegr\u00eda understands each person in an individual and\" \/>\n<meta property=\"og:url\" content=\"https:\/\/www.feyalegria.org\/peru\/en\/strategic-lines\/\" \/>\n<meta property=\"og:site_name\" content=\"#SomosFeyAlegria en Per\u00fa\" \/>\n<meta property=\"article:modified_time\" content=\"2020-11-03T17:53:13+00:00\" \/>\n<meta name=\"twitter:card\" content=\"summary_large_image\" \/>\n<meta name=\"twitter:label1\" content=\"Tiempo de lectura\" \/>\n\t<meta name=\"twitter:data1\" content=\"4 minutos\" \/>\n<script type=\"application\/ld+json\" class=\"yoast-schema-graph\">{\"@context\":\"https:\/\/schema.org\",\"@graph\":[{\"@type\":\"WebPage\",\"@id\":\"https:\/\/www.feyalegria.org\/peru\/en\/strategic-lines\/\",\"url\":\"https:\/\/www.feyalegria.org\/peru\/en\/strategic-lines\/\",\"name\":\"Strategic Lines - #SomosFeyAlegria en Per\u00fa\",\"isPartOf\":{\"@id\":\"https:\/\/www.feyalegria.org\/peru\/#website\"},\"datePublished\":\"2020-09-26T06:09:47+00:00\",\"dateModified\":\"2020-11-03T17:53:13+00:00\",\"breadcrumb\":{\"@id\":\"https:\/\/www.feyalegria.org\/peru\/en\/strategic-lines\/#breadcrumb\"},\"inLanguage\":\"es\",\"potentialAction\":[{\"@type\":\"ReadAction\",\"target\":[\"https:\/\/www.feyalegria.org\/peru\/en\/strategic-lines\/\"]}]},{\"@type\":\"BreadcrumbList\",\"@id\":\"https:\/\/www.feyalegria.org\/peru\/en\/strategic-lines\/#breadcrumb\",\"itemListElement\":[{\"@type\":\"ListItem\",\"position\":1,\"name\":\"Home\",\"item\":\"https:\/\/www.feyalegria.org\/peru\/\"},{\"@type\":\"ListItem\",\"position\":2,\"name\":\"Strategic Lines\"}]},{\"@type\":\"WebSite\",\"@id\":\"https:\/\/www.feyalegria.org\/peru\/#website\",\"url\":\"https:\/\/www.feyalegria.org\/peru\/\",\"name\":\"#SomosFeyAlegria en Per\u00fa\",\"description\":\"Movimiento de Educaci\u00f3n Popular y Promoci\u00f3n Social\",\"potentialAction\":[{\"@type\":\"SearchAction\",\"target\":{\"@type\":\"EntryPoint\",\"urlTemplate\":\"https:\/\/www.feyalegria.org\/peru\/?s={search_term_string}\"},\"query-input\":{\"@type\":\"PropertyValueSpecification\",\"valueRequired\":true,\"valueName\":\"search_term_string\"}}],\"inLanguage\":\"es\"}]}<\/script>\n<!-- \/ Yoast SEO plugin. -->","yoast_head_json":{"title":"Strategic Lines - #SomosFeyAlegria en Per\u00fa","robots":{"index":"noindex","follow":"follow","max-snippet":"max-snippet:-1","max-image-preview":"max-image-preview:large","max-video-preview":"max-video-preview:-1"},"og_locale":"es_ES","og_type":"article","og_title":"Strategic Lines - #SomosFeyAlegria en Per\u00fa","og_description":"[vc_row][vc_column][vc_separator color=\u00bbcustom\u00bb style=\u00bbshadow\u00bb border_width=\u00bb4&#8243; accent_color=\u00bb#cc0000&#8243;][\/vc_column][\/vc_row][vc_row][vc_column width=\u00bb2\/3&#8243;][vc_column_text] Identity and Mission [\/vc_column_text][vc_column_text] Fe y Alegr\u00eda is a movement for comprehensive education and social promotion. Fe y Alegr\u00eda is made up of teams with an attitude of growth and a continuous search for a response to human needs. Fe y Alegr\u00eda understands each person in an individual and","og_url":"https:\/\/www.feyalegria.org\/peru\/en\/strategic-lines\/","og_site_name":"#SomosFeyAlegria en Per\u00fa","article_modified_time":"2020-11-03T17:53:13+00:00","twitter_card":"summary_large_image","twitter_misc":{"Tiempo de lectura":"4 minutos"},"schema":{"@context":"https:\/\/schema.org","@graph":[{"@type":"WebPage","@id":"https:\/\/www.feyalegria.org\/peru\/en\/strategic-lines\/","url":"https:\/\/www.feyalegria.org\/peru\/en\/strategic-lines\/","name":"Strategic Lines - #SomosFeyAlegria en Per\u00fa","isPartOf":{"@id":"https:\/\/www.feyalegria.org\/peru\/#website"},"datePublished":"2020-09-26T06:09:47+00:00","dateModified":"2020-11-03T17:53:13+00:00","breadcrumb":{"@id":"https:\/\/www.feyalegria.org\/peru\/en\/strategic-lines\/#breadcrumb"},"inLanguage":"es","potentialAction":[{"@type":"ReadAction","target":["https:\/\/www.feyalegria.org\/peru\/en\/strategic-lines\/"]}]},{"@type":"BreadcrumbList","@id":"https:\/\/www.feyalegria.org\/peru\/en\/strategic-lines\/#breadcrumb","itemListElement":[{"@type":"ListItem","position":1,"name":"Home","item":"https:\/\/www.feyalegria.org\/peru\/"},{"@type":"ListItem","position":2,"name":"Strategic Lines"}]},{"@type":"WebSite","@id":"https:\/\/www.feyalegria.org\/peru\/#website","url":"https:\/\/www.feyalegria.org\/peru\/","name":"#SomosFeyAlegria en Per\u00fa","description":"Movimiento de Educaci\u00f3n Popular y Promoci\u00f3n Social","potentialAction":[{"@type":"SearchAction","target":{"@type":"EntryPoint","urlTemplate":"https:\/\/www.feyalegria.org\/peru\/?s={search_term_string}"},"query-input":{"@type":"PropertyValueSpecification","valueRequired":true,"valueName":"search_term_string"}}],"inLanguage":"es"}]}},"_links":{"self":[{"href":"https:\/\/www.feyalegria.org\/peru\/wp-json\/wp\/v2\/pages\/2056","targetHints":{"allow":["GET"]}}],"collection":[{"href":"https:\/\/www.feyalegria.org\/peru\/wp-json\/wp\/v2\/pages"}],"about":[{"href":"https:\/\/www.feyalegria.org\/peru\/wp-json\/wp\/v2\/types\/page"}],"author":[{"embeddable":true,"href":"https:\/\/www.feyalegria.org\/peru\/wp-json\/wp\/v2\/users\/11"}],"replies":[{"embeddable":true,"href":"https:\/\/www.feyalegria.org\/peru\/wp-json\/wp\/v2\/comments?post=2056"}],"version-history":[{"count":0,"href":"https:\/\/www.feyalegria.org\/peru\/wp-json\/wp\/v2\/pages\/2056\/revisions"}],"wp:attachment":[{"href":"https:\/\/www.feyalegria.org\/peru\/wp-json\/wp\/v2\/media?parent=2056"}],"wp:term":[{"taxonomy":"folder","embeddable":true,"href":"https:\/\/www.feyalegria.org\/peru\/wp-json\/wp\/v2\/folder?post=2056"}],"curies":[{"name":"wp","href":"https:\/\/api.w.org\/{rel}","templated":true}]}}