 {"id":607,"date":"2020-07-10T15:04:02","date_gmt":"2020-07-10T20:04:02","guid":{"rendered":"https:\/\/www.feyalegria.org\/peru\/?page_id=607"},"modified":"2020-10-07T09:31:41","modified_gmt":"2020-10-07T14:31:41","slug":"quiero-colaborar","status":"publish","type":"page","link":"https:\/\/www.feyalegria.org\/peru\/quiero-colaborar\/","title":{"rendered":"Quiero colaborar"},"content":{"rendered":"<div class=\"wpb-content-wrapper\"><p>[vc_row][vc_column]\n\t\t\t\t<p class=\"rs-p-wp-fix\"><\/p>\n\t\t\t\t<sr7-module data-alias=\"quiero-colaborar\" data-id=\"11\" id=\"SR7_11_1\" data-version=\"6.7.54\">\n\t\t\t\t\t<sr7-adjuster><\/sr7-adjuster>\n\t\t\t\t\t<sr7-content>\n\t\t\t\t\t\t<sr7-slide id=\"SR7_11_1-39\" data-key=\"39\">\n\t\t\t\t\t\t\t<sr7-bg id=\"SR7_11_1-39-slidebg\" class=\"sr7-layer\"><noscript><img decoding=\"async\" src=\"https:\/\/d3pugrm67vf9n7.cloudfront.net\/wp-content\/uploads\/sites\/7\/2020\/10\/14150027\/Banner-Colabora.jpg\" alt=\"\" title=\"Banner Colabora\"><\/noscript><\/sr7-bg>\n\t\t\t\t\t\t<\/sr7-slide>\n\t\t\t\t\t\t<sr7-slide id=\"SR7_11_1-52\" data-key=\"52\">\n\t\t\t\t\t\t<\/sr7-slide>\n\t\t\t\t\t<\/sr7-content>\n\t\t\t\t<\/sr7-module>\n\t\t\t\t<script>\n\t\t\t\t\twindow.SR7 ??={};SR7.PMH ??={}; SR7.PMH[\"SR7_11_1\"] = {cn:100,state:false,fn: function() { if (window._tpt!==undefined && window._tpt.prepareModuleHeight !== undefined) {  _tpt.prepareModuleHeight({id:\"SR7_11_1\",el:[350,768,400,400],type:'standard',shdw:'0',gh:[350,350,400,400],gw:[1240,1024,778,480],vpt:['-200px'],size:{fullWidth:true, fullHeight:false},mh:'0',onh:0,onw:0,bg:{color:'transparent'},plType:'0',plColor:'#cc0000'});   SR7.PMH[\"SR7_11_1\"].state=true;} else if(SR7.PMH[\"SR7_11_1\"].cn-->0)\tsetTimeout( SR7.PMH[\"SR7_11_1\"].fn,19);}};SR7.PMH[\"SR7_11_1\" ].fn();\n\t\t\t\t<\/script>\n<div style=\"background-color:;height: 40px\" class=\"nicdark_section  \"><\/div>[\/vc_column][\/vc_row][vc_row][vc_column width=\u00bb1\/6&#8243;][\/vc_column][vc_column width=\u00bb4\/6&#8243;][vc_column_text]<\/p>\n<p style=\"font-size: 1.5em; line-height: 1.6em; text-align: center;\">T&uacute; puedes hacer que m\u00e1s ni\u00f1as, ni\u00f1os, j&oacute;venes y adultos reciban una educaci&oacute;n p&uacute;blica de calidad. <span class=\"fa_brand_color\">Colabora con Fe y Alegr&iacute;a<\/span> y ay&uacute;danos a seguir formando ciudadanos de bien para un Per&uacute; mejor.<\/p>\n<p>[\/vc_column_text][\/vc_column][vc_column width=\u00bb1\/6&#8243;][\/vc_column][\/vc_row][vc_row][vc_column][vc_wp_text]<br \/>\n[fa_donaciones_home][\/vc_wp_text]<div style=\"background-color:;height: 50px\" class=\"nicdark_section  \"><\/div>[\/vc_column][\/vc_row][vc_row css=\u00bb.vc_custom_1601564205031{background-color: #f3f3f3 !important;}\u00bb][vc_column][vc_column_text]<\/p>\n<h3 style=\"text-align: left\">\u00daNETE DESDE TU BANCO<\/h3>\n<p>[\/vc_column_text][\/vc_column][\/vc_row][vc_row css=\u00bb.vc_custom_1601916532202{margin-top: 0px !important;margin-bottom: 0px !important;border-bottom-width: 0px !important;padding-top: 0px !important;padding-right: 0px !important;padding-bottom: 0px !important;padding-left: 0px !important;background-color: #f9f9f9 !important;}\u00bb][vc_column width=\u00bb1\/6&#8243; css=\u00bb.vc_custom_1596820351255{padding-top: 0px !important;padding-right: 0px !important;padding-bottom: 0px !important;padding-left: 0px !important;}\u00bb][\/vc_column][vc_column width=\u00bb4\/6&#8243;][vc_tta_tabs active_section=\u00bb1&#8243;][vc_tta_section title=\u00bbBANCO DE CR\u00c9DITO\u00bb tab_id=\u00bb1601563084794-923ae63b-f32f\u00bb][vc_empty_space height=\u00bb15px\u00bb][vc_column_text]<\/p>\n<p><strong>CUENTA CORRIENTE SOLES<\/strong><br \/>\nN\u00daMERO DE CUENTA 191-0222222-0-66<br \/>\nCCI 00219100022222206653<\/p>\n<p>[\/vc_column_text][vc_empty_space height=\u00bb15px\u00bb][vc_column_text]<\/p>\n<p><strong>CUENTA CORRIENTE DOLARES<\/strong><br \/>\nN\u00daMERO DE CUENTA 193-09629067-1-28<br \/>\nCCI 00219310962906712815<\/p>\n<p>[\/vc_column_text][\/vc_tta_section][vc_tta_section title=\u00bbBANCO CONTINENTAL\u00bb tab_id=\u00bb1601563084814-67b4dc98-6149&#8243;][vc_empty_space height=\u00bb15px\u00bb][vc_column_text]<\/p>\n<p><strong>CUENTA CORRIENTE SOLES<\/strong><br \/>\nN\u00daMERO DE CUENTA 0011-0661-0100000541-61<br \/>\nCCI 011 661 000100000541 61<\/p>\n<p>[\/vc_column_text][vc_empty_space height=\u00bb15px\u00bb][vc_column_text]<\/p>\n<p><strong>CUENTA CORRIENTE DOLARES<\/strong><br \/>\nN\u00daMERO DE CUENTA 0011-0661-0100023401-61<br \/>\nCCI 011 661 000100023401 61<\/p>\n<p>[\/vc_column_text][\/vc_tta_section][vc_tta_section title=\u00bbSCOTIABANK\u00bb tab_id=\u00bb1601563115891-e8516b68-3b8c\u00bb][vc_empty_space height=\u00bb15px\u00bb][vc_column_text]<\/p>\n<p><strong>CUENTA CORRIENTE SOLES<\/strong><br \/>\nN\u00daMERO DE CUENTA 000-3585123<br \/>\nCCI 009-010-000003585123-07<\/p>\n<p>[\/vc_column_text][vc_empty_space height=\u00bb15px\u00bb][vc_column_text]<\/p>\n<p><strong>CUENTA CORRIENTE DOLARES<\/strong><br \/>\nN\u00daMERO DE CUENTA 000-2474311<br \/>\nCCI 009-170-000002474311-24<\/p>\n<p>[\/vc_column_text][\/vc_tta_section][vc_tta_section title=\u00bbINTERBANK\u00bb tab_id=\u00bb1601563130153-1b45e622-9f47&#8243;][vc_empty_space height=\u00bb15px\u00bb][vc_column_text]<\/p>\n<p><strong>CUENTA CORRIENTE SOLES<\/strong><br \/>\nN\u00daMERO DE CUENTA 200-3000211778<br \/>\nCCI 003-200-003000211778-33<\/p>\n<p>[\/vc_column_text][\/vc_tta_section][\/vc_tta_tabs][vc_row_inner][vc_column_inner][vc_empty_space height=\u00bb50px\u00bb][\/vc_column_inner][\/vc_row_inner][\/vc_column][vc_column width=\u00bb1\/6&#8243;][\/vc_column][\/vc_row][vc_row][vc_column][vc_empty_space height=\u00bb30px\u00bb][\/vc_column][\/vc_row][vc_row full_width=\u00bbstretch_row_content\u00bb css=\u00bb.vc_custom_1601754245046{padding-top: 30px !important;padding-right: 20px !important;padding-bottom: 30px !important;padding-left: 20px !important;background-color: #898989 !important;}\u00bb][vc_column][vc_column_text]<\/p>\n<p style=\"color: white; text-align: center;\">Su donaci\u00f3n es deducible de acuerdo a la ley vigente. Resoluci\u00f3n de Intendencia SUNAT 0230050216330 \/ RUC 20145915326<\/p>\n<p style=\"color: white; text-align: center;\">Si deseas recibir un certificado de donaci\u00f3n, escribanos a peru@feyalegria.org<\/p>\n<p>[\/vc_column_text][\/vc_column][\/vc_row][vc_row][vc_column][vc_empty_space height=\u00bb30px\u00bb][\/vc_column][\/vc_row]<\/p>\n<\/div>","protected":false},"excerpt":{"rendered":"<p>[vc_row][vc_column][\/vc_column][\/vc_row][vc_row][vc_column width=\u00bb1\/6&#8243;][\/vc_column][vc_column width=\u00bb4\/6&#8243;][vc_column_text] T&uacute; puedes hacer que m\u00e1s ni\u00f1as, ni\u00f1os, j&oacute;venes y adultos reciban una educaci&oacute;n p&uacute;blica de calidad. Colabora con Fe y Alegr&iacute;a y ay&uacute;danos a seguir formando ciudadanos de bien para un Per&uacute; mejor. [\/vc_column_text][\/vc_column][vc_column width=\u00bb1\/6&#8243;][\/vc_column][\/vc_row][vc_row][vc_column][vc_wp_text] [fa_donaciones_home][\/vc_wp_text][\/vc_column][\/vc_row][vc_row css=\u00bb.vc_custom_1601564205031{background-color: #f3f3f3 !important;}\u00bb][vc_column][vc_column_text] \u00daNETE DESDE TU BANCO [\/vc_column_text][\/vc_column][\/vc_row][vc_row css=\u00bb.vc_custom_1601916532202{margin-top: 0px !important;margin-bottom: 0px !important;border-bottom-width: 0px !important;padding-top: 0px<\/p>\n","protected":false},"author":11,"featured_media":0,"parent":0,"menu_order":0,"comment_status":"closed","ping_status":"closed","template":"","meta":{"_acf_changed":false,"footnotes":""},"folder":[],"class_list":["post-607","page","type-page","status-publish","hentry"],"acf":[],"yoast_head":"<!-- This site is optimized with the Yoast SEO plugin v27.4 - https:\/\/yoast.com\/product\/yoast-seo-wordpress\/ -->\n<title>Quiero colaborar - #SomosFeyAlegria en Per\u00fa<\/title>\n<meta name=\"robots\" content=\"noindex, follow, max-snippet:-1, max-image-preview:large, max-video-preview:-1\" \/>\n<meta property=\"og:locale\" content=\"es_ES\" \/>\n<meta property=\"og:type\" content=\"article\" \/>\n<meta property=\"og:title\" content=\"Quiero colaborar - #SomosFeyAlegria en Per\u00fa\" \/>\n<meta property=\"og:description\" content=\"[vc_row][vc_column][\/vc_column][\/vc_row][vc_row][vc_column width=\u00bb1\/6&#8243;][\/vc_column][vc_column width=\u00bb4\/6&#8243;][vc_column_text] T&uacute; puedes hacer que m\u00e1s ni\u00f1as, ni\u00f1os, j&oacute;venes y adultos reciban una educaci&oacute;n p&uacute;blica de calidad. Colabora con Fe y Alegr&iacute;a y ay&uacute;danos a seguir formando ciudadanos de bien para un Per&uacute; mejor. [\/vc_column_text][\/vc_column][vc_column width=\u00bb1\/6&#8243;][\/vc_column][\/vc_row][vc_row][vc_column][vc_wp_text] [fa_donaciones_home][\/vc_wp_text][\/vc_column][\/vc_row][vc_row css=\u00bb.vc_custom_1601564205031{background-color: #f3f3f3 !important;}\u00bb][vc_column][vc_column_text] \u00daNETE DESDE TU BANCO [\/vc_column_text][\/vc_column][\/vc_row][vc_row css=\u00bb.vc_custom_1601916532202{margin-top: 0px !important;margin-bottom: 0px !important;border-bottom-width: 0px !important;padding-top: 0px\" \/>\n<meta property=\"og:url\" content=\"https:\/\/www.feyalegria.org\/peru\/quiero-colaborar\/\" \/>\n<meta property=\"og:site_name\" content=\"#SomosFeyAlegria en Per\u00fa\" \/>\n<meta property=\"article:modified_time\" content=\"2020-10-07T14:31:41+00:00\" \/>\n<meta name=\"twitter:card\" content=\"summary_large_image\" \/>\n<meta name=\"twitter:label1\" content=\"Tiempo de lectura\" \/>\n\t<meta name=\"twitter:data1\" content=\"3 minutos\" \/>\n<script type=\"application\/ld+json\" class=\"yoast-schema-graph\">{\"@context\":\"https:\\\/\\\/schema.org\",\"@graph\":[{\"@type\":\"WebPage\",\"@id\":\"https:\\\/\\\/www.feyalegria.org\\\/peru\\\/quiero-colaborar\\\/\",\"url\":\"https:\\\/\\\/www.feyalegria.org\\\/peru\\\/quiero-colaborar\\\/\",\"name\":\"Quiero colaborar - #SomosFeyAlegria en Per\u00fa\",\"isPartOf\":{\"@id\":\"https:\\\/\\\/www.feyalegria.org\\\/peru\\\/#website\"},\"datePublished\":\"2020-07-10T20:04:02+00:00\",\"dateModified\":\"2020-10-07T14:31:41+00:00\",\"breadcrumb\":{\"@id\":\"https:\\\/\\\/www.feyalegria.org\\\/peru\\\/quiero-colaborar\\\/#breadcrumb\"},\"inLanguage\":\"es\",\"potentialAction\":[{\"@type\":\"ReadAction\",\"target\":[\"https:\\\/\\\/www.feyalegria.org\\\/peru\\\/quiero-colaborar\\\/\"]}]},{\"@type\":\"BreadcrumbList\",\"@id\":\"https:\\\/\\\/www.feyalegria.org\\\/peru\\\/quiero-colaborar\\\/#breadcrumb\",\"itemListElement\":[{\"@type\":\"ListItem\",\"position\":1,\"name\":\"Home\",\"item\":\"https:\\\/\\\/www.feyalegria.org\\\/peru\\\/\"},{\"@type\":\"ListItem\",\"position\":2,\"name\":\"Quiero colaborar\"}]},{\"@type\":\"WebSite\",\"@id\":\"https:\\\/\\\/www.feyalegria.org\\\/peru\\\/#website\",\"url\":\"https:\\\/\\\/www.feyalegria.org\\\/peru\\\/\",\"name\":\"#SomosFeyAlegria en Per\u00fa\",\"description\":\"Movimiento de Educaci\u00f3n Popular y Promoci\u00f3n Social\",\"potentialAction\":[{\"@type\":\"SearchAction\",\"target\":{\"@type\":\"EntryPoint\",\"urlTemplate\":\"https:\\\/\\\/www.feyalegria.org\\\/peru\\\/?s={search_term_string}\"},\"query-input\":{\"@type\":\"PropertyValueSpecification\",\"valueRequired\":true,\"valueName\":\"search_term_string\"}}],\"inLanguage\":\"es\"}]}<\/script>\n<!-- \/ Yoast SEO plugin. -->","yoast_head_json":{"title":"Quiero colaborar - #SomosFeyAlegria en Per\u00fa","robots":{"index":"noindex","follow":"follow","max-snippet":"max-snippet:-1","max-image-preview":"max-image-preview:large","max-video-preview":"max-video-preview:-1"},"og_locale":"es_ES","og_type":"article","og_title":"Quiero colaborar - #SomosFeyAlegria en Per\u00fa","og_description":"[vc_row][vc_column][\/vc_column][\/vc_row][vc_row][vc_column width=\u00bb1\/6&#8243;][\/vc_column][vc_column width=\u00bb4\/6&#8243;][vc_column_text] T&uacute; puedes hacer que m\u00e1s ni\u00f1as, ni\u00f1os, j&oacute;venes y adultos reciban una educaci&oacute;n p&uacute;blica de calidad. Colabora con Fe y Alegr&iacute;a y ay&uacute;danos a seguir formando ciudadanos de bien para un Per&uacute; mejor. [\/vc_column_text][\/vc_column][vc_column width=\u00bb1\/6&#8243;][\/vc_column][\/vc_row][vc_row][vc_column][vc_wp_text] [fa_donaciones_home][\/vc_wp_text][\/vc_column][\/vc_row][vc_row css=\u00bb.vc_custom_1601564205031{background-color: #f3f3f3 !important;}\u00bb][vc_column][vc_column_text] \u00daNETE DESDE TU BANCO [\/vc_column_text][\/vc_column][\/vc_row][vc_row css=\u00bb.vc_custom_1601916532202{margin-top: 0px !important;margin-bottom: 0px !important;border-bottom-width: 0px !important;padding-top: 0px","og_url":"https:\/\/www.feyalegria.org\/peru\/quiero-colaborar\/","og_site_name":"#SomosFeyAlegria en Per\u00fa","article_modified_time":"2020-10-07T14:31:41+00:00","twitter_card":"summary_large_image","twitter_misc":{"Tiempo de lectura":"3 minutos"},"schema":{"@context":"https:\/\/schema.org","@graph":[{"@type":"WebPage","@id":"https:\/\/www.feyalegria.org\/peru\/quiero-colaborar\/","url":"https:\/\/www.feyalegria.org\/peru\/quiero-colaborar\/","name":"Quiero colaborar - #SomosFeyAlegria en Per\u00fa","isPartOf":{"@id":"https:\/\/www.feyalegria.org\/peru\/#website"},"datePublished":"2020-07-10T20:04:02+00:00","dateModified":"2020-10-07T14:31:41+00:00","breadcrumb":{"@id":"https:\/\/www.feyalegria.org\/peru\/quiero-colaborar\/#breadcrumb"},"inLanguage":"es","potentialAction":[{"@type":"ReadAction","target":["https:\/\/www.feyalegria.org\/peru\/quiero-colaborar\/"]}]},{"@type":"BreadcrumbList","@id":"https:\/\/www.feyalegria.org\/peru\/quiero-colaborar\/#breadcrumb","itemListElement":[{"@type":"ListItem","position":1,"name":"Home","item":"https:\/\/www.feyalegria.org\/peru\/"},{"@type":"ListItem","position":2,"name":"Quiero colaborar"}]},{"@type":"WebSite","@id":"https:\/\/www.feyalegria.org\/peru\/#website","url":"https:\/\/www.feyalegria.org\/peru\/","name":"#SomosFeyAlegria en Per\u00fa","description":"Movimiento de Educaci\u00f3n Popular y Promoci\u00f3n Social","potentialAction":[{"@type":"SearchAction","target":{"@type":"EntryPoint","urlTemplate":"https:\/\/www.feyalegria.org\/peru\/?s={search_term_string}"},"query-input":{"@type":"PropertyValueSpecification","valueRequired":true,"valueName":"search_term_string"}}],"inLanguage":"es"}]}},"_links":{"self":[{"href":"https:\/\/www.feyalegria.org\/peru\/wp-json\/wp\/v2\/pages\/607","targetHints":{"allow":["GET"]}}],"collection":[{"href":"https:\/\/www.feyalegria.org\/peru\/wp-json\/wp\/v2\/pages"}],"about":[{"href":"https:\/\/www.feyalegria.org\/peru\/wp-json\/wp\/v2\/types\/page"}],"author":[{"embeddable":true,"href":"https:\/\/www.feyalegria.org\/peru\/wp-json\/wp\/v2\/users\/11"}],"replies":[{"embeddable":true,"href":"https:\/\/www.feyalegria.org\/peru\/wp-json\/wp\/v2\/comments?post=607"}],"version-history":[{"count":0,"href":"https:\/\/www.feyalegria.org\/peru\/wp-json\/wp\/v2\/pages\/607\/revisions"}],"wp:attachment":[{"href":"https:\/\/www.feyalegria.org\/peru\/wp-json\/wp\/v2\/media?parent=607"}],"wp:term":[{"taxonomy":"folder","embeddable":true,"href":"https:\/\/www.feyalegria.org\/peru\/wp-json\/wp\/v2\/folder?post=607"}],"curies":[{"name":"wp","href":"https:\/\/api.w.org\/{rel}","templated":true}]}}