 {"id":810,"date":"2020-07-17T11:59:25","date_gmt":"2020-07-17T16:59:25","guid":{"rendered":"https:\/\/www.feyalegria.org\/peru\/?page_id=810"},"modified":"2020-11-03T15:20:25","modified_gmt":"2020-11-03T20:20:25","slug":"innovacion","status":"publish","type":"page","link":"https:\/\/www.feyalegria.org\/peru\/innovacion\/","title":{"rendered":"L\u00edneas Estrat\u00e9gicas"},"content":{"rendered":"<div class=\"wpb-content-wrapper\"><p>[vc_row][vc_column][vc_separator color=\u00bbcustom\u00bb style=\u00bbshadow\u00bb border_width=\u00bb4&#8243; accent_color=\u00bb#cc0000&#8243;][\/vc_column][\/vc_row][vc_row][vc_column width=\u00bb2\/3&#8243;][vc_column_text]<\/p>\n<h3 style=\"text-align: lefth\"><strong><span style=\"color: #0473aa\">Innovaci\u00f3n y Construcci\u00f3n de Conocimiento<\/span><\/strong><\/h3>\n<p>[\/vc_column_text][vc_column_text]<\/p>\n<p align=\"left\">  La innovaci\u00f3n es para Fe y Alegr\u00eda un objetivo. Consciente de las m\u00faltiples necesidades y problemas de la realidad y motivada por la aspiraci\u00f3n de transformar las dif\u00edciles realidades que viven las comunidades educativas, Fe y Alegr\u00eda promueve la innovaci\u00f3n. Afrontar las dificultades, crear o recrear soluciones, potenciar al m\u00e1ximo los recursos personales y los materiales, todo ello se convierte en fuente de autoestima y de compromiso con el entorno.<\/p>\n<p align=\"left\">  Los maestros y maestras de Fe y Alegr\u00eda, los directivos y estudiantes han mostrado muchas veces que sus pr\u00e1cticas innovadoras sirven de inspiraci\u00f3n a otros, por lo que se estimula la sistematizaci\u00f3n de experiencias y otras formas de investigaci\u00f3n para producir conocimiento que se pueda compartir.<\/p>\n<p>[\/vc_column_text][\/vc_column][vc_column width=\u00bb1\/3&#8243;]<div style=\"background-color:;height: 20px\" class=\"nicdark_section  \"><\/div>[vc_single_image image=\u00bb389&#8243; img_size=\u00bblarge\u00bb alignment=\u00bbcenter\u00bb style=\u00bbvc_box_shadow_circle_2&#8243;][\/vc_column][\/vc_row][vc_row][vc_column]<div style=\"background-color:;height: 20px\" class=\"nicdark_section  \"><\/div>[vc_separator color=\u00bbcustom\u00bb style=\u00bbshadow\u00bb border_width=\u00bb4&#8243; accent_color=\u00bb#cc0000&#8243;]<div style=\"background-color:;height: 20px\" class=\"nicdark_section  \"><\/div>[\/vc_column][\/vc_row][vc_row][vc_column width=\u00bb1\/3&#8243;]<div style=\"background-color:;height: 20px\" class=\"nicdark_section  \"><\/div>[vc_single_image image=\u00bb386&#8243; img_size=\u00bblarge\u00bb alignment=\u00bbcenter\u00bb style=\u00bbvc_box_shadow_circle_2&#8243;][\/vc_column][vc_column width=\u00bb2\/3&#8243;][vc_column_text]<\/p>\n<h3 style=\"text-align: lefth\"><strong><span style=\"color: #00a32e\">Propuesta Educativa de Calidad<\/span><\/strong><\/h3>\n<p>[\/vc_column_text][vc_column_text]<\/p>\n<p align=\"left\"> Fe y Alegr\u00eda est\u00e1 empe\u00f1ada en brindar educaci\u00f3n de calidad. Esto es posible porque tiene una direccionalidad clara que se expresa en una propuesta educativa. En un contexto donde lo seguro es el permanente cambio, se hace necesario un horizonte com\u00fan desde el cual se d\u00e9 respuesta a los desaf\u00edos que se presentan en las diferentes realidades donde Fe y Alegr\u00eda est\u00e1 presente.<\/p>\n<p align=\"left\">  La propuesta educativa de Fe y Alegr\u00eda no pretende uniformizar a las instituciones educativas que la conforman. Es m\u00e1s, respeta y alienta la diversidad y la autonom\u00eda responsable, porque es desde all\u00ed que se generan las transformaciones. Para ello, proporciona elementos caracter\u00edsticos que, al hacer sinergia entre ellos, ayudan a generar la transformaci\u00f3n personal y social en sus diferentes contextos y modalidades. Estos elementos son la identidad, la propuesta de gesti\u00f3n, la propuesta pedag\u00f3gica y el compromiso de sus actores.<\/p>\n<p>[\/vc_column_text][\/vc_column][\/vc_row][vc_row][vc_column]<div style=\"background-color:;height: 20px\" class=\"nicdark_section  \"><\/div>[vc_separator color=\u00bbcustom\u00bb style=\u00bbshadow\u00bb border_width=\u00bb4&#8243; accent_color=\u00bb#cc0000&#8243;]<div style=\"background-color:;height: 20px\" class=\"nicdark_section  \"><\/div>[\/vc_column][\/vc_row][vc_row][vc_column width=\u00bb2\/3&#8243;][vc_column_text]<\/p>\n<h3 style=\"text-align: lefth\"><strong><span style=\"color: #cc0000\">Identidad y Misi\u00f3n<\/span><\/strong><\/h3>\n<p>[\/vc_column_text][vc_column_text]<\/p>\n<p align=\"left\">Fe y Alegr\u00eda es un movimiento de educaci\u00f3n popular integral y de promoci\u00f3n social conformado por equipos en actitud de crecimiento, autocr\u00edtica y b\u00fasqueda permanente de respuesta a las necesidades humanas. Comprende a la persona en sentido integral y multidimensional. Por medio de la educaci\u00f3n, forma personas conscientes de sus potencialidades y de la realidad, libres y solidarias, abiertas a la trascendencia y protagonistas de su desarrollo.<\/p>\n<p align=\"left\">Su identidad y su misi\u00f3n est\u00e1n intr\u00ednsecamente vinculadas. Su identidad refiere al origen de Fe y Alegr\u00eda: naci\u00f3 en el lugar de los \u201caut\u00e9nticos olvidados\u201d para colaborar con la satisfacci\u00f3n de sus necesidades b\u00e1sicas, entre ellas, la educaci\u00f3n.<br \/>Su misi\u00f3n se fundamenta en la fe que hace obras. En palabras de Jos\u00e9 Mar\u00eda V\u00e9laz, su fundador: \u201cFe en Dios, en la persona y en la Comunidad y Alegr\u00eda por el fruto del esfuerzo sembrado\u201d.<\/p>\n<p>[\/vc_column_text][\/vc_column][vc_column width=\u00bb1\/3&#8243;]<div style=\"background-color:;height: 30px\" class=\"nicdark_section  \"><\/div>[vc_single_image image=\u00bb1949&#8243; img_size=\u00bblarge\u00bb alignment=\u00bbcenter\u00bb style=\u00bbvc_box_shadow_circle_2&#8243;][\/vc_column][\/vc_row][vc_row][vc_column]<div style=\"background-color:;height: 20px\" class=\"nicdark_section  \"><\/div>[vc_separator color=\u00bbcustom\u00bb style=\u00bbshadow\u00bb border_width=\u00bb4&#8243; accent_color=\u00bb#cc0000&#8243;]<div style=\"background-color:;height: 20px\" class=\"nicdark_section  \"><\/div>[\/vc_column][\/vc_row][vc_row][vc_column width=\u00bb1\/3&#8243;]<div style=\"background-color:;height: 20px\" class=\"nicdark_section  \"><\/div>[vc_single_image image=\u00bb692&#8243; img_size=\u00bblarge\u00bb alignment=\u00bbcenter\u00bb style=\u00bbvc_box_shadow_circle_2&#8243;][\/vc_column][vc_column width=\u00bb2\/3&#8243;]<div style=\"background-color:;height: 60px\" class=\"nicdark_section  \"><\/div>[vc_column_text]<\/p>\n<h3 style=\"text-align: lefth\"><strong><span style=\"color: #ffaf10\">Incidencia para el Cambio Social<\/span><\/strong><\/h3>\n<p>[\/vc_column_text][vc_column_text]<\/p>\n<p align=\"left\">Fe y Alegr\u00eda busca irradiar en el \u00e1mbito p\u00fablico una propuesta de educaci\u00f3n transformadora de calidad que contribuya a la construcci\u00f3n de una ciudadan\u00eda activa y participativa, lo mismo que al fortalecimiento de una democracia donde a todos y todas se les reconozca su dignidad humana.<\/p>\n<p align=\"left\">Fe y Alegr\u00eda incide y aporta en la pol\u00edtica educativa p\u00fablica con propuestas desarrolladas desde la investigaci\u00f3n y la pr\u00e1ctica. Adem\u00e1s, favorece el derecho a una educaci\u00f3n p\u00fablica de calidad con perspectiva intercultural, de g\u00e9nero, socioambiental y ciudadana.<br \/>La incidencia se encuentra en las ra\u00edces de Fe y Alegr\u00eda como educaci\u00f3n popular para transformar las situaciones de inequidad a nivel local, regional, nacional y global.<\/p>\n<p>&nbsp;<\/p>\n<p>[\/vc_column_text][\/vc_column][\/vc_row][vc_row][vc_column]<div style=\"background-color:;height: 20px\" class=\"nicdark_section  \"><\/div>[vc_separator color=\u00bbcustom\u00bb style=\u00bbshadow\u00bb border_width=\u00bb4&#8243; accent_color=\u00bb#cc0000&#8243;]<div style=\"background-color:;height: 20px\" class=\"nicdark_section  \"><\/div>[\/vc_column][\/vc_row]<\/p>\n<\/div>","protected":false},"excerpt":{"rendered":"<p>[vc_row][vc_column][vc_separator color=\u00bbcustom\u00bb style=\u00bbshadow\u00bb border_width=\u00bb4&#8243; accent_color=\u00bb#cc0000&#8243;][\/vc_column][\/vc_row][vc_row][vc_column width=\u00bb2\/3&#8243;][vc_column_text] Innovaci\u00f3n y Construcci\u00f3n de Conocimiento [\/vc_column_text][vc_column_text] La innovaci\u00f3n es para Fe y Alegr\u00eda un objetivo. Consciente de las m\u00faltiples necesidades y problemas de la realidad y motivada por la aspiraci\u00f3n de transformar las dif\u00edciles realidades que viven las comunidades educativas, Fe y Alegr\u00eda promueve la innovaci\u00f3n. Afrontar las dificultades,<\/p>\n","protected":false},"author":19,"featured_media":0,"parent":0,"menu_order":0,"comment_status":"closed","ping_status":"closed","template":"","meta":{"_acf_changed":false,"footnotes":""},"folder":[],"class_list":["post-810","page","type-page","status-publish","hentry"],"acf":[],"yoast_head":"<!-- This site is optimized with the Yoast SEO plugin v27.2 - https:\/\/yoast.com\/product\/yoast-seo-wordpress\/ -->\n<title>L\u00edneas Estrat\u00e9gicas - #SomosFeyAlegria en Per\u00fa<\/title>\n<meta name=\"robots\" content=\"noindex, follow, max-snippet:-1, max-image-preview:large, max-video-preview:-1\" \/>\n<meta property=\"og:locale\" content=\"es_ES\" \/>\n<meta property=\"og:type\" content=\"article\" \/>\n<meta property=\"og:title\" content=\"L\u00edneas Estrat\u00e9gicas - #SomosFeyAlegria en Per\u00fa\" \/>\n<meta property=\"og:description\" content=\"[vc_row][vc_column][vc_separator color=\u00bbcustom\u00bb style=\u00bbshadow\u00bb border_width=\u00bb4&#8243; accent_color=\u00bb#cc0000&#8243;][\/vc_column][\/vc_row][vc_row][vc_column width=\u00bb2\/3&#8243;][vc_column_text] Innovaci\u00f3n y Construcci\u00f3n de Conocimiento [\/vc_column_text][vc_column_text] La innovaci\u00f3n es para Fe y Alegr\u00eda un objetivo. Consciente de las m\u00faltiples necesidades y problemas de la realidad y motivada por la aspiraci\u00f3n de transformar las dif\u00edciles realidades que viven las comunidades educativas, Fe y Alegr\u00eda promueve la innovaci\u00f3n. Afrontar las dificultades,\" \/>\n<meta property=\"og:url\" content=\"https:\/\/www.feyalegria.org\/peru\/innovacion\/\" \/>\n<meta property=\"og:site_name\" content=\"#SomosFeyAlegria en Per\u00fa\" \/>\n<meta property=\"article:modified_time\" content=\"2020-11-03T20:20:25+00:00\" \/>\n<meta name=\"twitter:card\" content=\"summary_large_image\" \/>\n<meta name=\"twitter:label1\" content=\"Tiempo de lectura\" \/>\n\t<meta name=\"twitter:data1\" content=\"5 minutos\" \/>\n<script type=\"application\/ld+json\" class=\"yoast-schema-graph\">{\"@context\":\"https:\/\/schema.org\",\"@graph\":[{\"@type\":\"WebPage\",\"@id\":\"https:\/\/www.feyalegria.org\/peru\/innovacion\/\",\"url\":\"https:\/\/www.feyalegria.org\/peru\/innovacion\/\",\"name\":\"L\u00edneas Estrat\u00e9gicas - #SomosFeyAlegria en Per\u00fa\",\"isPartOf\":{\"@id\":\"https:\/\/www.feyalegria.org\/peru\/#website\"},\"datePublished\":\"2020-07-17T16:59:25+00:00\",\"dateModified\":\"2020-11-03T20:20:25+00:00\",\"breadcrumb\":{\"@id\":\"https:\/\/www.feyalegria.org\/peru\/innovacion\/#breadcrumb\"},\"inLanguage\":\"es\",\"potentialAction\":[{\"@type\":\"ReadAction\",\"target\":[\"https:\/\/www.feyalegria.org\/peru\/innovacion\/\"]}]},{\"@type\":\"BreadcrumbList\",\"@id\":\"https:\/\/www.feyalegria.org\/peru\/innovacion\/#breadcrumb\",\"itemListElement\":[{\"@type\":\"ListItem\",\"position\":1,\"name\":\"Home\",\"item\":\"https:\/\/www.feyalegria.org\/peru\/\"},{\"@type\":\"ListItem\",\"position\":2,\"name\":\"L\u00edneas Estrat\u00e9gicas\"}]},{\"@type\":\"WebSite\",\"@id\":\"https:\/\/www.feyalegria.org\/peru\/#website\",\"url\":\"https:\/\/www.feyalegria.org\/peru\/\",\"name\":\"#SomosFeyAlegria en Per\u00fa\",\"description\":\"Movimiento de Educaci\u00f3n Popular y Promoci\u00f3n Social\",\"potentialAction\":[{\"@type\":\"SearchAction\",\"target\":{\"@type\":\"EntryPoint\",\"urlTemplate\":\"https:\/\/www.feyalegria.org\/peru\/?s={search_term_string}\"},\"query-input\":{\"@type\":\"PropertyValueSpecification\",\"valueRequired\":true,\"valueName\":\"search_term_string\"}}],\"inLanguage\":\"es\"}]}<\/script>\n<!-- \/ Yoast SEO plugin. -->","yoast_head_json":{"title":"L\u00edneas Estrat\u00e9gicas - #SomosFeyAlegria en Per\u00fa","robots":{"index":"noindex","follow":"follow","max-snippet":"max-snippet:-1","max-image-preview":"max-image-preview:large","max-video-preview":"max-video-preview:-1"},"og_locale":"es_ES","og_type":"article","og_title":"L\u00edneas Estrat\u00e9gicas - #SomosFeyAlegria en Per\u00fa","og_description":"[vc_row][vc_column][vc_separator color=\u00bbcustom\u00bb style=\u00bbshadow\u00bb border_width=\u00bb4&#8243; accent_color=\u00bb#cc0000&#8243;][\/vc_column][\/vc_row][vc_row][vc_column width=\u00bb2\/3&#8243;][vc_column_text] Innovaci\u00f3n y Construcci\u00f3n de Conocimiento [\/vc_column_text][vc_column_text] La innovaci\u00f3n es para Fe y Alegr\u00eda un objetivo. Consciente de las m\u00faltiples necesidades y problemas de la realidad y motivada por la aspiraci\u00f3n de transformar las dif\u00edciles realidades que viven las comunidades educativas, Fe y Alegr\u00eda promueve la innovaci\u00f3n. Afrontar las dificultades,","og_url":"https:\/\/www.feyalegria.org\/peru\/innovacion\/","og_site_name":"#SomosFeyAlegria en Per\u00fa","article_modified_time":"2020-11-03T20:20:25+00:00","twitter_card":"summary_large_image","twitter_misc":{"Tiempo de lectura":"5 minutos"},"schema":{"@context":"https:\/\/schema.org","@graph":[{"@type":"WebPage","@id":"https:\/\/www.feyalegria.org\/peru\/innovacion\/","url":"https:\/\/www.feyalegria.org\/peru\/innovacion\/","name":"L\u00edneas Estrat\u00e9gicas - #SomosFeyAlegria en Per\u00fa","isPartOf":{"@id":"https:\/\/www.feyalegria.org\/peru\/#website"},"datePublished":"2020-07-17T16:59:25+00:00","dateModified":"2020-11-03T20:20:25+00:00","breadcrumb":{"@id":"https:\/\/www.feyalegria.org\/peru\/innovacion\/#breadcrumb"},"inLanguage":"es","potentialAction":[{"@type":"ReadAction","target":["https:\/\/www.feyalegria.org\/peru\/innovacion\/"]}]},{"@type":"BreadcrumbList","@id":"https:\/\/www.feyalegria.org\/peru\/innovacion\/#breadcrumb","itemListElement":[{"@type":"ListItem","position":1,"name":"Home","item":"https:\/\/www.feyalegria.org\/peru\/"},{"@type":"ListItem","position":2,"name":"L\u00edneas Estrat\u00e9gicas"}]},{"@type":"WebSite","@id":"https:\/\/www.feyalegria.org\/peru\/#website","url":"https:\/\/www.feyalegria.org\/peru\/","name":"#SomosFeyAlegria en Per\u00fa","description":"Movimiento de Educaci\u00f3n Popular y Promoci\u00f3n Social","potentialAction":[{"@type":"SearchAction","target":{"@type":"EntryPoint","urlTemplate":"https:\/\/www.feyalegria.org\/peru\/?s={search_term_string}"},"query-input":{"@type":"PropertyValueSpecification","valueRequired":true,"valueName":"search_term_string"}}],"inLanguage":"es"}]}},"_links":{"self":[{"href":"https:\/\/www.feyalegria.org\/peru\/wp-json\/wp\/v2\/pages\/810","targetHints":{"allow":["GET"]}}],"collection":[{"href":"https:\/\/www.feyalegria.org\/peru\/wp-json\/wp\/v2\/pages"}],"about":[{"href":"https:\/\/www.feyalegria.org\/peru\/wp-json\/wp\/v2\/types\/page"}],"author":[{"embeddable":true,"href":"https:\/\/www.feyalegria.org\/peru\/wp-json\/wp\/v2\/users\/19"}],"replies":[{"embeddable":true,"href":"https:\/\/www.feyalegria.org\/peru\/wp-json\/wp\/v2\/comments?post=810"}],"version-history":[{"count":0,"href":"https:\/\/www.feyalegria.org\/peru\/wp-json\/wp\/v2\/pages\/810\/revisions"}],"wp:attachment":[{"href":"https:\/\/www.feyalegria.org\/peru\/wp-json\/wp\/v2\/media?parent=810"}],"wp:term":[{"taxonomy":"folder","embeddable":true,"href":"https:\/\/www.feyalegria.org\/peru\/wp-json\/wp\/v2\/folder?post=810"}],"curies":[{"name":"wp","href":"https:\/\/api.w.org\/{rel}","templated":true}]}}