 {"id":4535,"date":"2020-05-14T15:29:51","date_gmt":"2020-05-14T20:29:51","guid":{"rendered":"https:\/\/www.feyalegria.org\/chad\/?page_id=4535"},"modified":"2020-06-04T21:19:02","modified_gmt":"2020-06-05T02:19:02","slug":"chi-siamo","status":"publish","type":"page","link":"https:\/\/www.feyalegria.org\/rdcongo\/it\/chi-siamo\/","title":{"rendered":"Chi Siamo"},"content":{"rendered":"<div class=\"wpb-content-wrapper\"><p>[vc_row][vc_column][vc_column_text]<\/p>\n<p style=\"text-align:rigth\"><strong class=\"tt_map\">CHI SIAMO<\/strong><\/p>\n<p>[\/vc_column_text][\/vc_column][\/vc_row][vc_row][vc_column width=\u00bb1\/2&#8243;][vc_column_text]<\/p>\n<p style=\"text-align:justify\">Fe y Alegr\u00eda \u00e8 un movimento internazionale di educazione popolare e integrazione sociale, uno dei pi\u00f9 grandi al mondo, presente in 22 paesi, tre continenti, attualmente in espansione in Africa e Asia.<\/p>\n<p>&nbsp;<\/p>\n<p style=\"text-align:justify\">Nato e promosso per l\u2019esperienza della fede cristiana, di fronte a situazioni di ingiustizia s\u2019impegna nella costruzione di una societ\u00e0 giusta e fraterna mediante la trasformazione della societ\u00e0 attraverso l&#8217;educazione e la promozione della giovent\u00f9.<\/p>\n<p>&nbsp;<\/p>\n<p style=\"text-align:justify\">In Italia, dal 2001, ha collaborato alla formazione di oltre 800 persone. Col progetto di Scuola Secondaria, Fe y Alegr\u00eda Italia offre un&#8217;istruzione di qualit\u00e0 ai migranti, fino ad adesso studenti latino-americani, che li consente di:<\/p>\n<p>[\/vc_column_text][\/vc_column][vc_column width=\u00bb1\/2&#8243;][vc_single_image image=\u00bb4525&#8243; img_size=\u00bbfull\u00bb alignment=\u00bbcenter\u00bb][\/vc_column][\/vc_row][vc_row][vc_column][vc_column_text]<\/p>\n<p style=\"text-align:justify\"> <strong>&gt;&gt; Proseguire gli studi del paese di origine e ottenere il diploma che li permette di accedere all\u2019Universit\u00e0 in Italia e nella Comunit\u00e0 andina.<\/strong><\/p>\n<p style=\"text-align:justify\"> &gt;&gt; <strong>Imparare la lingua e integrarsi nella societ\u00e0 in Italia.<\/strong><\/p>\n<p style=\"text-align:justify\"> &gt;&gt; <strong>Certificarsi in diverse competenze tecniche.<\/strong><\/p>\n<p>&nbsp;<\/p>\n<p style=\"text-align:justify\">La rete di Fe y Alegr\u00eda Italia \u00e8 composta dalla Cooperativa sociale Fe y Alegr\u00eda Genova, la Cooperativa sociale Fe y Alegr\u00eda Milano e la Cooperativa Social Fe y Alegr\u00eda Roma.<\/p>\n<p>&nbsp;<\/p>\n<p style=\"text-align:justify\">Coordinatori, amministratori, accademici, professori e volontari lavorano con passione per un futuro migliore, non solo per gli studenti, ma anche per la societ\u00e0 in generale.<\/p>\n<p>[\/vc_column_text][\/vc_column][\/vc_row]<\/p>\n<\/div>","protected":false},"excerpt":{"rendered":"<p>[vc_row][vc_column][vc_column_text] CHI SIAMO [\/vc_column_text][\/vc_column][\/vc_row][vc_row][vc_column width=\u00bb1\/2&#8243;][vc_column_text] Fe y Alegr\u00eda \u00e8 un movimento internazionale di educazione popolare e integrazione sociale, uno dei pi\u00f9 grandi al mondo, presente in 22 paesi, tre continenti, attualmente in espansione in Africa e Asia. &nbsp; Nato e promosso per l\u2019esperienza della fede cristiana, di fronte a situazioni di ingiustizia s\u2019impegna nella costruzione<\/p>\n","protected":false},"author":9,"featured_media":0,"parent":0,"menu_order":0,"comment_status":"closed","ping_status":"closed","template":"","meta":{"_acf_changed":false,"footnotes":""},"folder":[],"class_list":["post-4535","page","type-page","status-publish","hentry"],"acf":[],"yoast_head":"<!-- This site is optimized with the Yoast SEO plugin v27.4 - https:\/\/yoast.com\/product\/yoast-seo-wordpress\/ -->\n<title>Chi Siamo - #SomosFeyAlegria en la Rep\u00fablica Democr\u00e1tica del Congo<\/title>\n<meta name=\"robots\" content=\"index, follow, max-snippet:-1, max-image-preview:large, max-video-preview:-1\" \/>\n<link rel=\"canonical\" href=\"https:\/\/www.feyalegria.org\/rdcongo\/it\/chi-siamo\/\" \/>\n<meta property=\"og:locale\" content=\"es_ES\" \/>\n<meta property=\"og:type\" content=\"article\" \/>\n<meta property=\"og:title\" content=\"Chi Siamo - #SomosFeyAlegria en la Rep\u00fablica Democr\u00e1tica del Congo\" \/>\n<meta property=\"og:description\" content=\"[vc_row][vc_column][vc_column_text] CHI SIAMO [\/vc_column_text][\/vc_column][\/vc_row][vc_row][vc_column width=\u00bb1\/2&#8243;][vc_column_text] Fe y Alegr\u00eda \u00e8 un movimento internazionale di educazione popolare e integrazione sociale, uno dei pi\u00f9 grandi al mondo, presente in 22 paesi, tre continenti, attualmente in espansione in Africa e Asia. &nbsp; Nato e promosso per l\u2019esperienza della fede cristiana, di fronte a situazioni di ingiustizia s\u2019impegna nella costruzione\" \/>\n<meta property=\"og:url\" content=\"https:\/\/www.feyalegria.org\/rdcongo\/it\/chi-siamo\/\" \/>\n<meta property=\"og:site_name\" content=\"#SomosFeyAlegria en la Rep\u00fablica Democr\u00e1tica del Congo\" \/>\n<meta property=\"article:modified_time\" content=\"2020-06-05T02:19:02+00:00\" \/>\n<meta name=\"twitter:card\" content=\"summary_large_image\" \/>\n<meta name=\"twitter:label1\" content=\"Tiempo de lectura\" \/>\n\t<meta name=\"twitter:data1\" content=\"1 minuto\" \/>\n<script type=\"application\/ld+json\" class=\"yoast-schema-graph\">{\"@context\":\"https:\\\/\\\/schema.org\",\"@graph\":[{\"@type\":\"WebPage\",\"@id\":\"https:\\\/\\\/www.feyalegria.org\\\/rdcongo\\\/it\\\/chi-siamo\\\/\",\"url\":\"https:\\\/\\\/www.feyalegria.org\\\/rdcongo\\\/it\\\/chi-siamo\\\/\",\"name\":\"Chi Siamo - #SomosFeyAlegria en la Rep\u00fablica Democr\u00e1tica del Congo\",\"isPartOf\":{\"@id\":\"https:\\\/\\\/www.feyalegria.org\\\/rdcongo\\\/#website\"},\"datePublished\":\"2020-05-14T20:29:51+00:00\",\"dateModified\":\"2020-06-05T02:19:02+00:00\",\"breadcrumb\":{\"@id\":\"https:\\\/\\\/www.feyalegria.org\\\/rdcongo\\\/it\\\/chi-siamo\\\/#breadcrumb\"},\"inLanguage\":\"es\",\"potentialAction\":[{\"@type\":\"ReadAction\",\"target\":[\"https:\\\/\\\/www.feyalegria.org\\\/rdcongo\\\/it\\\/chi-siamo\\\/\"]}]},{\"@type\":\"BreadcrumbList\",\"@id\":\"https:\\\/\\\/www.feyalegria.org\\\/rdcongo\\\/it\\\/chi-siamo\\\/#breadcrumb\",\"itemListElement\":[{\"@type\":\"ListItem\",\"position\":1,\"name\":\"Home\",\"item\":\"https:\\\/\\\/www.feyalegria.org\\\/rdcongo\\\/\"},{\"@type\":\"ListItem\",\"position\":2,\"name\":\"Chi Siamo\"}]},{\"@type\":\"WebSite\",\"@id\":\"https:\\\/\\\/www.feyalegria.org\\\/rdcongo\\\/#website\",\"url\":\"https:\\\/\\\/www.feyalegria.org\\\/rdcongo\\\/\",\"name\":\"#SomosFeyAlegria en la Rep\u00fablica Democr\u00e1tica del Congo\",\"description\":\"Movimiento de Educaci\u00f3n Popular y Promoci\u00f3n Social\",\"potentialAction\":[{\"@type\":\"SearchAction\",\"target\":{\"@type\":\"EntryPoint\",\"urlTemplate\":\"https:\\\/\\\/www.feyalegria.org\\\/rdcongo\\\/?s={search_term_string}\"},\"query-input\":{\"@type\":\"PropertyValueSpecification\",\"valueRequired\":true,\"valueName\":\"search_term_string\"}}],\"inLanguage\":\"es\"}]}<\/script>\n<!-- \/ Yoast SEO plugin. -->","yoast_head_json":{"title":"Chi Siamo - #SomosFeyAlegria en la Rep\u00fablica Democr\u00e1tica del Congo","robots":{"index":"index","follow":"follow","max-snippet":"max-snippet:-1","max-image-preview":"max-image-preview:large","max-video-preview":"max-video-preview:-1"},"canonical":"https:\/\/www.feyalegria.org\/rdcongo\/it\/chi-siamo\/","og_locale":"es_ES","og_type":"article","og_title":"Chi Siamo - #SomosFeyAlegria en la Rep\u00fablica Democr\u00e1tica del Congo","og_description":"[vc_row][vc_column][vc_column_text] CHI SIAMO [\/vc_column_text][\/vc_column][\/vc_row][vc_row][vc_column width=\u00bb1\/2&#8243;][vc_column_text] Fe y Alegr\u00eda \u00e8 un movimento internazionale di educazione popolare e integrazione sociale, uno dei pi\u00f9 grandi al mondo, presente in 22 paesi, tre continenti, attualmente in espansione in Africa e Asia. &nbsp; Nato e promosso per l\u2019esperienza della fede cristiana, di fronte a situazioni di ingiustizia s\u2019impegna nella costruzione","og_url":"https:\/\/www.feyalegria.org\/rdcongo\/it\/chi-siamo\/","og_site_name":"#SomosFeyAlegria en la Rep\u00fablica Democr\u00e1tica del Congo","article_modified_time":"2020-06-05T02:19:02+00:00","twitter_card":"summary_large_image","twitter_misc":{"Tiempo de lectura":"1 minuto"},"schema":{"@context":"https:\/\/schema.org","@graph":[{"@type":"WebPage","@id":"https:\/\/www.feyalegria.org\/rdcongo\/it\/chi-siamo\/","url":"https:\/\/www.feyalegria.org\/rdcongo\/it\/chi-siamo\/","name":"Chi Siamo - #SomosFeyAlegria en la Rep\u00fablica Democr\u00e1tica del Congo","isPartOf":{"@id":"https:\/\/www.feyalegria.org\/rdcongo\/#website"},"datePublished":"2020-05-14T20:29:51+00:00","dateModified":"2020-06-05T02:19:02+00:00","breadcrumb":{"@id":"https:\/\/www.feyalegria.org\/rdcongo\/it\/chi-siamo\/#breadcrumb"},"inLanguage":"es","potentialAction":[{"@type":"ReadAction","target":["https:\/\/www.feyalegria.org\/rdcongo\/it\/chi-siamo\/"]}]},{"@type":"BreadcrumbList","@id":"https:\/\/www.feyalegria.org\/rdcongo\/it\/chi-siamo\/#breadcrumb","itemListElement":[{"@type":"ListItem","position":1,"name":"Home","item":"https:\/\/www.feyalegria.org\/rdcongo\/"},{"@type":"ListItem","position":2,"name":"Chi Siamo"}]},{"@type":"WebSite","@id":"https:\/\/www.feyalegria.org\/rdcongo\/#website","url":"https:\/\/www.feyalegria.org\/rdcongo\/","name":"#SomosFeyAlegria en la Rep\u00fablica Democr\u00e1tica del Congo","description":"Movimiento de Educaci\u00f3n Popular y Promoci\u00f3n Social","potentialAction":[{"@type":"SearchAction","target":{"@type":"EntryPoint","urlTemplate":"https:\/\/www.feyalegria.org\/rdcongo\/?s={search_term_string}"},"query-input":{"@type":"PropertyValueSpecification","valueRequired":true,"valueName":"search_term_string"}}],"inLanguage":"es"}]}},"_links":{"self":[{"href":"https:\/\/www.feyalegria.org\/rdcongo\/wp-json\/wp\/v2\/pages\/4535","targetHints":{"allow":["GET"]}}],"collection":[{"href":"https:\/\/www.feyalegria.org\/rdcongo\/wp-json\/wp\/v2\/pages"}],"about":[{"href":"https:\/\/www.feyalegria.org\/rdcongo\/wp-json\/wp\/v2\/types\/page"}],"author":[{"embeddable":true,"href":"https:\/\/www.feyalegria.org\/rdcongo\/wp-json\/wp\/v2\/users\/9"}],"replies":[{"embeddable":true,"href":"https:\/\/www.feyalegria.org\/rdcongo\/wp-json\/wp\/v2\/comments?post=4535"}],"version-history":[{"count":0,"href":"https:\/\/www.feyalegria.org\/rdcongo\/wp-json\/wp\/v2\/pages\/4535\/revisions"}],"wp:attachment":[{"href":"https:\/\/www.feyalegria.org\/rdcongo\/wp-json\/wp\/v2\/media?parent=4535"}],"wp:term":[{"taxonomy":"folder","embeddable":true,"href":"https:\/\/www.feyalegria.org\/rdcongo\/wp-json\/wp\/v2\/folder?post=4535"}],"curies":[{"name":"wp","href":"https:\/\/api.w.org\/{rel}","templated":true}]}}

<div class="wpb-content-wrapper"><p>[vc_row][vc_column][vc_column_text]</p>
<p style="text-align:rigth"><strong class="tt_map">CHI SIAMO</strong></p>
<p>[/vc_column_text][/vc_column][/vc_row][vc_row][vc_column width=»1/2&#8243;][vc_column_text]</p>
<p style="text-align:justify">Fe y Alegría è un movimento internazionale di educazione popolare e integrazione sociale, uno dei più grandi al mondo, presente in 22 paesi, tre continenti, attualmente in espansione in Africa e Asia.</p>
<p>&nbsp;</p>
<p style="text-align:justify">Nato e promosso per l’esperienza della fede cristiana, di fronte a situazioni di ingiustizia s’impegna nella costruzione di una società giusta e fraterna mediante la trasformazione della società attraverso l&#8217;educazione e la promozione della gioventù.</p>
<p>&nbsp;</p>
<p style="text-align:justify">In Italia, dal 2001, ha collaborato alla formazione di oltre 800 persone. Col progetto di Scuola Secondaria, Fe y Alegría Italia offre un&#8217;istruzione di qualità ai migranti, fino ad adesso studenti latino-americani, che li consente di:</p>
<p>[/vc_column_text][/vc_column][vc_column width=»1/2&#8243;][vc_single_image image=»4525&#8243; img_size=»full» alignment=»center»][/vc_column][/vc_row][vc_row][vc_column][vc_column_text]</p>
<p style="text-align:justify"> <strong>&gt;&gt; Proseguire gli studi del paese di origine e ottenere il diploma che li permette di accedere all’Università in Italia e nella Comunità andina.</strong></p>
<p style="text-align:justify"> &gt;&gt; <strong>Imparare la lingua e integrarsi nella società in Italia.</strong></p>
<p style="text-align:justify"> &gt;&gt; <strong>Certificarsi in diverse competenze tecniche.</strong></p>
<p>&nbsp;</p>
<p style="text-align:justify">La rete di Fe y Alegría Italia è composta dalla Cooperativa sociale Fe y Alegría Genova, la Cooperativa sociale Fe y Alegría Milano e la Cooperativa Social Fe y Alegría Roma.</p>
<p>&nbsp;</p>
<p style="text-align:justify">Coordinatori, amministratori, accademici, professori e volontari lavorano con passione per un futuro migliore, non solo per gli studenti, ma anche per la società in generale.</p>
<p>[/vc_column_text][/vc_column][/vc_row]</p>
</div>

<p>[vc_row][vc_column][vc_column_text] CHI SIAMO [/vc_column_text][/vc_column][/vc_row][vc_row][vc_column width=»1/2&#8243;][vc_column_text] Fe y Alegría è un movimento internazionale di educazione popolare e integrazione sociale, uno dei più grandi al mondo, presente in 22 paesi, tre continenti, attualmente in espansione in Africa e Asia. &nbsp; Nato e promosso per l’esperienza della fede cristiana, di fronte a situazioni di ingiustizia s’impegna nella costruzione</p>

<!-- This site is optimized with the Yoast SEO plugin v27.4 - https://yoast.com/product/yoast-seo-wordpress/ -->
<title>Chi Siamo - #SomosFeyAlegria en la República Democrática del Congo</title>
<meta name="robots" content="index, follow, max-snippet:-1, max-image-preview:large, max-video-preview:-1" />
<link rel="canonical" href="https://www.feyalegria.org/rdcongo/it/chi-siamo/" />
<meta property="og:locale" content="es_ES" />
<meta property="og:type" content="article" />
<meta property="og:title" content="Chi Siamo - #SomosFeyAlegria en la República Democrática del Congo" />
<meta property="og:description" content="[vc_row][vc_column][vc_column_text] CHI SIAMO [/vc_column_text][/vc_column][/vc_row][vc_row][vc_column width=»1/2&#8243;][vc_column_text] Fe y Alegría è un movimento internazionale di educazione popolare e integrazione sociale, uno dei più grandi al mondo, presente in 22 paesi, tre continenti, attualmente in espansione in Africa e Asia. &nbsp; Nato e promosso per l’esperienza della fede cristiana, di fronte a situazioni di ingiustizia s’impegna nella costruzione" />
<meta property="og:url" content="https://www.feyalegria.org/rdcongo/it/chi-siamo/" />
<meta property="og:site_name" content="#SomosFeyAlegria en la República Democrática del Congo" />
<meta property="article:modified_time" content="2020-06-05T02:19:02+00:00" />
<meta name="twitter:card" content="summary_large_image" />
<meta name="twitter:label1" content="Tiempo de lectura" />
	<meta name="twitter:data1" content="1 minuto" />
<script type="application/ld+json" class="yoast-schema-graph">{"@context":"https:\/\/schema.org","@graph":[{"@type":"WebPage","@id":"https:\/\/www.feyalegria.org\/rdcongo\/it\/chi-siamo\/","url":"https:\/\/www.feyalegria.org\/rdcongo\/it\/chi-siamo\/","name":"Chi Siamo - #SomosFeyAlegria en la República Democrática del Congo","isPartOf":{"@id":"https:\/\/www.feyalegria.org\/rdcongo\/#website"},"datePublished":"2020-05-14T20:29:51+00:00","dateModified":"2020-06-05T02:19:02+00:00","breadcrumb":{"@id":"https:\/\/www.feyalegria.org\/rdcongo\/it\/chi-siamo\/#breadcrumb"},"inLanguage":"es","potentialAction":[{"@type":"ReadAction","target":["https:\/\/www.feyalegria.org\/rdcongo\/it\/chi-siamo\/"]}]},{"@type":"BreadcrumbList","@id":"https:\/\/www.feyalegria.org\/rdcongo\/it\/chi-siamo\/#breadcrumb","itemListElement":[{"@type":"ListItem","position":1,"name":"Home","item":"https:\/\/www.feyalegria.org\/rdcongo\/"},{"@type":"ListItem","position":2,"name":"Chi Siamo"}]},{"@type":"WebSite","@id":"https:\/\/www.feyalegria.org\/rdcongo\/#website","url":"https:\/\/www.feyalegria.org\/rdcongo\/","name":"#SomosFeyAlegria en la República Democrática del Congo","description":"Movimiento de Educación Popular y Promoción Social","potentialAction":[{"@type":"SearchAction","target":{"@type":"EntryPoint","urlTemplate":"https:\/\/www.feyalegria.org\/rdcongo\/?s={search_term_string}"},"query-input":{"@type":"PropertyValueSpecification","valueRequired":true,"valueName":"search_term_string"}}],"inLanguage":"es"}]}</script>
<!-- / Yoast SEO plugin. -->

Chi Siamo - #SomosFeyAlegria en la República Democrática del Congo

[vc_row][vc_column][vc_column_text] CHI SIAMO [/vc_column_text][/vc_column][/vc_row][vc_row][vc_column width=»1/2&#8243;][vc_column_text] Fe y Alegría è un movimento internazionale di educazione popolare e integrazione sociale, uno dei più grandi al mondo, presente in 22 paesi, tre continenti, attualmente in espansione in Africa e Asia. &nbsp; Nato e promosso per l’esperienza della fede cristiana, di fronte a situazioni di ingiustizia s’impegna nella costruzione

#SomosFeyAlegria en la República Democrática del Congo

Movimiento de Educación Popular y Promoción Social
