 {"id":1971,"date":"2020-10-16T20:42:36","date_gmt":"2020-10-17T01:42:36","guid":{"rendered":"https:\/\/www.feyalegria.org\/uruguay\/?page_id=1971"},"modified":"2020-11-07T18:35:10","modified_gmt":"2020-11-07T23:35:10","slug":"la-huella","status":"publish","type":"page","link":"https:\/\/www.feyalegria.org\/uruguay\/la-huella\/","title":{"rendered":"La Huella"},"content":{"rendered":"<div class=\"wpb-content-wrapper\"><p>[vc_row][vc_column width=\u00bb5\/6&#8243;]<div style=\"background-color:;height: 50px\" class=\"nicdark_section  \"><\/div>[\/vc_column][vc_column width=\u00bb1\/6&#8243;]<a href=\"https:\/\/www.feyalegria.org\/uruguay\/centros-educativos\/\" title=\"Centros educativos\"  data-id=\"mpc_button-1969f21689d174a\" class=\"mpc-button mpc-init mpc-transition mpc-typography--default \" ><div class=\"mpc-button__content mpc-effect-type--stay mpc-effect-side--left\"><i class=\"mpc-button__icon mpc-transition  mi mi-pin_drop\"><\/i><span class=\"mpc-button__title mpc-transition\">Volver al mapa<\/span><\/div><div class=\"mpc-button__background mpc-transition mpc-effect-type--fade mpc-effect-side--in\"><\/div><\/a>[\/vc_column][\/vc_row][vc_row][vc_column width=\u00bb2\/3&#8243;][vc_column_text]<\/p>\n<p align=\"justify\">La granja Hogar La Huella fue fundada en 1975 por un grupo de j\u00f3venes , alumnos de los padres jesuitas, que buscaban crear un hogar para ni\u00f1os abandonados por sus padres y que proven\u00edan de familias en situaci\u00f3n de vulnerabilidad social.<\/p>\n<p>&nbsp;<\/p>\n<p align=\"justify\">En el Hogar viven  ni\u00f1os\/as y adolescentes, acompa\u00f1ados por un equipo de educadores, una trabajadora social y una psic\u00f3loga. A trav\u00e9s del respaldo afectivo y psicol\u00f3gico, se apunta a reconstruir v\u00ednculos (con la familia y otros), a generar proyectos personales, en el marco de lo grupal, que lleven a los ni\u00f1os y ni\u00f1as  a crecer en autonom\u00eda e independencia, haci\u00e9ndose cargo de sus propias vidas.  Se les prepara para insertarse en la sociedad a trav\u00e9s de la vida cotidiana, la formaci\u00f3n en valores, la educaci\u00f3n formal y de experiencias laborales en el medio rural y\/o urbano.<\/p>\n<p>&nbsp;<\/p>\n<p align=\"justify\">Desde 2001 funciona en La Huella el Club de Ni\u00f1os \u201cLa Huellita\u201d del que participan 50 ni\u00f1os y ni\u00f1as  y desde principios de 2004  el centro <strong><a href=\"http:\/\/CAIF \u201cLos Periquitos\u201d\" rel=\"noopener noreferrer\" target=\"_blank\">CAIF \u201cLos Periquitos\u201d<\/a><\/strong> que trabajan con 70 ni\u00f1os, ni\u00f1as y sus familias. Todas las propuestas apuntan al desarrollo integral de sus participantes para que puedan dignificar sus vidas y participar activamente en la construcci\u00f3n de su realidad personal y social.<\/p>\n<p>&nbsp;<\/p>\n<p>&nbsp;<\/p>\n<h5 style=\"text-align: left\"><strong><span style=\"color: #aa0f16\">Contactos<\/span><\/strong><\/h5>\n<p>&nbsp;<\/p>\n<p><strong>Web<\/strong>: www.lahuella.org.uy<\/p>\n<p>[\/vc_column_text][\/vc_column][vc_column width=\u00bb1\/3&#8243;][vc_gmaps link=\u00bb#E-8_JTNDaWZyYW1lJTIwc3JjJTNEJTIyaHR0cHMlM0ElMkYlMkZ3d3cuZ29vZ2xlLmNvbSUyRm1hcHMlMkZlbWJlZCUzRnBiJTNEJTIxMW0xOCUyMTFtMTIlMjExbTMlMjExZDE1NTY2MS45MDYyODkxNzQyMiUyMTJkLTU2LjMyODM1NzE2NTg3NTQ2JTIxM2QtMzQuNzU0OTMwMDYyMzU1MzIlMjEybTMlMjExZjAlMjEyZjAlMjEzZjAlMjEzbTIlMjExaTEwMjQlMjEyaTc2OCUyMTRmMTMuMSUyMTNtMyUyMTFtMiUyMTFzMHg5NWExZDI4MmRlZTU2MjI3JTI1M0EweGRhM2E4ZmJlZWM0MjVmYjUlMjEyc0dyYW5qYSUyNTIwSG9nYXIlMjUyMCUyNTIyTGElMjUyMEh1ZWxsYSUyNTIyJTIxNWUwJTIxM20yJTIxMXNlcyUyMTJzdmUlMjE0djE2MDMwNjYxNDgwMzYlMjE1bTIlMjExc2VzJTIxMnN2ZSUyMiUyMHdpZHRoJTNEJTIyNjAwJTIyJTIwaGVpZ2h0JTNEJTIyNDUwJTIyJTIwZnJhbWVib3JkZXIlM0QlMjIwJTIyJTIwc3R5bGUlM0QlMjJib3JkZXIlM0EwJTNCJTIyJTIwYWxsb3dmdWxsc2NyZWVuJTNEJTIyJTIyJTIwYXJpYS1oaWRkZW4lM0QlMjJmYWxzZSUyMiUyMHRhYmluZGV4JTNEJTIyMCUyMiUzRSUzQyUyRmlmcmFtZSUzRQ==\u00bb][\/vc_column][\/vc_row][vc_row][vc_column width=\u00bb1\/4&#8243;][vc_single_image image=\u00bb2088&#8243; img_size=\u00bbmedium\u00bb alignment=\u00bbcenter\u00bb onclick=\u00bbimg_link_large\u00bb][\/vc_column][vc_column width=\u00bb1\/4&#8243;][vc_single_image image=\u00bb2086&#8243; img_size=\u00bbmedium\u00bb alignment=\u00bbcenter\u00bb onclick=\u00bbimg_link_large\u00bb][\/vc_column][vc_column width=\u00bb1\/4&#8243;][vc_single_image image=\u00bb2089&#8243; img_size=\u00bbmedium\u00bb alignment=\u00bbcenter\u00bb onclick=\u00bbimg_link_large\u00bb][\/vc_column][vc_column width=\u00bb1\/4&#8243;][vc_single_image image=\u00bb2087&#8243; img_size=\u00bbmedium\u00bb alignment=\u00bbcenter\u00bb onclick=\u00bbimg_link_large\u00bb][\/vc_column][\/vc_row]<\/p>\n<\/div>","protected":false},"excerpt":{"rendered":"<p>[vc_row][vc_column width=\u00bb5\/6&#8243;][\/vc_column][vc_column width=\u00bb1\/6&#8243;][\/vc_column][\/vc_row][vc_row][vc_column width=\u00bb2\/3&#8243;][vc_column_text] La granja Hogar La Huella fue fundada en 1975 por un grupo de j\u00f3venes , alumnos de los padres jesuitas, que buscaban crear un hogar para ni\u00f1os abandonados por sus padres y que proven\u00edan de familias en situaci\u00f3n de vulnerabilidad social. &nbsp; En el Hogar viven ni\u00f1os\/as y adolescentes, acompa\u00f1ados por<\/p>\n","protected":false},"author":6,"featured_media":0,"parent":0,"menu_order":0,"comment_status":"closed","ping_status":"closed","template":"","meta":{"_acf_changed":false,"footnotes":""},"folder":[],"class_list":["post-1971","page","type-page","status-publish","hentry"],"acf":[],"yoast_head":"<!-- This site is optimized with the Yoast SEO plugin v27.5 - https:\/\/yoast.com\/product\/yoast-seo-wordpress\/ -->\n<title>La Huella - #SomosFeyAlegria en Uruguay<\/title>\n<meta name=\"robots\" content=\"index, follow, max-snippet:-1, max-image-preview:large, max-video-preview:-1\" \/>\n<link rel=\"canonical\" href=\"https:\/\/www.feyalegria.org\/uruguay\/la-huella\/\" \/>\n<meta property=\"og:locale\" content=\"es_ES\" \/>\n<meta property=\"og:type\" content=\"article\" \/>\n<meta property=\"og:title\" content=\"La Huella - #SomosFeyAlegria en Uruguay\" \/>\n<meta property=\"og:description\" content=\"[vc_row][vc_column width=\u00bb5\/6&#8243;][\/vc_column][vc_column width=\u00bb1\/6&#8243;][\/vc_column][\/vc_row][vc_row][vc_column width=\u00bb2\/3&#8243;][vc_column_text] La granja Hogar La Huella fue fundada en 1975 por un grupo de j\u00f3venes , alumnos de los padres jesuitas, que buscaban crear un hogar para ni\u00f1os abandonados por sus padres y que proven\u00edan de familias en situaci\u00f3n de vulnerabilidad social. &nbsp; En el Hogar viven ni\u00f1os\/as y adolescentes, acompa\u00f1ados por\" \/>\n<meta property=\"og:url\" content=\"https:\/\/www.feyalegria.org\/uruguay\/la-huella\/\" \/>\n<meta property=\"og:site_name\" content=\"#SomosFeyAlegria en Uruguay\" \/>\n<meta property=\"article:modified_time\" content=\"2020-11-07T23:35:10+00:00\" \/>\n<meta name=\"twitter:card\" content=\"summary_large_image\" \/>\n<meta name=\"twitter:label1\" content=\"Tiempo de lectura\" \/>\n\t<meta name=\"twitter:data1\" content=\"2 minutos\" \/>\n<script type=\"application\/ld+json\" class=\"yoast-schema-graph\">{\"@context\":\"https:\\\/\\\/schema.org\",\"@graph\":[{\"@type\":\"WebPage\",\"@id\":\"https:\\\/\\\/www.feyalegria.org\\\/uruguay\\\/la-huella\\\/\",\"url\":\"https:\\\/\\\/www.feyalegria.org\\\/uruguay\\\/la-huella\\\/\",\"name\":\"La Huella - #SomosFeyAlegria en Uruguay\",\"isPartOf\":{\"@id\":\"https:\\\/\\\/www.feyalegria.org\\\/uruguay\\\/#website\"},\"datePublished\":\"2020-10-17T01:42:36+00:00\",\"dateModified\":\"2020-11-07T23:35:10+00:00\",\"breadcrumb\":{\"@id\":\"https:\\\/\\\/www.feyalegria.org\\\/uruguay\\\/la-huella\\\/#breadcrumb\"},\"inLanguage\":\"es\",\"potentialAction\":[{\"@type\":\"ReadAction\",\"target\":[\"https:\\\/\\\/www.feyalegria.org\\\/uruguay\\\/la-huella\\\/\"]}]},{\"@type\":\"BreadcrumbList\",\"@id\":\"https:\\\/\\\/www.feyalegria.org\\\/uruguay\\\/la-huella\\\/#breadcrumb\",\"itemListElement\":[{\"@type\":\"ListItem\",\"position\":1,\"name\":\"Home\",\"item\":\"https:\\\/\\\/www.feyalegria.org\\\/uruguay\\\/\"},{\"@type\":\"ListItem\",\"position\":2,\"name\":\"La Huella\"}]},{\"@type\":\"WebSite\",\"@id\":\"https:\\\/\\\/www.feyalegria.org\\\/uruguay\\\/#website\",\"url\":\"https:\\\/\\\/www.feyalegria.org\\\/uruguay\\\/\",\"name\":\"#SomosFeyAlegria en Uruguay\",\"description\":\"Movimiento de Educaci\u00f3n Popular y Promoci\u00f3n Social\",\"potentialAction\":[{\"@type\":\"SearchAction\",\"target\":{\"@type\":\"EntryPoint\",\"urlTemplate\":\"https:\\\/\\\/www.feyalegria.org\\\/uruguay\\\/?s={search_term_string}\"},\"query-input\":{\"@type\":\"PropertyValueSpecification\",\"valueRequired\":true,\"valueName\":\"search_term_string\"}}],\"inLanguage\":\"es\"}]}<\/script>\n<!-- \/ Yoast SEO plugin. -->","yoast_head_json":{"title":"La Huella - #SomosFeyAlegria en Uruguay","robots":{"index":"index","follow":"follow","max-snippet":"max-snippet:-1","max-image-preview":"max-image-preview:large","max-video-preview":"max-video-preview:-1"},"canonical":"https:\/\/www.feyalegria.org\/uruguay\/la-huella\/","og_locale":"es_ES","og_type":"article","og_title":"La Huella - #SomosFeyAlegria en Uruguay","og_description":"[vc_row][vc_column width=\u00bb5\/6&#8243;][\/vc_column][vc_column width=\u00bb1\/6&#8243;][\/vc_column][\/vc_row][vc_row][vc_column width=\u00bb2\/3&#8243;][vc_column_text] La granja Hogar La Huella fue fundada en 1975 por un grupo de j\u00f3venes , alumnos de los padres jesuitas, que buscaban crear un hogar para ni\u00f1os abandonados por sus padres y que proven\u00edan de familias en situaci\u00f3n de vulnerabilidad social. &nbsp; En el Hogar viven ni\u00f1os\/as y adolescentes, acompa\u00f1ados por","og_url":"https:\/\/www.feyalegria.org\/uruguay\/la-huella\/","og_site_name":"#SomosFeyAlegria en Uruguay","article_modified_time":"2020-11-07T23:35:10+00:00","twitter_card":"summary_large_image","twitter_misc":{"Tiempo de lectura":"2 minutos"},"schema":{"@context":"https:\/\/schema.org","@graph":[{"@type":"WebPage","@id":"https:\/\/www.feyalegria.org\/uruguay\/la-huella\/","url":"https:\/\/www.feyalegria.org\/uruguay\/la-huella\/","name":"La Huella - #SomosFeyAlegria en Uruguay","isPartOf":{"@id":"https:\/\/www.feyalegria.org\/uruguay\/#website"},"datePublished":"2020-10-17T01:42:36+00:00","dateModified":"2020-11-07T23:35:10+00:00","breadcrumb":{"@id":"https:\/\/www.feyalegria.org\/uruguay\/la-huella\/#breadcrumb"},"inLanguage":"es","potentialAction":[{"@type":"ReadAction","target":["https:\/\/www.feyalegria.org\/uruguay\/la-huella\/"]}]},{"@type":"BreadcrumbList","@id":"https:\/\/www.feyalegria.org\/uruguay\/la-huella\/#breadcrumb","itemListElement":[{"@type":"ListItem","position":1,"name":"Home","item":"https:\/\/www.feyalegria.org\/uruguay\/"},{"@type":"ListItem","position":2,"name":"La Huella"}]},{"@type":"WebSite","@id":"https:\/\/www.feyalegria.org\/uruguay\/#website","url":"https:\/\/www.feyalegria.org\/uruguay\/","name":"#SomosFeyAlegria en Uruguay","description":"Movimiento de Educaci\u00f3n Popular y Promoci\u00f3n Social","potentialAction":[{"@type":"SearchAction","target":{"@type":"EntryPoint","urlTemplate":"https:\/\/www.feyalegria.org\/uruguay\/?s={search_term_string}"},"query-input":{"@type":"PropertyValueSpecification","valueRequired":true,"valueName":"search_term_string"}}],"inLanguage":"es"}]}},"_links":{"self":[{"href":"https:\/\/www.feyalegria.org\/uruguay\/wp-json\/wp\/v2\/pages\/1971","targetHints":{"allow":["GET"]}}],"collection":[{"href":"https:\/\/www.feyalegria.org\/uruguay\/wp-json\/wp\/v2\/pages"}],"about":[{"href":"https:\/\/www.feyalegria.org\/uruguay\/wp-json\/wp\/v2\/types\/page"}],"author":[{"embeddable":true,"href":"https:\/\/www.feyalegria.org\/uruguay\/wp-json\/wp\/v2\/users\/6"}],"replies":[{"embeddable":true,"href":"https:\/\/www.feyalegria.org\/uruguay\/wp-json\/wp\/v2\/comments?post=1971"}],"version-history":[{"count":0,"href":"https:\/\/www.feyalegria.org\/uruguay\/wp-json\/wp\/v2\/pages\/1971\/revisions"}],"wp:attachment":[{"href":"https:\/\/www.feyalegria.org\/uruguay\/wp-json\/wp\/v2\/media?parent=1971"}],"wp:term":[{"taxonomy":"folder","embeddable":true,"href":"https:\/\/www.feyalegria.org\/uruguay\/wp-json\/wp\/v2\/folder?post=1971"}],"curies":[{"name":"wp","href":"https:\/\/api.w.org\/{rel}","templated":true}]}}

<div class="wpb-content-wrapper"><p>[vc_row][vc_column width=»5/6&#8243;]<div style="background-color:;height: 50px" class="nicdark_section  "></div>[/vc_column][vc_column width=»1/6&#8243;]<a href="https://www.feyalegria.org/uruguay/centros-educativos/" title="Centros educativos"  data-id="mpc_button-1969f21689d174a" class="mpc-button mpc-init mpc-transition mpc-typography--default " ><div class="mpc-button__content mpc-effect-type--stay mpc-effect-side--left"><i class="mpc-button__icon mpc-transition  mi mi-pin_drop"></i><span class="mpc-button__title mpc-transition">Volver al mapa</span></div><div class="mpc-button__background mpc-transition mpc-effect-type--fade mpc-effect-side--in"></div></a>[/vc_column][/vc_row][vc_row][vc_column width=»2/3&#8243;][vc_column_text]</p>
<p align="justify">La granja Hogar La Huella fue fundada en 1975 por un grupo de jóvenes , alumnos de los padres jesuitas, que buscaban crear un hogar para niños abandonados por sus padres y que provenían de familias en situación de vulnerabilidad social.</p>
<p>&nbsp;</p>
<p align="justify">En el Hogar viven  niños/as y adolescentes, acompañados por un equipo de educadores, una trabajadora social y una psicóloga. A través del respaldo afectivo y psicológico, se apunta a reconstruir vínculos (con la familia y otros), a generar proyectos personales, en el marco de lo grupal, que lleven a los niños y niñas  a crecer en autonomía e independencia, haciéndose cargo de sus propias vidas.  Se les prepara para insertarse en la sociedad a través de la vida cotidiana, la formación en valores, la educación formal y de experiencias laborales en el medio rural y/o urbano.</p>
<p>&nbsp;</p>
<p align="justify">Desde 2001 funciona en La Huella el Club de Niños “La Huellita” del que participan 50 niños y niñas  y desde principios de 2004  el centro <strong><a href="http://CAIF “Los Periquitos”" rel="noopener noreferrer" target="_blank">CAIF “Los Periquitos”</a></strong> que trabajan con 70 niños, niñas y sus familias. Todas las propuestas apuntan al desarrollo integral de sus participantes para que puedan dignificar sus vidas y participar activamente en la construcción de su realidad personal y social.</p>
<p>&nbsp;</p>
<p>&nbsp;</p>
<h5 style="text-align: left"><strong><span style="color: #aa0f16">Contactos</span></strong></h5>
<p>&nbsp;</p>
<p><strong>Web</strong>: www.lahuella.org.uy</p>
<p>[/vc_column_text][/vc_column][vc_column width=»1/3&#8243;][vc_gmaps link=»#E-8_JTNDaWZyYW1lJTIwc3JjJTNEJTIyaHR0cHMlM0ElMkYlMkZ3d3cuZ29vZ2xlLmNvbSUyRm1hcHMlMkZlbWJlZCUzRnBiJTNEJTIxMW0xOCUyMTFtMTIlMjExbTMlMjExZDE1NTY2MS45MDYyODkxNzQyMiUyMTJkLTU2LjMyODM1NzE2NTg3NTQ2JTIxM2QtMzQuNzU0OTMwMDYyMzU1MzIlMjEybTMlMjExZjAlMjEyZjAlMjEzZjAlMjEzbTIlMjExaTEwMjQlMjEyaTc2OCUyMTRmMTMuMSUyMTNtMyUyMTFtMiUyMTFzMHg5NWExZDI4MmRlZTU2MjI3JTI1M0EweGRhM2E4ZmJlZWM0MjVmYjUlMjEyc0dyYW5qYSUyNTIwSG9nYXIlMjUyMCUyNTIyTGElMjUyMEh1ZWxsYSUyNTIyJTIxNWUwJTIxM20yJTIxMXNlcyUyMTJzdmUlMjE0djE2MDMwNjYxNDgwMzYlMjE1bTIlMjExc2VzJTIxMnN2ZSUyMiUyMHdpZHRoJTNEJTIyNjAwJTIyJTIwaGVpZ2h0JTNEJTIyNDUwJTIyJTIwZnJhbWVib3JkZXIlM0QlMjIwJTIyJTIwc3R5bGUlM0QlMjJib3JkZXIlM0EwJTNCJTIyJTIwYWxsb3dmdWxsc2NyZWVuJTNEJTIyJTIyJTIwYXJpYS1oaWRkZW4lM0QlMjJmYWxzZSUyMiUyMHRhYmluZGV4JTNEJTIyMCUyMiUzRSUzQyUyRmlmcmFtZSUzRQ==»][/vc_column][/vc_row][vc_row][vc_column width=»1/4&#8243;][vc_single_image image=»2088&#8243; img_size=»medium» alignment=»center» onclick=»img_link_large»][/vc_column][vc_column width=»1/4&#8243;][vc_single_image image=»2086&#8243; img_size=»medium» alignment=»center» onclick=»img_link_large»][/vc_column][vc_column width=»1/4&#8243;][vc_single_image image=»2089&#8243; img_size=»medium» alignment=»center» onclick=»img_link_large»][/vc_column][vc_column width=»1/4&#8243;][vc_single_image image=»2087&#8243; img_size=»medium» alignment=»center» onclick=»img_link_large»][/vc_column][/vc_row]</p>
</div>

<p>[vc_row][vc_column width=»5/6&#8243;][/vc_column][vc_column width=»1/6&#8243;][/vc_column][/vc_row][vc_row][vc_column width=»2/3&#8243;][vc_column_text] La granja Hogar La Huella fue fundada en 1975 por un grupo de jóvenes , alumnos de los padres jesuitas, que buscaban crear un hogar para niños abandonados por sus padres y que provenían de familias en situación de vulnerabilidad social. &nbsp; En el Hogar viven niños/as y adolescentes, acompañados por</p>

<!-- This site is optimized with the Yoast SEO plugin v27.5 - https://yoast.com/product/yoast-seo-wordpress/ -->
<title>La Huella - #SomosFeyAlegria en Uruguay</title>
<meta name="robots" content="index, follow, max-snippet:-1, max-image-preview:large, max-video-preview:-1" />
<link rel="canonical" href="https://www.feyalegria.org/uruguay/la-huella/" />
<meta property="og:locale" content="es_ES" />
<meta property="og:type" content="article" />
<meta property="og:title" content="La Huella - #SomosFeyAlegria en Uruguay" />
<meta property="og:description" content="[vc_row][vc_column width=»5/6&#8243;][/vc_column][vc_column width=»1/6&#8243;][/vc_column][/vc_row][vc_row][vc_column width=»2/3&#8243;][vc_column_text] La granja Hogar La Huella fue fundada en 1975 por un grupo de jóvenes , alumnos de los padres jesuitas, que buscaban crear un hogar para niños abandonados por sus padres y que provenían de familias en situación de vulnerabilidad social. &nbsp; En el Hogar viven niños/as y adolescentes, acompañados por" />
<meta property="og:url" content="https://www.feyalegria.org/uruguay/la-huella/" />
<meta property="og:site_name" content="#SomosFeyAlegria en Uruguay" />
<meta property="article:modified_time" content="2020-11-07T23:35:10+00:00" />
<meta name="twitter:card" content="summary_large_image" />
<meta name="twitter:label1" content="Tiempo de lectura" />
	<meta name="twitter:data1" content="2 minutos" />
<script type="application/ld+json" class="yoast-schema-graph">{"@context":"https:\/\/schema.org","@graph":[{"@type":"WebPage","@id":"https:\/\/www.feyalegria.org\/uruguay\/la-huella\/","url":"https:\/\/www.feyalegria.org\/uruguay\/la-huella\/","name":"La Huella - #SomosFeyAlegria en Uruguay","isPartOf":{"@id":"https:\/\/www.feyalegria.org\/uruguay\/#website"},"datePublished":"2020-10-17T01:42:36+00:00","dateModified":"2020-11-07T23:35:10+00:00","breadcrumb":{"@id":"https:\/\/www.feyalegria.org\/uruguay\/la-huella\/#breadcrumb"},"inLanguage":"es","potentialAction":[{"@type":"ReadAction","target":["https:\/\/www.feyalegria.org\/uruguay\/la-huella\/"]}]},{"@type":"BreadcrumbList","@id":"https:\/\/www.feyalegria.org\/uruguay\/la-huella\/#breadcrumb","itemListElement":[{"@type":"ListItem","position":1,"name":"Home","item":"https:\/\/www.feyalegria.org\/uruguay\/"},{"@type":"ListItem","position":2,"name":"La Huella"}]},{"@type":"WebSite","@id":"https:\/\/www.feyalegria.org\/uruguay\/#website","url":"https:\/\/www.feyalegria.org\/uruguay\/","name":"#SomosFeyAlegria en Uruguay","description":"Movimiento de Educación Popular y Promoción Social","potentialAction":[{"@type":"SearchAction","target":{"@type":"EntryPoint","urlTemplate":"https:\/\/www.feyalegria.org\/uruguay\/?s={search_term_string}"},"query-input":{"@type":"PropertyValueSpecification","valueRequired":true,"valueName":"search_term_string"}}],"inLanguage":"es"}]}</script>
<!-- / Yoast SEO plugin. -->

[vc_row][vc_column width=»5/6&#8243;][/vc_column][vc_column width=»1/6&#8243;][/vc_column][/vc_row][vc_row][vc_column width=»2/3&#8243;][vc_column_text] La granja Hogar La Huella fue fundada en 1975 por un grupo de jóvenes , alumnos de los padres jesuitas, que buscaban crear un hogar para niños abandonados por sus padres y que provenían de familias en situación de vulnerabilidad social. &nbsp; En el Hogar viven niños/as y adolescentes, acompañados por

Movimiento de Educación Popular y Promoción Social
