 {"id":1982,"date":"2020-10-16T21:08:22","date_gmt":"2020-10-17T02:08:22","guid":{"rendered":"https:\/\/www.feyalegria.org\/uruguay\/?page_id=1982"},"modified":"2020-11-07T16:29:16","modified_gmt":"2020-11-07T21:29:16","slug":"caif-fatima","status":"publish","type":"page","link":"https:\/\/www.feyalegria.org\/uruguay\/caif-fatima\/","title":{"rendered":"CAIF F\u00c1TIMA"},"content":{"rendered":"<div class=\"wpb-content-wrapper\"><p>[vc_row][vc_column width=\u00bb5\/6&#8243;]<div style=\"background-color:;height: 50px\" class=\"nicdark_section  \"><\/div>[\/vc_column][vc_column width=\u00bb1\/6&#8243;]<a href=\"https:\/\/www.feyalegria.org\/uruguay\/centros-educativos\/\" title=\"Centros educativos\"  data-id=\"mpc_button-8169f201c5567c0\" class=\"mpc-button mpc-init mpc-transition mpc-typography--default \" ><div class=\"mpc-button__content mpc-effect-type--stay mpc-effect-side--left\"><i class=\"mpc-button__icon mpc-transition  mi mi-pin_drop\"><\/i><span class=\"mpc-button__title mpc-transition\">Volver al mapa<\/span><\/div><div class=\"mpc-button__background mpc-transition mpc-effect-type--fade mpc-effect-side--in\"><\/div><\/a>[\/vc_column][\/vc_row][vc_row][vc_column width=\u00bb2\/3&#8243;][vc_column_text]<\/p>\n<p align=\"justify\">Ubicado en el barrio Pueblo Nuevo de Las Piedras en el edificio de un antiguo colegio que fue completamente refaccionado para que se adaptara las necesidades de un centro de primera infancia, el CAIF  F\u00e1tima ofrece atenci\u00f3n integral a 144 ni\u00f1os y ni\u00f1as de entre 0 y 3 a\u00f1os y a sus familias. F\u00e1tima se incorpora a las otras tres propuestas educativas que tenemos en el oeste de Canelones y que permiten ofrecer educaci\u00f3n de calidad a m\u00e1s de 580 ni\u00f1os, ni\u00f1as y adolescentes de la zona.<\/p>\n<p>&nbsp;<\/p>\n<p>&nbsp;<\/p>\n<h5 style=\"text-align: left\"><strong><span style=\"color: #aa0f16\">Contactos<\/span><\/strong><\/h5>\n<p>&nbsp;<\/p>\n<p><strong>Tel\u00e9fono<\/strong>: 2363 50 17<\/p>\n<p><strong>Correo electr\u00f3nico<\/strong>: fatimacaif@feyalegria.org.uy<\/p>\n<p>[\/vc_column_text][\/vc_column][vc_column width=\u00bb1\/3&#8243;][vc_gmaps link=\u00bb#E-8_JTNDaWZyYW1lJTIwc3JjJTNEJTIyaHR0cHMlM0ElMkYlMkZ3d3cuZ29vZ2xlLmNvbSUyRm1hcHMlMkZlbWJlZCUzRnBiJTNEJTIxMW0xOCUyMTFtMTIlMjExbTMlMjExZDgyNjIuMTkwNzA0MTUxMTMxJTIxMmQtNTYuMjM5NDA3NzkwMDk5MzMlMjEzZC0zNC43MzQxMDYyNDU4NzQ3OCUyMTJtMyUyMTFmMCUyMTJmMCUyMTNmMCUyMTNtMiUyMTFpMTAyNCUyMTJpNzY4JTIxNGYxMy4xJTIxM20zJTIxMW0yJTIxMXMweDk1YTFkMjlhMGRlYWQ2ODElMjUzQTB4YTM2ZWVlZmM2OGI1Mzk2MiUyMTJzQ0FJRiUyNTIwRiUyNUMzJTI1QTF0aW1hJTI1MjAtJTI1MjBGZSUyNTIweSUyNTIwQWxlZ3IlMjVDMyUyNUFEYSUyMTVlMCUyMTNtMiUyMTFzZXMlMjEyc3ZlJTIxNHYxNjAzMDYzMTUwMDI3JTIxNW0yJTIxMXNlcyUyMTJzdmUlMjIlMjB3aWR0aCUzRCUyMjYwMCUyMiUyMGhlaWdodCUzRCUyMjQ1MCUyMiUyMGZyYW1lYm9yZGVyJTNEJTIyMCUyMiUyMHN0eWxlJTNEJTIyYm9yZGVyJTNBMCUzQiUyMiUyMGFsbG93ZnVsbHNjcmVlbiUzRCUyMiUyMiUyMGFyaWEtaGlkZGVuJTNEJTIyZmFsc2UlMjIlMjB0YWJpbmRleCUzRCUyMjAlMjIlM0UlM0MlMkZpZnJhbWUlM0U=\u00bb][\/vc_column][\/vc_row][vc_row][vc_column width=\u00bb1\/2&#8243;][vc_single_image image=\u00bb2402&#8243; img_size=\u00bbfull\u00bb alignment=\u00bbcenter\u00bb onclick=\u00bbimg_link_large\u00bb][\/vc_column][vc_column width=\u00bb1\/2&#8243;][vc_single_image image=\u00bb2403&#8243; img_size=\u00bbfull\u00bb alignment=\u00bbcenter\u00bb onclick=\u00bbimg_link_large\u00bb][\/vc_column][\/vc_row]<\/p>\n<\/div>","protected":false},"excerpt":{"rendered":"<p>[vc_row][vc_column width=\u00bb5\/6&#8243;][\/vc_column][vc_column width=\u00bb1\/6&#8243;][\/vc_column][\/vc_row][vc_row][vc_column width=\u00bb2\/3&#8243;][vc_column_text] Ubicado en el barrio Pueblo Nuevo de Las Piedras en el edificio de un antiguo colegio que fue completamente refaccionado para que se adaptara las necesidades de un centro de primera infancia, el CAIF F\u00e1tima ofrece atenci\u00f3n integral a 144 ni\u00f1os y ni\u00f1as de entre 0 y 3 a\u00f1os y a<\/p>\n","protected":false},"author":6,"featured_media":0,"parent":0,"menu_order":0,"comment_status":"closed","ping_status":"closed","template":"","meta":{"_acf_changed":false,"footnotes":""},"folder":[],"class_list":["post-1982","page","type-page","status-publish","hentry"],"acf":[],"yoast_head":"<!-- This site is optimized with the Yoast SEO plugin v27.5 - https:\/\/yoast.com\/product\/yoast-seo-wordpress\/ -->\n<title>CAIF F\u00c1TIMA - #SomosFeyAlegria en Uruguay<\/title>\n<meta name=\"robots\" content=\"index, follow, max-snippet:-1, max-image-preview:large, max-video-preview:-1\" \/>\n<link rel=\"canonical\" href=\"https:\/\/www.feyalegria.org\/uruguay\/caif-fatima\/\" \/>\n<meta property=\"og:locale\" content=\"es_ES\" \/>\n<meta property=\"og:type\" content=\"article\" \/>\n<meta property=\"og:title\" content=\"CAIF F\u00c1TIMA - #SomosFeyAlegria en Uruguay\" \/>\n<meta property=\"og:description\" content=\"[vc_row][vc_column width=\u00bb5\/6&#8243;][\/vc_column][vc_column width=\u00bb1\/6&#8243;][\/vc_column][\/vc_row][vc_row][vc_column width=\u00bb2\/3&#8243;][vc_column_text] Ubicado en el barrio Pueblo Nuevo de Las Piedras en el edificio de un antiguo colegio que fue completamente refaccionado para que se adaptara las necesidades de un centro de primera infancia, el CAIF F\u00e1tima ofrece atenci\u00f3n integral a 144 ni\u00f1os y ni\u00f1as de entre 0 y 3 a\u00f1os y a\" \/>\n<meta property=\"og:url\" content=\"https:\/\/www.feyalegria.org\/uruguay\/caif-fatima\/\" \/>\n<meta property=\"og:site_name\" content=\"#SomosFeyAlegria en Uruguay\" \/>\n<meta property=\"article:modified_time\" content=\"2020-11-07T21:29:16+00:00\" \/>\n<meta name=\"twitter:card\" content=\"summary_large_image\" \/>\n<meta name=\"twitter:label1\" content=\"Tiempo de lectura\" \/>\n\t<meta name=\"twitter:data1\" content=\"2 minutos\" \/>\n<script type=\"application\/ld+json\" class=\"yoast-schema-graph\">{\"@context\":\"https:\\\/\\\/schema.org\",\"@graph\":[{\"@type\":\"WebPage\",\"@id\":\"https:\\\/\\\/www.feyalegria.org\\\/uruguay\\\/caif-fatima\\\/\",\"url\":\"https:\\\/\\\/www.feyalegria.org\\\/uruguay\\\/caif-fatima\\\/\",\"name\":\"CAIF F\u00c1TIMA - #SomosFeyAlegria en Uruguay\",\"isPartOf\":{\"@id\":\"https:\\\/\\\/www.feyalegria.org\\\/uruguay\\\/#website\"},\"datePublished\":\"2020-10-17T02:08:22+00:00\",\"dateModified\":\"2020-11-07T21:29:16+00:00\",\"breadcrumb\":{\"@id\":\"https:\\\/\\\/www.feyalegria.org\\\/uruguay\\\/caif-fatima\\\/#breadcrumb\"},\"inLanguage\":\"es\",\"potentialAction\":[{\"@type\":\"ReadAction\",\"target\":[\"https:\\\/\\\/www.feyalegria.org\\\/uruguay\\\/caif-fatima\\\/\"]}]},{\"@type\":\"BreadcrumbList\",\"@id\":\"https:\\\/\\\/www.feyalegria.org\\\/uruguay\\\/caif-fatima\\\/#breadcrumb\",\"itemListElement\":[{\"@type\":\"ListItem\",\"position\":1,\"name\":\"Home\",\"item\":\"https:\\\/\\\/www.feyalegria.org\\\/uruguay\\\/\"},{\"@type\":\"ListItem\",\"position\":2,\"name\":\"CAIF F\u00c1TIMA\"}]},{\"@type\":\"WebSite\",\"@id\":\"https:\\\/\\\/www.feyalegria.org\\\/uruguay\\\/#website\",\"url\":\"https:\\\/\\\/www.feyalegria.org\\\/uruguay\\\/\",\"name\":\"#SomosFeyAlegria en Uruguay\",\"description\":\"Movimiento de Educaci\u00f3n Popular y Promoci\u00f3n Social\",\"potentialAction\":[{\"@type\":\"SearchAction\",\"target\":{\"@type\":\"EntryPoint\",\"urlTemplate\":\"https:\\\/\\\/www.feyalegria.org\\\/uruguay\\\/?s={search_term_string}\"},\"query-input\":{\"@type\":\"PropertyValueSpecification\",\"valueRequired\":true,\"valueName\":\"search_term_string\"}}],\"inLanguage\":\"es\"}]}<\/script>\n<!-- \/ Yoast SEO plugin. -->","yoast_head_json":{"title":"CAIF F\u00c1TIMA - #SomosFeyAlegria en Uruguay","robots":{"index":"index","follow":"follow","max-snippet":"max-snippet:-1","max-image-preview":"max-image-preview:large","max-video-preview":"max-video-preview:-1"},"canonical":"https:\/\/www.feyalegria.org\/uruguay\/caif-fatima\/","og_locale":"es_ES","og_type":"article","og_title":"CAIF F\u00c1TIMA - #SomosFeyAlegria en Uruguay","og_description":"[vc_row][vc_column width=\u00bb5\/6&#8243;][\/vc_column][vc_column width=\u00bb1\/6&#8243;][\/vc_column][\/vc_row][vc_row][vc_column width=\u00bb2\/3&#8243;][vc_column_text] Ubicado en el barrio Pueblo Nuevo de Las Piedras en el edificio de un antiguo colegio que fue completamente refaccionado para que se adaptara las necesidades de un centro de primera infancia, el CAIF F\u00e1tima ofrece atenci\u00f3n integral a 144 ni\u00f1os y ni\u00f1as de entre 0 y 3 a\u00f1os y a","og_url":"https:\/\/www.feyalegria.org\/uruguay\/caif-fatima\/","og_site_name":"#SomosFeyAlegria en Uruguay","article_modified_time":"2020-11-07T21:29:16+00:00","twitter_card":"summary_large_image","twitter_misc":{"Tiempo de lectura":"2 minutos"},"schema":{"@context":"https:\/\/schema.org","@graph":[{"@type":"WebPage","@id":"https:\/\/www.feyalegria.org\/uruguay\/caif-fatima\/","url":"https:\/\/www.feyalegria.org\/uruguay\/caif-fatima\/","name":"CAIF F\u00c1TIMA - #SomosFeyAlegria en Uruguay","isPartOf":{"@id":"https:\/\/www.feyalegria.org\/uruguay\/#website"},"datePublished":"2020-10-17T02:08:22+00:00","dateModified":"2020-11-07T21:29:16+00:00","breadcrumb":{"@id":"https:\/\/www.feyalegria.org\/uruguay\/caif-fatima\/#breadcrumb"},"inLanguage":"es","potentialAction":[{"@type":"ReadAction","target":["https:\/\/www.feyalegria.org\/uruguay\/caif-fatima\/"]}]},{"@type":"BreadcrumbList","@id":"https:\/\/www.feyalegria.org\/uruguay\/caif-fatima\/#breadcrumb","itemListElement":[{"@type":"ListItem","position":1,"name":"Home","item":"https:\/\/www.feyalegria.org\/uruguay\/"},{"@type":"ListItem","position":2,"name":"CAIF F\u00c1TIMA"}]},{"@type":"WebSite","@id":"https:\/\/www.feyalegria.org\/uruguay\/#website","url":"https:\/\/www.feyalegria.org\/uruguay\/","name":"#SomosFeyAlegria en Uruguay","description":"Movimiento de Educaci\u00f3n Popular y Promoci\u00f3n Social","potentialAction":[{"@type":"SearchAction","target":{"@type":"EntryPoint","urlTemplate":"https:\/\/www.feyalegria.org\/uruguay\/?s={search_term_string}"},"query-input":{"@type":"PropertyValueSpecification","valueRequired":true,"valueName":"search_term_string"}}],"inLanguage":"es"}]}},"_links":{"self":[{"href":"https:\/\/www.feyalegria.org\/uruguay\/wp-json\/wp\/v2\/pages\/1982","targetHints":{"allow":["GET"]}}],"collection":[{"href":"https:\/\/www.feyalegria.org\/uruguay\/wp-json\/wp\/v2\/pages"}],"about":[{"href":"https:\/\/www.feyalegria.org\/uruguay\/wp-json\/wp\/v2\/types\/page"}],"author":[{"embeddable":true,"href":"https:\/\/www.feyalegria.org\/uruguay\/wp-json\/wp\/v2\/users\/6"}],"replies":[{"embeddable":true,"href":"https:\/\/www.feyalegria.org\/uruguay\/wp-json\/wp\/v2\/comments?post=1982"}],"version-history":[{"count":0,"href":"https:\/\/www.feyalegria.org\/uruguay\/wp-json\/wp\/v2\/pages\/1982\/revisions"}],"wp:attachment":[{"href":"https:\/\/www.feyalegria.org\/uruguay\/wp-json\/wp\/v2\/media?parent=1982"}],"wp:term":[{"taxonomy":"folder","embeddable":true,"href":"https:\/\/www.feyalegria.org\/uruguay\/wp-json\/wp\/v2\/folder?post=1982"}],"curies":[{"name":"wp","href":"https:\/\/api.w.org\/{rel}","templated":true}]}}

CAIF FÁTIMA

<div class="wpb-content-wrapper"><p>[vc_row][vc_column width=»5/6&#8243;]<div style="background-color:;height: 50px" class="nicdark_section  "></div>[/vc_column][vc_column width=»1/6&#8243;]<a href="https://www.feyalegria.org/uruguay/centros-educativos/" title="Centros educativos"  data-id="mpc_button-8169f201c5567c0" class="mpc-button mpc-init mpc-transition mpc-typography--default " ><div class="mpc-button__content mpc-effect-type--stay mpc-effect-side--left"><i class="mpc-button__icon mpc-transition  mi mi-pin_drop"></i><span class="mpc-button__title mpc-transition">Volver al mapa</span></div><div class="mpc-button__background mpc-transition mpc-effect-type--fade mpc-effect-side--in"></div></a>[/vc_column][/vc_row][vc_row][vc_column width=»2/3&#8243;][vc_column_text]</p>
<p align="justify">Ubicado en el barrio Pueblo Nuevo de Las Piedras en el edificio de un antiguo colegio que fue completamente refaccionado para que se adaptara las necesidades de un centro de primera infancia, el CAIF  Fátima ofrece atención integral a 144 niños y niñas de entre 0 y 3 años y a sus familias. Fátima se incorpora a las otras tres propuestas educativas que tenemos en el oeste de Canelones y que permiten ofrecer educación de calidad a más de 580 niños, niñas y adolescentes de la zona.</p>
<p>&nbsp;</p>
<p>&nbsp;</p>
<h5 style="text-align: left"><strong><span style="color: #aa0f16">Contactos</span></strong></h5>
<p>&nbsp;</p>
<p><strong>Teléfono</strong>: 2363 50 17</p>
<p><strong>Correo electrónico</strong>: fatimacaif@feyalegria.org.uy</p>
<p>[/vc_column_text][/vc_column][vc_column width=»1/3&#8243;][vc_gmaps link=»#E-8_JTNDaWZyYW1lJTIwc3JjJTNEJTIyaHR0cHMlM0ElMkYlMkZ3d3cuZ29vZ2xlLmNvbSUyRm1hcHMlMkZlbWJlZCUzRnBiJTNEJTIxMW0xOCUyMTFtMTIlMjExbTMlMjExZDgyNjIuMTkwNzA0MTUxMTMxJTIxMmQtNTYuMjM5NDA3NzkwMDk5MzMlMjEzZC0zNC43MzQxMDYyNDU4NzQ3OCUyMTJtMyUyMTFmMCUyMTJmMCUyMTNmMCUyMTNtMiUyMTFpMTAyNCUyMTJpNzY4JTIxNGYxMy4xJTIxM20zJTIxMW0yJTIxMXMweDk1YTFkMjlhMGRlYWQ2ODElMjUzQTB4YTM2ZWVlZmM2OGI1Mzk2MiUyMTJzQ0FJRiUyNTIwRiUyNUMzJTI1QTF0aW1hJTI1MjAtJTI1MjBGZSUyNTIweSUyNTIwQWxlZ3IlMjVDMyUyNUFEYSUyMTVlMCUyMTNtMiUyMTFzZXMlMjEyc3ZlJTIxNHYxNjAzMDYzMTUwMDI3JTIxNW0yJTIxMXNlcyUyMTJzdmUlMjIlMjB3aWR0aCUzRCUyMjYwMCUyMiUyMGhlaWdodCUzRCUyMjQ1MCUyMiUyMGZyYW1lYm9yZGVyJTNEJTIyMCUyMiUyMHN0eWxlJTNEJTIyYm9yZGVyJTNBMCUzQiUyMiUyMGFsbG93ZnVsbHNjcmVlbiUzRCUyMiUyMiUyMGFyaWEtaGlkZGVuJTNEJTIyZmFsc2UlMjIlMjB0YWJpbmRleCUzRCUyMjAlMjIlM0UlM0MlMkZpZnJhbWUlM0U=»][/vc_column][/vc_row][vc_row][vc_column width=»1/2&#8243;][vc_single_image image=»2402&#8243; img_size=»full» alignment=»center» onclick=»img_link_large»][/vc_column][vc_column width=»1/2&#8243;][vc_single_image image=»2403&#8243; img_size=»full» alignment=»center» onclick=»img_link_large»][/vc_column][/vc_row]</p>
</div>

<p>[vc_row][vc_column width=»5/6&#8243;][/vc_column][vc_column width=»1/6&#8243;][/vc_column][/vc_row][vc_row][vc_column width=»2/3&#8243;][vc_column_text] Ubicado en el barrio Pueblo Nuevo de Las Piedras en el edificio de un antiguo colegio que fue completamente refaccionado para que se adaptara las necesidades de un centro de primera infancia, el CAIF Fátima ofrece atención integral a 144 niños y niñas de entre 0 y 3 años y a</p>

<!-- This site is optimized with the Yoast SEO plugin v27.5 - https://yoast.com/product/yoast-seo-wordpress/ -->
<title>CAIF FÁTIMA - #SomosFeyAlegria en Uruguay</title>
<meta name="robots" content="index, follow, max-snippet:-1, max-image-preview:large, max-video-preview:-1" />
<link rel="canonical" href="https://www.feyalegria.org/uruguay/caif-fatima/" />
<meta property="og:locale" content="es_ES" />
<meta property="og:type" content="article" />
<meta property="og:title" content="CAIF FÁTIMA - #SomosFeyAlegria en Uruguay" />
<meta property="og:description" content="[vc_row][vc_column width=»5/6&#8243;][/vc_column][vc_column width=»1/6&#8243;][/vc_column][/vc_row][vc_row][vc_column width=»2/3&#8243;][vc_column_text] Ubicado en el barrio Pueblo Nuevo de Las Piedras en el edificio de un antiguo colegio que fue completamente refaccionado para que se adaptara las necesidades de un centro de primera infancia, el CAIF Fátima ofrece atención integral a 144 niños y niñas de entre 0 y 3 años y a" />
<meta property="og:url" content="https://www.feyalegria.org/uruguay/caif-fatima/" />
<meta property="og:site_name" content="#SomosFeyAlegria en Uruguay" />
<meta property="article:modified_time" content="2020-11-07T21:29:16+00:00" />
<meta name="twitter:card" content="summary_large_image" />
<meta name="twitter:label1" content="Tiempo de lectura" />
	<meta name="twitter:data1" content="2 minutos" />
<script type="application/ld+json" class="yoast-schema-graph">{"@context":"https:\/\/schema.org","@graph":[{"@type":"WebPage","@id":"https:\/\/www.feyalegria.org\/uruguay\/caif-fatima\/","url":"https:\/\/www.feyalegria.org\/uruguay\/caif-fatima\/","name":"CAIF FÁTIMA - #SomosFeyAlegria en Uruguay","isPartOf":{"@id":"https:\/\/www.feyalegria.org\/uruguay\/#website"},"datePublished":"2020-10-17T02:08:22+00:00","dateModified":"2020-11-07T21:29:16+00:00","breadcrumb":{"@id":"https:\/\/www.feyalegria.org\/uruguay\/caif-fatima\/#breadcrumb"},"inLanguage":"es","potentialAction":[{"@type":"ReadAction","target":["https:\/\/www.feyalegria.org\/uruguay\/caif-fatima\/"]}]},{"@type":"BreadcrumbList","@id":"https:\/\/www.feyalegria.org\/uruguay\/caif-fatima\/#breadcrumb","itemListElement":[{"@type":"ListItem","position":1,"name":"Home","item":"https:\/\/www.feyalegria.org\/uruguay\/"},{"@type":"ListItem","position":2,"name":"CAIF FÁTIMA"}]},{"@type":"WebSite","@id":"https:\/\/www.feyalegria.org\/uruguay\/#website","url":"https:\/\/www.feyalegria.org\/uruguay\/","name":"#SomosFeyAlegria en Uruguay","description":"Movimiento de Educación Popular y Promoción Social","potentialAction":[{"@type":"SearchAction","target":{"@type":"EntryPoint","urlTemplate":"https:\/\/www.feyalegria.org\/uruguay\/?s={search_term_string}"},"query-input":{"@type":"PropertyValueSpecification","valueRequired":true,"valueName":"search_term_string"}}],"inLanguage":"es"}]}</script>
<!-- / Yoast SEO plugin. -->

CAIF FÁTIMA - #SomosFeyAlegria en Uruguay

[vc_row][vc_column width=»5/6&#8243;][/vc_column][vc_column width=»1/6&#8243;][/vc_column][/vc_row][vc_row][vc_column width=»2/3&#8243;][vc_column_text] Ubicado en el barrio Pueblo Nuevo de Las Piedras en el edificio de un antiguo colegio que fue completamente refaccionado para que se adaptara las necesidades de un centro de primera infancia, el CAIF Fátima ofrece atención integral a 144 niños y niñas de entre 0 y 3 años y a

Movimiento de Educación Popular y Promoción Social
