 {"id":824,"date":"2020-07-18T17:18:03","date_gmt":"2020-07-18T22:18:03","guid":{"rendered":"https:\/\/www.feyalegria.org\/uruguay\/?page_id=824"},"modified":"2025-01-24T13:48:13","modified_gmt":"2025-01-24T18:48:13","slug":"oportunidades-laborales-en-fe-y-alegria","status":"publish","type":"page","link":"https:\/\/www.feyalegria.org\/uruguay\/oportunidades-laborales-en-fe-y-alegria\/","title":{"rendered":"Oportunidades laborales"},"content":{"rendered":"<div class=\"wpb-content-wrapper\"><p>[vc_row][vc_column width=\u00bb2\/3&#8243;][vc_separator][vc_column_text]OPORTUNIDADES LABORALES Y CONVOCATORIAS.[\/vc_column_text][vc_column_text]<\/p>\n<p align=\"justify\">En esta p\u00e1gina se listan los llamados abiertos para nuestros centros educativos. Si te motiva a integrarte a una organizaci\u00f3n en pleno crecimiento, en la que apostamos al desarrollo profesional y humano de todas las personas, cualquiera sea su rol, \u00a1<strong>postulate<\/strong>!<\/p>\n<p>&nbsp;<\/p>\n<p align=\"justify\">Haciendo <strong>click<\/strong> en cada llamado se puede ver la informaci\u00f3n completa y plazo de postulaci\u00f3n.<\/p>\n<p>&nbsp;<\/p>\n<p><strong>No recibimos postulaciones por Facebook ni otras redes sociales.<\/strong><\/p>\n<p>&nbsp;<\/p>\n<p align=\"center\">Es bienvenida la difusi\u00f3n.<br \/>\n[\/vc_column_text][vc_separator color=\u00bbcustom\u00bb accent_color=\u00bb#dd0218&#8243;][vc_column_text css=\u00bb\u00bb]<span style=\"font-size: 18px;\"><strong>OPORTUNIDADES LABORALES DICIEMBRE 2024 &#8211; ENERO 2025<\/strong><\/span><\/p>\n<p><strong><span style=\"color: #ff0000;\">ES MUY IMPORTANTE INDICAR EN EL ASUNTO DEL MAIL EL CARGO AL QUE TE POSTUL\u00c1S<\/span><\/strong><\/p>\n<p>Clicke\u00e1 en el cargo de tu inter\u00e9s para ver m\u00e1s detalles y formas de postulaci\u00f3n.<\/p>\n<ul>\n<li><a href=\"https:\/\/d3pugrm67vf9n7.cloudfront.net\/wp-content\/uploads\/sites\/16\/2025\/01\/20142058\/colegio-san-adolfo-selecciona-maestras-de-inicial-y-primaria-3.pdf\"><strong>MAESTRAS\/MAESTROS PARA COLEGIO SAN ADOLFO<\/strong><\/a><\/li>\n<li><a href=\"https:\/\/www.feyalegria.org\/uruguay\/lic-en-trabajo-social-para-centro-juvenil-juntos\/\"><strong>LIC. EN TRABAJO SOCIAL PARA CENTRO JUVENIL JUNTOS<\/strong><\/a><\/li>\n<li><a href=\"https:\/\/www.feyalegria.org\/uruguay\/lic-en-psicopedagogia-centro-juvenil-juntos\/\"><strong>LIC. EN PSICOPEDAGOG\u00cdA PARA CENTRO JUVENIL JUNTOS<\/strong><\/a><\/li>\n<li><a href=\"https:\/\/www.feyalegria.org\/uruguay\/educador-a-para-centro-juvenil-juntos\/\"><strong>EDUCADOR PARA CENTRO JUVENIL JUNTOS (Plazo actualizado 29\/01\/2025)<\/strong><\/a><\/li>\n<li><a href=\"https:\/\/www.feyalegria.org\/uruguay\/educadoras-educadores-para-caif-las-piedras\/\"><strong>EDUCADORES &#8211; EDUCADORAS DE PRIMERA INFANCIA PARA CAIF ZONA LAS PIEDRAS Y 18 DE MAYO (Plazo actualizado 29\/01\/2025)<\/strong><\/a><\/li>\n<li><a href=\"https:\/\/www.feyalegria.org\/uruguay\/lic-en-psicomotricidad\/\"><strong>PSICOMOTRICISTA PARA CAIF en LAS PIEDRAS (Plazo actualizado 29\/01\/2025)<\/strong><\/a><\/li>\n<li><strong><a href=\"https:\/\/www.feyalegria.org\/uruguay\/coordinador-a-club-de-ninos\/\">COORDINADOR\/A CLUB DE NI\u00d1OS (MONTEVIDEO)<\/a><\/strong><\/li>\n<li><strong><a href=\"https:\/\/www.feyalegria.org\/uruguay\/educador-a-de-experiencias-oportunas-caif\/\">EDUCADOR\/A DE EXPERIENCIAS OPORTUNAS PARA CAIF PADRE NOVOA<\/a><\/strong><\/li>\n<li><strong><a href=\"https:\/\/www.feyalegria.org\/uruguay\/lic-en-psicologia-para-primera-infancia\/\">LIC.EN PSICOLOG\u00edA PARA CENTRO DE PRIMERA INFANCIA<\/a><\/strong><\/li>\n<\/ul>\n<p>[\/vc_column_text][vc_separator color=\u00bbcustom\u00bb accent_color=\u00bb#dd0218&#8243;][\/vc_column][vc_column width=\u00bb1\/3&#8243;][vc_single_image image=\u00bb3753&#8243; img_size=\u00bbmedium\u00bb alignment=\u00bbcenter\u00bb style=\u00bbvc_box_circle_2&#8243;][\/vc_column][\/vc_row][vc_row][vc_column][\/vc_column][\/vc_row]<\/p>\n<\/div>","protected":false},"excerpt":{"rendered":"<p>[vc_row][vc_column width=\u00bb2\/3&#8243;][vc_separator][vc_column_text]OPORTUNIDADES LABORALES Y CONVOCATORIAS.[\/vc_column_text][vc_column_text] En esta p\u00e1gina se listan los llamados abiertos para nuestros centros educativos. Si te motiva a integrarte a una organizaci\u00f3n en pleno crecimiento, en la que apostamos al desarrollo profesional y humano de todas las personas, cualquiera sea su rol, \u00a1postulate! &nbsp; Haciendo click en cada llamado se puede ver<\/p>\n","protected":false},"author":2,"featured_media":0,"parent":0,"menu_order":0,"comment_status":"closed","ping_status":"closed","template":"","meta":{"_acf_changed":false,"footnotes":""},"folder":[],"class_list":["post-824","page","type-page","status-publish","hentry"],"acf":[],"yoast_head":"<!-- This site is optimized with the Yoast SEO plugin v27.2 - https:\/\/yoast.com\/product\/yoast-seo-wordpress\/ -->\n<title>Oportunidades laborales en Fe y Alegr\u00eda en Uruguay<\/title>\n<meta name=\"description\" content=\"En esta p\u00e1gina publicamos las oportunidades laborales en Fe y Alegr\u00eda en Uruguay . Si te motiva a integrarte a una organizaci\u00f3n en pleno crecimiento, en la que apostamos al desarrollo profesional y humano de todas las personas, cualquiera sea su rol, \u00a1postulate!\" \/>\n<meta name=\"robots\" content=\"index, follow, max-snippet:-1, max-image-preview:large, max-video-preview:-1\" \/>\n<link rel=\"canonical\" href=\"https:\/\/www.feyalegria.org\/uruguay\/oportunidades-laborales-en-fe-y-alegria\/\" \/>\n<meta property=\"og:locale\" content=\"es_ES\" \/>\n<meta property=\"og:type\" content=\"article\" \/>\n<meta property=\"og:title\" content=\"Oportunidades laborales en Fe y Alegr\u00eda en Uruguay\" \/>\n<meta property=\"og:description\" content=\"En esta p\u00e1gina publicamos las oportunidades laborales en Fe y Alegr\u00eda en Uruguay . Si te motiva a integrarte a una organizaci\u00f3n en pleno crecimiento, en la que apostamos al desarrollo profesional y humano de todas las personas, cualquiera sea su rol, \u00a1postulate!\" \/>\n<meta property=\"og:url\" content=\"https:\/\/www.feyalegria.org\/uruguay\/oportunidades-laborales-en-fe-y-alegria\/\" \/>\n<meta property=\"og:site_name\" content=\"#SomosFeyAlegria en Uruguay\" \/>\n<meta property=\"article:modified_time\" content=\"2025-01-24T18:48:13+00:00\" \/>\n<meta name=\"twitter:card\" content=\"summary_large_image\" \/>\n<meta name=\"twitter:label1\" content=\"Tiempo de lectura\" \/>\n\t<meta name=\"twitter:data1\" content=\"1 minuto\" \/>\n<script type=\"application\/ld+json\" class=\"yoast-schema-graph\">{\"@context\":\"https:\/\/schema.org\",\"@graph\":[{\"@type\":\"WebPage\",\"@id\":\"https:\/\/www.feyalegria.org\/uruguay\/oportunidades-laborales-en-fe-y-alegria\/\",\"url\":\"https:\/\/www.feyalegria.org\/uruguay\/oportunidades-laborales-en-fe-y-alegria\/\",\"name\":\"Oportunidades laborales en Fe y Alegr\u00eda en Uruguay\",\"isPartOf\":{\"@id\":\"https:\/\/www.feyalegria.org\/uruguay\/#website\"},\"datePublished\":\"2020-07-18T22:18:03+00:00\",\"dateModified\":\"2025-01-24T18:48:13+00:00\",\"description\":\"En esta p\u00e1gina publicamos las oportunidades laborales en Fe y Alegr\u00eda en Uruguay . Si te motiva a integrarte a una organizaci\u00f3n en pleno crecimiento, en la que apostamos al desarrollo profesional y humano de todas las personas, cualquiera sea su rol, \u00a1postulate!\",\"breadcrumb\":{\"@id\":\"https:\/\/www.feyalegria.org\/uruguay\/oportunidades-laborales-en-fe-y-alegria\/#breadcrumb\"},\"inLanguage\":\"es\",\"potentialAction\":[{\"@type\":\"ReadAction\",\"target\":[\"https:\/\/www.feyalegria.org\/uruguay\/oportunidades-laborales-en-fe-y-alegria\/\"]}]},{\"@type\":\"BreadcrumbList\",\"@id\":\"https:\/\/www.feyalegria.org\/uruguay\/oportunidades-laborales-en-fe-y-alegria\/#breadcrumb\",\"itemListElement\":[{\"@type\":\"ListItem\",\"position\":1,\"name\":\"Home\",\"item\":\"https:\/\/www.feyalegria.org\/uruguay\/\"},{\"@type\":\"ListItem\",\"position\":2,\"name\":\"Oportunidades laborales\"}]},{\"@type\":\"WebSite\",\"@id\":\"https:\/\/www.feyalegria.org\/uruguay\/#website\",\"url\":\"https:\/\/www.feyalegria.org\/uruguay\/\",\"name\":\"#SomosFeyAlegria en Uruguay\",\"description\":\"Movimiento de Educaci\u00f3n Popular y Promoci\u00f3n Social\",\"potentialAction\":[{\"@type\":\"SearchAction\",\"target\":{\"@type\":\"EntryPoint\",\"urlTemplate\":\"https:\/\/www.feyalegria.org\/uruguay\/?s={search_term_string}\"},\"query-input\":{\"@type\":\"PropertyValueSpecification\",\"valueRequired\":true,\"valueName\":\"search_term_string\"}}],\"inLanguage\":\"es\"}]}<\/script>\n<!-- \/ Yoast SEO plugin. -->","yoast_head_json":{"title":"Oportunidades laborales en Fe y Alegr\u00eda en Uruguay","description":"En esta p\u00e1gina publicamos las oportunidades laborales en Fe y Alegr\u00eda en Uruguay . Si te motiva a integrarte a una organizaci\u00f3n en pleno crecimiento, en la que apostamos al desarrollo profesional y humano de todas las personas, cualquiera sea su rol, \u00a1postulate!","robots":{"index":"index","follow":"follow","max-snippet":"max-snippet:-1","max-image-preview":"max-image-preview:large","max-video-preview":"max-video-preview:-1"},"canonical":"https:\/\/www.feyalegria.org\/uruguay\/oportunidades-laborales-en-fe-y-alegria\/","og_locale":"es_ES","og_type":"article","og_title":"Oportunidades laborales en Fe y Alegr\u00eda en Uruguay","og_description":"En esta p\u00e1gina publicamos las oportunidades laborales en Fe y Alegr\u00eda en Uruguay . Si te motiva a integrarte a una organizaci\u00f3n en pleno crecimiento, en la que apostamos al desarrollo profesional y humano de todas las personas, cualquiera sea su rol, \u00a1postulate!","og_url":"https:\/\/www.feyalegria.org\/uruguay\/oportunidades-laborales-en-fe-y-alegria\/","og_site_name":"#SomosFeyAlegria en Uruguay","article_modified_time":"2025-01-24T18:48:13+00:00","twitter_card":"summary_large_image","twitter_misc":{"Tiempo de lectura":"1 minuto"},"schema":{"@context":"https:\/\/schema.org","@graph":[{"@type":"WebPage","@id":"https:\/\/www.feyalegria.org\/uruguay\/oportunidades-laborales-en-fe-y-alegria\/","url":"https:\/\/www.feyalegria.org\/uruguay\/oportunidades-laborales-en-fe-y-alegria\/","name":"Oportunidades laborales en Fe y Alegr\u00eda en Uruguay","isPartOf":{"@id":"https:\/\/www.feyalegria.org\/uruguay\/#website"},"datePublished":"2020-07-18T22:18:03+00:00","dateModified":"2025-01-24T18:48:13+00:00","description":"En esta p\u00e1gina publicamos las oportunidades laborales en Fe y Alegr\u00eda en Uruguay . Si te motiva a integrarte a una organizaci\u00f3n en pleno crecimiento, en la que apostamos al desarrollo profesional y humano de todas las personas, cualquiera sea su rol, \u00a1postulate!","breadcrumb":{"@id":"https:\/\/www.feyalegria.org\/uruguay\/oportunidades-laborales-en-fe-y-alegria\/#breadcrumb"},"inLanguage":"es","potentialAction":[{"@type":"ReadAction","target":["https:\/\/www.feyalegria.org\/uruguay\/oportunidades-laborales-en-fe-y-alegria\/"]}]},{"@type":"BreadcrumbList","@id":"https:\/\/www.feyalegria.org\/uruguay\/oportunidades-laborales-en-fe-y-alegria\/#breadcrumb","itemListElement":[{"@type":"ListItem","position":1,"name":"Home","item":"https:\/\/www.feyalegria.org\/uruguay\/"},{"@type":"ListItem","position":2,"name":"Oportunidades laborales"}]},{"@type":"WebSite","@id":"https:\/\/www.feyalegria.org\/uruguay\/#website","url":"https:\/\/www.feyalegria.org\/uruguay\/","name":"#SomosFeyAlegria en Uruguay","description":"Movimiento de Educaci\u00f3n Popular y Promoci\u00f3n Social","potentialAction":[{"@type":"SearchAction","target":{"@type":"EntryPoint","urlTemplate":"https:\/\/www.feyalegria.org\/uruguay\/?s={search_term_string}"},"query-input":{"@type":"PropertyValueSpecification","valueRequired":true,"valueName":"search_term_string"}}],"inLanguage":"es"}]}},"_links":{"self":[{"href":"https:\/\/www.feyalegria.org\/uruguay\/wp-json\/wp\/v2\/pages\/824","targetHints":{"allow":["GET"]}}],"collection":[{"href":"https:\/\/www.feyalegria.org\/uruguay\/wp-json\/wp\/v2\/pages"}],"about":[{"href":"https:\/\/www.feyalegria.org\/uruguay\/wp-json\/wp\/v2\/types\/page"}],"author":[{"embeddable":true,"href":"https:\/\/www.feyalegria.org\/uruguay\/wp-json\/wp\/v2\/users\/2"}],"replies":[{"embeddable":true,"href":"https:\/\/www.feyalegria.org\/uruguay\/wp-json\/wp\/v2\/comments?post=824"}],"version-history":[{"count":0,"href":"https:\/\/www.feyalegria.org\/uruguay\/wp-json\/wp\/v2\/pages\/824\/revisions"}],"wp:attachment":[{"href":"https:\/\/www.feyalegria.org\/uruguay\/wp-json\/wp\/v2\/media?parent=824"}],"wp:term":[{"taxonomy":"folder","embeddable":true,"href":"https:\/\/www.feyalegria.org\/uruguay\/wp-json\/wp\/v2\/folder?post=824"}],"curies":[{"name":"wp","href":"https:\/\/api.w.org\/{rel}","templated":true}]}}