 {"id":4345,"date":"2023-12-08T03:49:42","date_gmt":"2023-12-08T03:49:42","guid":{"rendered":"https:\/\/www.feyalegria.org\/venezuela\/?page_id=4345"},"modified":"2025-09-10T13:21:59","modified_gmt":"2025-09-10T13:21:59","slug":"directorio-oficina-nacional","status":"publish","type":"page","link":"https:\/\/www.feyalegria.org\/venezuela\/directorio-oficina-nacional\/","title":{"rendered":"Directorio Oficina Nacional"},"content":{"rendered":"<div class=\"wpb-content-wrapper\"><p>[vc_row full_width=\u00bbstretch_row_content\u00bb][vc_column][vc_single_image image=\u00bb5202&#8243; img_size=\u00bbfull\u00bb alignment=\u00bbcenter\u00bb][\/vc_column][\/vc_row][vc_row][vc_column]<div style=\"background-color:;height: 50px\" class=\"nicdark_section  \"><\/div>[vc_column_text]<\/p>\n<h1>Directorio Oficina Nacional<\/h1>\n<p>[\/vc_column_text]<div style=\"background-color:;height: 50px\" class=\"nicdark_section  \"><\/div>[vc_column_text]<\/p>\n<h2 style=\"text-align: center; font-weight: normal;\">Direcci\u00f3n General<\/h2>\n<p>[\/vc_column_text]<div style=\"background-color:;height: 20px\" class=\"nicdark_section  \"><\/div>[\/vc_column][\/vc_row][vc_row][vc_column width=\u00bb1\/3&#8243;][vc_single_image image=\u00bb4246&#8243; alignment=\u00bbcenter\u00bb style=\u00bbvc_box_border\u00bb][vc_column_text]<\/p>\n<h4 style=\"font-weight: normal; text-align: center;\">Director<\/h4>\n<p style=\"text-align: center;\" align=\"center\"><strong>Jos\u00e9 Gregorio Ter\u00e1n, S.J.<\/strong><\/p>\n<p style=\"text-align: center;\" align=\"center\"><a href=\"mailto:ve.director@feyalegria.org\" target=\"_blank\" rel=\"noopener noreferrer\">ve.director@feyalegria.org<\/a><\/p>\n<p>[\/vc_column_text][\/vc_column][vc_column width=\u00bb1\/3&#8243;][vc_single_image image=\u00bb10998&#8243; alignment=\u00bbcenter\u00bb style=\u00bbvc_box_border\u00bb css=\u00bb\u00bb][vc_column_text css=\u00bb\u00bb]<\/p>\n<h4 style=\"text-align: center; font-weight: normal;\">Subdirector<\/h4>\n<p style=\"text-align: center;\" align=\"center\"><strong>Eloy Rivas, S.J.<\/strong><\/p>\n<p style=\"text-align: center;\" align=\"center\"><a href=\"mailto:ve.director@feyalegria.org\" target=\"_blank\" rel=\"noopener noreferrer\">ve.subdirector@feyalegria.org<\/a><\/p>\n<p>[\/vc_column_text][\/vc_column][vc_column width=\u00bb1\/3&#8243;][vc_single_image image=\u00bb11004&#8243; alignment=\u00bbcenter\u00bb style=\u00bbvc_box_border\u00bb css=\u00bb\u00bb][vc_column_text css=\u00bb\u00bb]<\/p>\n<h4 style=\"text-align: center; font-weight: normal;\">Director de Financiamiento<\/h4>\n<p style=\"text-align: center;\" align=\"center\"><strong>Luis S\u00e1nchez<\/strong><\/p>\n<p style=\"text-align: center;\"><a href=\"mailto:l.sanchez@feyalegria.edu.ve\">l.sanchez@feyalegria.edu.ve<\/a><\/p>\n<p>[\/vc_column_text][\/vc_column][\/vc_row][vc_row][vc_column]<div style=\"background-color:;height: 30px\" class=\"nicdark_section  \"><\/div>[\/vc_column][\/vc_row][vc_row][vc_column width=\u00bb1\/4&#8243;][vc_single_image image=\u00bb4248&#8243; alignment=\u00bbcenter\u00bb style=\u00bbvc_box_border\u00bb][vc_column_text]<\/p>\n<h4 style=\"text-align: center; font-weight: normal;\">Servicios<\/h4>\n<p style=\"text-align: center;\" align=\"center\"><strong>Yaika Weber<\/strong><\/p>\n<p align=\"center\"><a href=\"mailto:y.weber@serviciosfeyalegria.org.ve\">y.weber@serviciosfeyalegria.org.ve<\/a><\/p>\n<p>[\/vc_column_text]<div style=\"background-color:;height: 30px\" class=\"nicdark_section  \"><\/div>[\/vc_column][vc_column width=\u00bb1\/4&#8243;][vc_single_image image=\u00bb4247&#8243; alignment=\u00bbcenter\u00bb style=\u00bbvc_box_border\u00bb][vc_column_text]<\/p>\n<h4 style=\"text-align: center; font-weight: normal;\">Centro de Formaci\u00f3n e Investigaci\u00f3n Padre Joaqu\u00edn<\/h4>\n<p style=\"text-align: center;\" align=\"center\"><strong>Luz Bettina Fuenmayor<\/strong><\/p>\n<p style=\"text-align: center;\" align=\"center\"><a href=\"mailto:direccion@centrodeformacion.com.ve\" target=\"_blank\" rel=\"noopener noreferrer\">direccion@centrodeformacion.com.ve<\/a><\/p>\n<p>[\/vc_column_text]<div style=\"background-color:;height: 30px\" class=\"nicdark_section  \"><\/div>[\/vc_column][vc_column width=\u00bb1\/4&#8243;][vc_single_image image=\u00bb4245&#8243; alignment=\u00bbcenter\u00bb style=\u00bbvc_box_border\u00bb][vc_column_text]<\/p>\n<h4 style=\"text-align: center; font-weight: normal;\">Administradora<\/h4>\n<p style=\"text-align: center;\" align=\"center\"><strong>Nelly Brice\u00f1o<\/strong><\/p>\n<p style=\"text-align: center;\" align=\"center\"><a href=\"mailto:n.briceno@feyalegria.edu.ve\" target=\"_blank\" rel=\"noopener noreferrer\">n.briceno@feyalegria.edu.ve<\/a><\/p>\n<p>[\/vc_column_text]<div style=\"background-color:;height: 30px\" class=\"nicdark_section  \"><\/div>[\/vc_column][vc_column width=\u00bb1\/4&#8243;][vc_single_image image=\u00bb5647&#8243; alignment=\u00bbcenter\u00bb style=\u00bbvc_box_border\u00bb][vc_column_text]<\/p>\n<h4 style=\"text-align: center; font-weight: normal;\">Secretar\u00eda General<\/h4>\n<p style=\"text-align: center;\" align=\"center\"><b>Xiorelis Ubeto<\/b><\/p>\n<p style=\"text-align: center;\" align=\"center\"><a href=\"venezuela@feyalegria.org\">venezuela@feyalegria.org<\/a><\/p>\n<p>[\/vc_column_text]<div style=\"background-color:;height: 30px\" class=\"nicdark_section  \"><\/div>[\/vc_column][\/vc_row][vc_row][vc_column]<div style=\"background-color:;height: 20px\" class=\"nicdark_section  \"><\/div>[\/vc_column][\/vc_row][vc_row full_width=\u00bbstretch_row_content\u00bb enable_first_overlay=\u00bbtrue\u00bb first_overlay_opacity=\u00bb25&#8243; first_background_color=\u00bb#e4e4e4&#8243;][vc_column]<div style=\"background-color:;height: 50px\" class=\"nicdark_section  \"><\/div>[vc_row_inner css=\u00bb.vc_custom_1700232773166{margin-right: 100px !important;margin-left: 100px !important;}\u00bb][vc_column_inner width=\u00bb1\/2&#8243;][vc_column_text]<\/p>\n<h4 style=\"font-weight: normal; text-align: center;\">Administraci\u00f3n<\/h4>\n<p>[\/vc_column_text][\/vc_column_inner][vc_column_inner width=\u00bb1\/2&#8243;][vc_column_text css=\u00bb\u00bb]<\/p>\n<h4 style=\"font-weight: normal; text-align: center;\">Financiamiento y Comunicaci\u00f3n<\/h4>\n<p>[\/vc_column_text][\/vc_column_inner][\/vc_row_inner][vc_row_inner css=\u00bb.vc_custom_1700232773166{margin-right: 100px !important;margin-left: 100px !important;}\u00bb][vc_column_inner width=\u00bb1\/4&#8243;][vc_column_text]<\/p>\n<p style=\"font-weight: normal; text-align: left;\"><strong>Rosa Aponte<br \/>\n<\/strong><a href=\"mailto:r.aponte@feyalegria.edu.ve\"><span style=\"font-weight: 400;\">r.aponte@feyalegria.edu.ve<\/span><\/a><\/p>\n<p>[\/vc_column_text][vc_column_text]<strong>Carmen Linero<br \/>\n<\/strong><a href=\"mailto:c.linero@feyalegria.edu.ve\"><span style=\"font-weight: 400;\">c.linero@feyalegria.edu.ve<\/span><\/a><\/p>\n<p>[\/vc_column_text][vc_column_text]<strong>Gioconda Iguaro<br \/>\n<\/strong><a href=\"mailto:g.iguaro@feyalegria.edu.ve\"><span style=\"font-weight: 400;\">g.iguaro@feyalegria.edu.ve<\/span><span style=\"font-weight: 400;\"><br \/>\n<\/span><\/a><\/p>\n<p>[\/vc_column_text][\/vc_column_inner][vc_column_inner width=\u00bb1\/4&#8243;][vc_column_text]<strong>Kemberly Socro<br \/>\n<\/strong><a href=\"mailto:k.socro@feyalegria.edu.ve\"><span style=\"font-weight: 400;\">k.socro@feyalegria.edu.ve<\/span><\/a><\/p>\n<p>[\/vc_column_text][vc_column_text]<strong>Luiggi Parra<br \/>\n<\/strong><a href=\"mailto:l.parra@feyalegria.edu.ve\"><span style=\"font-weight: 400;\">l.parra@feyalegria.edu.ve<\/span><\/a><\/p>\n<p>[\/vc_column_text][vc_column_text]<strong>Yolanda M\u00e9ndez<br \/>\n<\/strong><a href=\"mailto:y.mendez@feyalegria.edu.ve\"><span style=\"font-weight: 400;\">y.mendez@feyalegria.edu.ve<\/span><\/a><\/p>\n<p>[\/vc_column_text][\/vc_column_inner][vc_column_inner width=\u00bb1\/4&#8243;][vc_column_text css=\u00bb\u00bb]<strong>Luis S\u00e1nchez<br \/>\n<\/strong><a class=\"m_-2024629543702660653primary-text m_-2024629543702660653underline-on-hover\" href=\"mailto:l.sanchez@feyalegria.edu.ve\" target=\"_blank\" rel=\"noopener\">l.sanchez@feyalegria.edu.ve<\/a>[\/vc_column_text][vc_column_text css=\u00bb\u00bb]<strong>Juan Andr\u00e9s Carderera<br \/>\n<\/strong><a href=\"mailto:j.carderera@feyalegria.edu.ve\">j.carderera@feyalegria.edu.ve<\/a>[\/vc_column_text][vc_column_text css=\u00bb\u00bb]<strong>Valentina Garc\u00eda<br \/>\n<\/strong><a href=\"mailto:va.garcia@feyalegria.edu.ve\">va.garcia@feyalegria.edu.ve<\/a>[\/vc_column_text][vc_column_text css=\u00bb\u00bb]<strong>Adri\u00e1n Restrepo<br \/>\n<\/strong><a href=\"mailto:a.restrepo@feyalegria.edu.ve\">a.restrepo@feyalegria.edu.ve<\/a>[\/vc_column_text][\/vc_column_inner][vc_column_inner width=\u00bb1\/4&#8243;][vc_column_text css=\u00bb\u00bb]<strong>Javier Barrios<br \/>\n<\/strong><a href=\"mailto:ja.barrios@feyalegria.edu.ve\">ja.barrios@feyalegria.edu.ve<\/a>[\/vc_column_text][vc_column_text css=\u00bb\u00bb]<strong>Graciela Portillo<br \/>\n<\/strong><a href=\"mailto:g.portillo@feyalegria.edu.ve\">g.portillo@feyalegria.edu.ve<\/a>[\/vc_column_text][vc_column_text css=\u00bb\u00bb]<strong>Anabel Uzc\u00e1tegui<br \/>\n<\/strong><a class=\"m_-2024629543702660653primary-text m_-2024629543702660653underline-on-hover\" href=\"mailto:a.uzcategui@feyalegria.net\" target=\"_blank\" rel=\"noopener\">a.uzcategui@feyalegria.net<\/a>[\/vc_column_text][vc_column_text css=\u00bb\u00bb]<strong>Daniela Falc\u00f3n<br \/>\n<\/strong><a class=\"m_-2024629543702660653primary-text m_-2024629543702660653underline-on-hover\" href=\"mailto:d.falcon@feyalegria.edu.ve\" target=\"_blank\" rel=\"noopener\">d.falcon@feyalegria.edu.ve<\/a>[\/vc_column_text][vc_column_text css=\u00bb\u00bb]<strong>Erika Brice\u00f1o<br \/>\n<\/strong><a class=\"m_-2024629543702660653primary-text m_-2024629543702660653underline-on-hover\" href=\"mailto:e.briceno@feyalegria.edu.ve\" target=\"_blank\" rel=\"noopener\">e.briceno@feyalegria.edu.ve<\/a>[\/vc_column_text][\/vc_column_inner][\/vc_row_inner]<div style=\"background-color:;height: 30px\" class=\"nicdark_section  \"><\/div>[vc_row_inner css=\u00bb.vc_custom_1700232773166{margin-right: 100px !important;margin-left: 100px !important;}\u00bb][vc_column_inner width=\u00bb1\/3&#8243;][vc_column_text]<\/p>\n<h4 style=\"font-weight: normal; text-align: left;\">Recepci\u00f3n<\/h4>\n<p>[\/vc_column_text][vc_column_text]<strong>Wendy Aguilar<\/strong><\/p>\n<p><a href=\"mailto:w.aguilar@feyalegria.edu.ve\"><span style=\"font-weight: 400;\">w.aguilar@feyalegria.edu.ve<\/span><\/a><span style=\"font-weight: 400;\">\u00a0<\/span>[\/vc_column_text][\/vc_column_inner][vc_column_inner width=\u00bb1\/3&#8243;][vc_column_text]<\/p>\n<h4 style=\"font-weight: normal; text-align: left;\">Servicios Generales<\/h4>\n<p>[\/vc_column_text][vc_column_text]<strong>Jes\u00fas Rojo<br \/>\n<\/strong><a href=\"mailto:fyatecnica@gmail.com\"><span style=\"font-weight: 400;\">fyatecnica@gmail.com<\/span><\/a>[\/vc_column_text][\/vc_column_inner][vc_column_inner width=\u00bb1\/3&#8243;][vc_column_text]<\/p>\n<h4 style=\"font-weight: normal; text-align: left;\">Soporte T\u00e9cnico<\/h4>\n<p>[\/vc_column_text][vc_column_text]<strong>Juan Malav\u00e9<br \/>\n<\/strong><a href=\"mailto:soporte@feyalegria.edu.ve\"><span style=\"font-weight: 400;\">soporte@feyalegria.edu.ve<\/span><\/a>[\/vc_column_text][\/vc_column_inner][\/vc_row_inner][\/vc_column][\/vc_row][vc_row][vc_column]<div style=\"background-color:;height: 20px\" class=\"nicdark_section  \"><\/div>[vc_btn title=\u00bbVolver a Directorio\u00bb style=\u00bbcustom\u00bb custom_background=\u00bb#d10a10&#8243; custom_text=\u00bb#ffffff\u00bb align=\u00bbright\u00bb link=\u00bburl:https%3A%2F%2Fwww.feyalegria.org%2Fvenezuela%2Fdirectorio%2F\u00bb]<div style=\"background-color:;height: 20px\" class=\"nicdark_section  \"><\/div>[\/vc_column][\/vc_row]<\/p>\n<\/div>","protected":false},"excerpt":{"rendered":"<p>[vc_row full_width=\u00bbstretch_row_content\u00bb][vc_column][vc_single_image image=\u00bb5202&#8243; img_size=\u00bbfull\u00bb alignment=\u00bbcenter\u00bb][\/vc_column][\/vc_row][vc_row][vc_column][vc_column_text] Directorio Oficina Nacional [\/vc_column_text][vc_column_text] Direcci\u00f3n General [\/vc_column_text][\/vc_column][\/vc_row][vc_row][vc_column width=\u00bb1\/3&#8243;][vc_single_image image=\u00bb4246&#8243; alignment=\u00bbcenter\u00bb style=\u00bbvc_box_border\u00bb][vc_column_text] Director Jos\u00e9 Gregorio Ter\u00e1n, S.J. ve.director@feyalegria.org [\/vc_column_text][\/vc_column][vc_column width=\u00bb1\/3&#8243;][vc_single_image image=\u00bb10998&#8243; alignment=\u00bbcenter\u00bb style=\u00bbvc_box_border\u00bb css=\u00bb\u00bb][vc_column_text css=\u00bb\u00bb] Subdirector Eloy Rivas, S.J. ve.subdirector@feyalegria.org [\/vc_column_text][\/vc_column][vc_column width=\u00bb1\/3&#8243;][vc_single_image image=\u00bb11004&#8243; alignment=\u00bbcenter\u00bb style=\u00bbvc_box_border\u00bb css=\u00bb\u00bb][vc_column_text css=\u00bb\u00bb] Director de Financiamiento Luis S\u00e1nchez l.sanchez@feyalegria.edu.ve [\/vc_column_text][\/vc_column][\/vc_row][vc_row][vc_column][\/vc_column][\/vc_row][vc_row][vc_column width=\u00bb1\/4&#8243;][vc_single_image image=\u00bb4248&#8243; alignment=\u00bbcenter\u00bb style=\u00bbvc_box_border\u00bb][vc_column_text] Servicios Yaika Weber<\/p>\n","protected":false},"author":6,"featured_media":0,"parent":0,"menu_order":0,"comment_status":"closed","ping_status":"closed","template":"","meta":{"_acf_changed":false,"footnotes":""},"folder":[],"class_list":["post-4345","page","type-page","status-publish","hentry"],"acf":[],"yoast_head":"<!-- This site is optimized with the Yoast SEO plugin v27.2 - https:\/\/yoast.com\/product\/yoast-seo-wordpress\/ -->\n<title>Directorio Oficina Nacional - Fe y Alegr\u00eda en Venezuela<\/title>\n<meta name=\"robots\" content=\"index, follow, max-snippet:-1, max-image-preview:large, max-video-preview:-1\" \/>\n<link rel=\"canonical\" href=\"https:\/\/www.feyalegria.org\/venezuela\/directorio-oficina-nacional\/\" \/>\n<meta property=\"og:locale\" content=\"es_ES\" \/>\n<meta property=\"og:type\" content=\"article\" \/>\n<meta property=\"og:title\" content=\"Directorio Oficina Nacional - Fe y Alegr\u00eda en Venezuela\" \/>\n<meta property=\"og:description\" content=\"[vc_row full_width=\u00bbstretch_row_content\u00bb][vc_column][vc_single_image image=\u00bb5202&#8243; img_size=\u00bbfull\u00bb alignment=\u00bbcenter\u00bb][\/vc_column][\/vc_row][vc_row][vc_column][vc_column_text] Directorio Oficina Nacional [\/vc_column_text][vc_column_text] Direcci\u00f3n General [\/vc_column_text][\/vc_column][\/vc_row][vc_row][vc_column width=\u00bb1\/3&#8243;][vc_single_image image=\u00bb4246&#8243; alignment=\u00bbcenter\u00bb style=\u00bbvc_box_border\u00bb][vc_column_text] Director Jos\u00e9 Gregorio Ter\u00e1n, S.J. ve.director@feyalegria.org [\/vc_column_text][\/vc_column][vc_column width=\u00bb1\/3&#8243;][vc_single_image image=\u00bb10998&#8243; alignment=\u00bbcenter\u00bb style=\u00bbvc_box_border\u00bb css=\u00bb\u00bb][vc_column_text css=\u00bb\u00bb] Subdirector Eloy Rivas, S.J. ve.subdirector@feyalegria.org [\/vc_column_text][\/vc_column][vc_column width=\u00bb1\/3&#8243;][vc_single_image image=\u00bb11004&#8243; alignment=\u00bbcenter\u00bb style=\u00bbvc_box_border\u00bb css=\u00bb\u00bb][vc_column_text css=\u00bb\u00bb] Director de Financiamiento Luis S\u00e1nchez l.sanchez@feyalegria.edu.ve [\/vc_column_text][\/vc_column][\/vc_row][vc_row][vc_column][\/vc_column][\/vc_row][vc_row][vc_column width=\u00bb1\/4&#8243;][vc_single_image image=\u00bb4248&#8243; alignment=\u00bbcenter\u00bb style=\u00bbvc_box_border\u00bb][vc_column_text] Servicios Yaika Weber\" \/>\n<meta property=\"og:url\" content=\"https:\/\/www.feyalegria.org\/venezuela\/directorio-oficina-nacional\/\" \/>\n<meta property=\"og:site_name\" content=\"Fe y Alegr\u00eda en Venezuela\" \/>\n<meta property=\"article:modified_time\" content=\"2025-09-10T13:21:59+00:00\" \/>\n<meta name=\"twitter:card\" content=\"summary_large_image\" \/>\n<meta name=\"twitter:label1\" content=\"Tiempo de lectura\" \/>\n\t<meta name=\"twitter:data1\" content=\"3 minutos\" \/>\n<script type=\"application\/ld+json\" class=\"yoast-schema-graph\">{\"@context\":\"https:\/\/schema.org\",\"@graph\":[{\"@type\":\"WebPage\",\"@id\":\"https:\/\/www.feyalegria.org\/venezuela\/directorio-oficina-nacional\/\",\"url\":\"https:\/\/www.feyalegria.org\/venezuela\/directorio-oficina-nacional\/\",\"name\":\"Directorio Oficina Nacional - Fe y Alegr\u00eda en Venezuela\",\"isPartOf\":{\"@id\":\"https:\/\/www.feyalegria.org\/venezuela\/#website\"},\"datePublished\":\"2023-12-08T03:49:42+00:00\",\"dateModified\":\"2025-09-10T13:21:59+00:00\",\"inLanguage\":\"es\",\"potentialAction\":[{\"@type\":\"ReadAction\",\"target\":[\"https:\/\/www.feyalegria.org\/venezuela\/directorio-oficina-nacional\/\"]}]},{\"@type\":\"WebSite\",\"@id\":\"https:\/\/www.feyalegria.org\/venezuela\/#website\",\"url\":\"https:\/\/www.feyalegria.org\/venezuela\/\",\"name\":\"Fe y Alegr\u00eda en Venezuela\",\"description\":\"\",\"potentialAction\":[{\"@type\":\"SearchAction\",\"target\":{\"@type\":\"EntryPoint\",\"urlTemplate\":\"https:\/\/www.feyalegria.org\/venezuela\/?s={search_term_string}\"},\"query-input\":{\"@type\":\"PropertyValueSpecification\",\"valueRequired\":true,\"valueName\":\"search_term_string\"}}],\"inLanguage\":\"es\"}]}<\/script>\n<!-- \/ Yoast SEO plugin. -->","yoast_head_json":{"title":"Directorio Oficina Nacional - Fe y Alegr\u00eda en Venezuela","robots":{"index":"index","follow":"follow","max-snippet":"max-snippet:-1","max-image-preview":"max-image-preview:large","max-video-preview":"max-video-preview:-1"},"canonical":"https:\/\/www.feyalegria.org\/venezuela\/directorio-oficina-nacional\/","og_locale":"es_ES","og_type":"article","og_title":"Directorio Oficina Nacional - Fe y Alegr\u00eda en Venezuela","og_description":"[vc_row full_width=\u00bbstretch_row_content\u00bb][vc_column][vc_single_image image=\u00bb5202&#8243; img_size=\u00bbfull\u00bb alignment=\u00bbcenter\u00bb][\/vc_column][\/vc_row][vc_row][vc_column][vc_column_text] Directorio Oficina Nacional [\/vc_column_text][vc_column_text] Direcci\u00f3n General [\/vc_column_text][\/vc_column][\/vc_row][vc_row][vc_column width=\u00bb1\/3&#8243;][vc_single_image image=\u00bb4246&#8243; alignment=\u00bbcenter\u00bb style=\u00bbvc_box_border\u00bb][vc_column_text] Director Jos\u00e9 Gregorio Ter\u00e1n, S.J. ve.director@feyalegria.org [\/vc_column_text][\/vc_column][vc_column width=\u00bb1\/3&#8243;][vc_single_image image=\u00bb10998&#8243; alignment=\u00bbcenter\u00bb style=\u00bbvc_box_border\u00bb css=\u00bb\u00bb][vc_column_text css=\u00bb\u00bb] Subdirector Eloy Rivas, S.J. ve.subdirector@feyalegria.org [\/vc_column_text][\/vc_column][vc_column width=\u00bb1\/3&#8243;][vc_single_image image=\u00bb11004&#8243; alignment=\u00bbcenter\u00bb style=\u00bbvc_box_border\u00bb css=\u00bb\u00bb][vc_column_text css=\u00bb\u00bb] Director de Financiamiento Luis S\u00e1nchez l.sanchez@feyalegria.edu.ve [\/vc_column_text][\/vc_column][\/vc_row][vc_row][vc_column][\/vc_column][\/vc_row][vc_row][vc_column width=\u00bb1\/4&#8243;][vc_single_image image=\u00bb4248&#8243; alignment=\u00bbcenter\u00bb style=\u00bbvc_box_border\u00bb][vc_column_text] Servicios Yaika Weber","og_url":"https:\/\/www.feyalegria.org\/venezuela\/directorio-oficina-nacional\/","og_site_name":"Fe y Alegr\u00eda en Venezuela","article_modified_time":"2025-09-10T13:21:59+00:00","twitter_card":"summary_large_image","twitter_misc":{"Tiempo de lectura":"3 minutos"},"schema":{"@context":"https:\/\/schema.org","@graph":[{"@type":"WebPage","@id":"https:\/\/www.feyalegria.org\/venezuela\/directorio-oficina-nacional\/","url":"https:\/\/www.feyalegria.org\/venezuela\/directorio-oficina-nacional\/","name":"Directorio Oficina Nacional - Fe y Alegr\u00eda en Venezuela","isPartOf":{"@id":"https:\/\/www.feyalegria.org\/venezuela\/#website"},"datePublished":"2023-12-08T03:49:42+00:00","dateModified":"2025-09-10T13:21:59+00:00","inLanguage":"es","potentialAction":[{"@type":"ReadAction","target":["https:\/\/www.feyalegria.org\/venezuela\/directorio-oficina-nacional\/"]}]},{"@type":"WebSite","@id":"https:\/\/www.feyalegria.org\/venezuela\/#website","url":"https:\/\/www.feyalegria.org\/venezuela\/","name":"Fe y Alegr\u00eda en Venezuela","description":"","potentialAction":[{"@type":"SearchAction","target":{"@type":"EntryPoint","urlTemplate":"https:\/\/www.feyalegria.org\/venezuela\/?s={search_term_string}"},"query-input":{"@type":"PropertyValueSpecification","valueRequired":true,"valueName":"search_term_string"}}],"inLanguage":"es"}]}},"_links":{"self":[{"href":"https:\/\/www.feyalegria.org\/venezuela\/wp-json\/wp\/v2\/pages\/4345","targetHints":{"allow":["GET"]}}],"collection":[{"href":"https:\/\/www.feyalegria.org\/venezuela\/wp-json\/wp\/v2\/pages"}],"about":[{"href":"https:\/\/www.feyalegria.org\/venezuela\/wp-json\/wp\/v2\/types\/page"}],"author":[{"embeddable":true,"href":"https:\/\/www.feyalegria.org\/venezuela\/wp-json\/wp\/v2\/users\/6"}],"replies":[{"embeddable":true,"href":"https:\/\/www.feyalegria.org\/venezuela\/wp-json\/wp\/v2\/comments?post=4345"}],"version-history":[{"count":3,"href":"https:\/\/www.feyalegria.org\/venezuela\/wp-json\/wp\/v2\/pages\/4345\/revisions"}],"predecessor-version":[{"id":11006,"href":"https:\/\/www.feyalegria.org\/venezuela\/wp-json\/wp\/v2\/pages\/4345\/revisions\/11006"}],"wp:attachment":[{"href":"https:\/\/www.feyalegria.org\/venezuela\/wp-json\/wp\/v2\/media?parent=4345"}],"wp:term":[{"taxonomy":"folder","embeddable":true,"href":"https:\/\/www.feyalegria.org\/venezuela\/wp-json\/wp\/v2\/folder?post=4345"}],"curies":[{"name":"wp","href":"https:\/\/api.w.org\/{rel}","templated":true}]}}