 {"id":5850,"date":"2024-05-07T15:11:29","date_gmt":"2024-05-07T15:11:29","guid":{"rendered":"https:\/\/www.feyalegria.org\/venezuela\/?page_id=5850"},"modified":"2024-05-07T15:11:29","modified_gmt":"2024-05-07T15:11:29","slug":"perfil-del-egresado","status":"publish","type":"page","link":"https:\/\/www.feyalegria.org\/venezuela\/perfil-del-egresado\/","title":{"rendered":"Perfil del egresado"},"content":{"rendered":"<div class=\"wpb-content-wrapper\"><p>[vc_row][vc_column]<div style=\"background-color:;height: 30px\" class=\"nicdark_section  \"><\/div>[vc_row_inner][vc_column_inner][vc_column_text css=\u00bb.vc_custom_1715092885782{margin-bottom: 0px !important;}\u00bb]<\/p>\n<p style=\"text-align: justify\" align=\"center\"><span style=\"font-size: 16px\">Desde cada uno de los componentes de la identidad del Programa, se asume la responsabilidad y el compromiso de acompa\u00f1ar a nuestros j\u00f3venes, propiciando un perfil de egreso que se defini\u00f3 de manera consensuada a lo largo del seminario. Quedando expresado de manera siguiente.<\/span><\/p>\n<p>[\/vc_column_text]<div style=\"background-color:;height: 30px\" class=\"nicdark_section  \"><\/div>[\/vc_column_inner][\/vc_row_inner][\/vc_column][\/vc_row][vc_row][vc_column width=\u00bb2\/3&#8243;][vc_column_text css=\u00bb.vc_custom_1715092924165{margin-bottom: 0px !important;}\u00bb]<\/p>\n<p style=\"text-align: justify\" align=\"center\"><strong>El egresado de Fe y Alegr\u00eda Universidad es una persona:<\/strong><\/p>\n<p>[\/vc_column_text]<div id=\"mpc_icon_list-6869ebc4c8bf7bc\" class=\"mpc-icon-list mpc-init mpc-icon--left mpc-typography--default \"><ul class=\"mpc-list__ul\"><li class=\"mpc-list__item mpc-parent-hover mpc-transition\" data-index=\"0\"><div class=\"mpc-list__icon\"><div data-id=\"mpc_icon-8769ebc4c8bf84b\" class=\"mpc-icon mpc-init mpc-transition mpc-effect-none mpc-icon-hover \"><div class=\"mpc-icon-wrap\"><i class=\"mpc-icon-part mpc-regular mpc-transition  fa fa-graduation-cap\"><\/i><i class=\"mpc-icon-part mpc-hover mpc-transition  el el-thumbs-up\"><\/i><\/div><\/div><\/div><span class=\"mpc-list__title\"><p align=\"justify\">  Competente en su \u00e1rea profesional, con conocimiento te\u00f3rico y habilidades pr\u00e1cticas, con capacidad para la planificaci\u00f3n, organizaci\u00f3n, y la gesti\u00f3n de proyectos econ\u00f3micos y sociales, evidenciando una conducta \u00e9tica y valores humanos cristianos en los entornos donde se desenvuelve.<\/span><\/li><\/ul><\/div><div id=\"mpc_icon_list-9769ebc4c8bf904\" class=\"mpc-icon-list mpc-init mpc-icon--left mpc-typography--default \"><ul class=\"mpc-list__ul\"><li class=\"mpc-list__item mpc-parent-hover mpc-transition\" data-index=\"0\"><div class=\"mpc-list__icon\"><div data-id=\"mpc_icon-8469ebc4c8bf95a\" class=\"mpc-icon mpc-init mpc-transition mpc-effect-none mpc-icon-hover \"><div class=\"mpc-icon-wrap\"><i class=\"mpc-icon-part mpc-regular mpc-transition  fa fa-graduation-cap\"><\/i><i class=\"mpc-icon-part mpc-hover mpc-transition  el el-thumbs-up\"><\/i><\/div><\/div><\/div><span class=\"mpc-list__title\"><p align=\"justify\">  Con dominio de herramientas tecnol\u00f3gicas digitales, con capacidad de razonamiento l\u00f3gico matem\u00e1tico, con habilidades para la comunicaci\u00f3n oral y escrita, en lengua castellana e inglesa, con capacidad de autoaprendizaje para su formaci\u00f3n continua y permanente.<\/span><\/li><\/ul><\/div><div id=\"mpc_icon_list-8169ebc4c8bf9f2\" class=\"mpc-icon-list mpc-init mpc-icon--left mpc-typography--default \"><ul class=\"mpc-list__ul\"><li class=\"mpc-list__item mpc-parent-hover mpc-transition\" data-index=\"0\"><div class=\"mpc-list__icon\"><div data-id=\"mpc_icon-5469ebc4c8bfa43\" class=\"mpc-icon mpc-init mpc-transition mpc-effect-none mpc-icon-hover \"><div class=\"mpc-icon-wrap\"><i class=\"mpc-icon-part mpc-regular mpc-transition  fa fa-graduation-cap\"><\/i><i class=\"mpc-icon-part mpc-hover mpc-transition  el el-thumbs-up\"><\/i><\/div><\/div><\/div><span class=\"mpc-list__title\"><p align=\"justify\">  Creativa, innovadora y emprendedora, con capacidad para el trabajo productivo, que resuelve problemas, trabaja en equipo, y ejerce el liderazgo para el logro y consecuci\u00f3n de metas.<\/span><\/li><\/ul><\/div><div id=\"mpc_icon_list-4769ebc4c8bfad3\" class=\"mpc-icon-list mpc-init mpc-icon--left mpc-typography--default \"><ul class=\"mpc-list__ul\"><li class=\"mpc-list__item mpc-parent-hover mpc-transition\" data-index=\"0\"><div class=\"mpc-list__icon\"><div data-id=\"mpc_icon-9969ebc4c8bfb22\" class=\"mpc-icon mpc-init mpc-transition mpc-effect-none mpc-icon-hover \"><div class=\"mpc-icon-wrap\"><i class=\"mpc-icon-part mpc-regular mpc-transition  fa fa-graduation-cap\"><\/i><i class=\"mpc-icon-part mpc-hover mpc-transition  el el-thumbs-up\"><\/i><\/div><\/div><\/div><span class=\"mpc-list__title\"><p align=\"justify\">  Reflexiva, anal\u00edtica y cr\u00edtica ante todo lo que lo rodea, siendo capaz de analizar el contexto, investigar, discernir y tomar decisiones oportunas y asertivas.<\/span><\/li><\/ul><\/div><div id=\"mpc_icon_list-1669ebc4c8bfbb0\" class=\"mpc-icon-list mpc-init mpc-icon--left mpc-typography--default \"><ul class=\"mpc-list__ul\"><li class=\"mpc-list__item mpc-parent-hover mpc-transition\" data-index=\"0\"><div class=\"mpc-list__icon\"><div data-id=\"mpc_icon-9369ebc4c8bfc14\" class=\"mpc-icon mpc-init mpc-transition mpc-effect-none mpc-icon-hover \"><div class=\"mpc-icon-wrap\"><i class=\"mpc-icon-part mpc-regular mpc-transition  fa fa-graduation-cap\"><\/i><i class=\"mpc-icon-part mpc-hover mpc-transition  el el-thumbs-up\"><\/i><\/div><\/div><\/div><span class=\"mpc-list__title\"><p align=\"justify\">  Con conciencia ciudadana global, emp\u00e1tica, inclusiva y respetuosa de la diversidad y la interculturalidad, comprometida, desde la libertad personal, con la transformaci\u00f3n social, la b\u00fasqueda de la justicia y el bien com\u00fan.<\/span><\/li><\/ul><\/div><div id=\"mpc_icon_list-8169ebc4c8bfca6\" class=\"mpc-icon-list mpc-init mpc-icon--left mpc-typography--default \"><ul class=\"mpc-list__ul\"><li class=\"mpc-list__item mpc-parent-hover mpc-transition\" data-index=\"0\"><div class=\"mpc-list__icon\"><div data-id=\"mpc_icon-4369ebc4c8bfcf6\" class=\"mpc-icon mpc-init mpc-transition mpc-effect-none mpc-icon-hover \"><div class=\"mpc-icon-wrap\"><i class=\"mpc-icon-part mpc-regular mpc-transition  fa fa-graduation-cap\"><\/i><i class=\"mpc-icon-part mpc-hover mpc-transition  el el-thumbs-up\"><\/i><\/div><\/div><\/div><span class=\"mpc-list__title\"><p align=\"justify\">  Que se compromete en el cuidado y conservaci\u00f3n de la Casa Com\u00fan.<\/span><\/li><\/ul><\/div><div id=\"mpc_icon_list-4969ebc4c8bfd80\" class=\"mpc-icon-list mpc-init mpc-icon--left mpc-typography--default \"><ul class=\"mpc-list__ul\"><li class=\"mpc-list__item mpc-parent-hover mpc-transition\" data-index=\"0\"><div class=\"mpc-list__icon\"><div data-id=\"mpc_icon-3869ebc4c8bfdcd\" class=\"mpc-icon mpc-init mpc-transition mpc-effect-none mpc-icon-hover \"><div class=\"mpc-icon-wrap\"><i class=\"mpc-icon-part mpc-regular mpc-transition  fa fa-graduation-cap\"><\/i><i class=\"mpc-icon-part mpc-hover mpc-transition  el el-thumbs-up\"><\/i><\/div><\/div><\/div><span class=\"mpc-list__title\"><p align=\"justify\">  Que vive la espiritualidad como experiencia de plenitud humana, comprometi\u00e9ndose desde la fe en un servicio compasivo a los dem\u00e1s.<\/span><\/li><\/ul><\/div>[\/vc_column][vc_column width=\u00bb1\/3&#8243;]<div style=\"background-color:;height: 70px\" class=\"nicdark_section  \"><\/div>[vc_single_image image=\u00bb5892&#8243; img_size=\u00bbfull\u00bb alignment=\u00bbcenter\u00bb style=\u00bbvc_box_rounded\u00bb css=\u00bb\u00bb][vc_single_image image=\u00bb5893&#8243; img_size=\u00bbfull\u00bb alignment=\u00bbcenter\u00bb style=\u00bbvc_box_rounded\u00bb css=\u00bb\u00bb][vc_single_image image=\u00bb5859&#8243; img_size=\u00bbfull\u00bb alignment=\u00bbcenter\u00bb style=\u00bbvc_box_rounded\u00bb css=\u00bb\u00bb][\/vc_column][\/vc_row][vc_row][vc_column]<div style=\"background-color:;height: 50px\" class=\"nicdark_section  \"><\/div>[\/vc_column][\/vc_row]<\/p>\n<\/div>","protected":false},"excerpt":{"rendered":"<p>[vc_row][vc_column][vc_row_inner][vc_column_inner][vc_column_text css=\u00bb.vc_custom_1715092885782{margin-bottom: 0px !important;}\u00bb] Desde cada uno de los componentes de la identidad del Programa, se asume la responsabilidad y el compromiso de acompa\u00f1ar a nuestros j\u00f3venes, propiciando un perfil de egreso que se defini\u00f3 de manera consensuada a lo largo del seminario. Quedando expresado de manera siguiente. [\/vc_column_text][\/vc_column_inner][\/vc_row_inner][\/vc_column][\/vc_row][vc_row][vc_column width=\u00bb2\/3&#8243;][vc_column_text css=\u00bb.vc_custom_1715092924165{margin-bottom: 0px !important;}\u00bb] El egresado<\/p>\n","protected":false},"author":6,"featured_media":0,"parent":0,"menu_order":0,"comment_status":"closed","ping_status":"closed","template":"","meta":{"_acf_changed":false,"footnotes":""},"folder":[],"class_list":["post-5850","page","type-page","status-publish","hentry"],"acf":[],"yoast_head":"<!-- This site is optimized with the Yoast SEO plugin v27.4 - https:\/\/yoast.com\/product\/yoast-seo-wordpress\/ -->\n<title>Perfil del egresado - Fe y Alegr\u00eda en Venezuela<\/title>\n<meta name=\"robots\" content=\"index, follow, max-snippet:-1, max-image-preview:large, max-video-preview:-1\" \/>\n<link rel=\"canonical\" href=\"https:\/\/www.feyalegria.org\/venezuela\/perfil-del-egresado\/\" \/>\n<meta property=\"og:locale\" content=\"es_ES\" \/>\n<meta property=\"og:type\" content=\"article\" \/>\n<meta property=\"og:title\" content=\"Perfil del egresado - Fe y Alegr\u00eda en Venezuela\" \/>\n<meta property=\"og:description\" content=\"[vc_row][vc_column][vc_row_inner][vc_column_inner][vc_column_text css=\u00bb.vc_custom_1715092885782{margin-bottom: 0px !important;}\u00bb] Desde cada uno de los componentes de la identidad del Programa, se asume la responsabilidad y el compromiso de acompa\u00f1ar a nuestros j\u00f3venes, propiciando un perfil de egreso que se defini\u00f3 de manera consensuada a lo largo del seminario. Quedando expresado de manera siguiente. [\/vc_column_text][\/vc_column_inner][\/vc_row_inner][\/vc_column][\/vc_row][vc_row][vc_column width=\u00bb2\/3&#8243;][vc_column_text css=\u00bb.vc_custom_1715092924165{margin-bottom: 0px !important;}\u00bb] El egresado\" \/>\n<meta property=\"og:url\" content=\"https:\/\/www.feyalegria.org\/venezuela\/perfil-del-egresado\/\" \/>\n<meta property=\"og:site_name\" content=\"Fe y Alegr\u00eda en Venezuela\" \/>\n<meta name=\"twitter:card\" content=\"summary_large_image\" \/>\n<meta name=\"twitter:label1\" content=\"Tiempo de lectura\" \/>\n\t<meta name=\"twitter:data1\" content=\"2 minutos\" \/>\n<script type=\"application\/ld+json\" class=\"yoast-schema-graph\">{\"@context\":\"https:\\\/\\\/schema.org\",\"@graph\":[{\"@type\":\"WebPage\",\"@id\":\"https:\\\/\\\/www.feyalegria.org\\\/venezuela\\\/perfil-del-egresado\\\/\",\"url\":\"https:\\\/\\\/www.feyalegria.org\\\/venezuela\\\/perfil-del-egresado\\\/\",\"name\":\"Perfil del egresado - Fe y Alegr\u00eda en Venezuela\",\"isPartOf\":{\"@id\":\"https:\\\/\\\/www.feyalegria.org\\\/venezuela\\\/#website\"},\"datePublished\":\"2024-05-07T15:11:29+00:00\",\"inLanguage\":\"es\",\"potentialAction\":[{\"@type\":\"ReadAction\",\"target\":[\"https:\\\/\\\/www.feyalegria.org\\\/venezuela\\\/perfil-del-egresado\\\/\"]}]},{\"@type\":\"WebSite\",\"@id\":\"https:\\\/\\\/www.feyalegria.org\\\/venezuela\\\/#website\",\"url\":\"https:\\\/\\\/www.feyalegria.org\\\/venezuela\\\/\",\"name\":\"Fe y Alegr\u00eda en Venezuela\",\"description\":\"\",\"potentialAction\":[{\"@type\":\"SearchAction\",\"target\":{\"@type\":\"EntryPoint\",\"urlTemplate\":\"https:\\\/\\\/www.feyalegria.org\\\/venezuela\\\/?s={search_term_string}\"},\"query-input\":{\"@type\":\"PropertyValueSpecification\",\"valueRequired\":true,\"valueName\":\"search_term_string\"}}],\"inLanguage\":\"es\"}]}<\/script>\n<!-- \/ Yoast SEO plugin. -->","yoast_head_json":{"title":"Perfil del egresado - Fe y Alegr\u00eda en Venezuela","robots":{"index":"index","follow":"follow","max-snippet":"max-snippet:-1","max-image-preview":"max-image-preview:large","max-video-preview":"max-video-preview:-1"},"canonical":"https:\/\/www.feyalegria.org\/venezuela\/perfil-del-egresado\/","og_locale":"es_ES","og_type":"article","og_title":"Perfil del egresado - Fe y Alegr\u00eda en Venezuela","og_description":"[vc_row][vc_column][vc_row_inner][vc_column_inner][vc_column_text css=\u00bb.vc_custom_1715092885782{margin-bottom: 0px !important;}\u00bb] Desde cada uno de los componentes de la identidad del Programa, se asume la responsabilidad y el compromiso de acompa\u00f1ar a nuestros j\u00f3venes, propiciando un perfil de egreso que se defini\u00f3 de manera consensuada a lo largo del seminario. Quedando expresado de manera siguiente. [\/vc_column_text][\/vc_column_inner][\/vc_row_inner][\/vc_column][\/vc_row][vc_row][vc_column width=\u00bb2\/3&#8243;][vc_column_text css=\u00bb.vc_custom_1715092924165{margin-bottom: 0px !important;}\u00bb] El egresado","og_url":"https:\/\/www.feyalegria.org\/venezuela\/perfil-del-egresado\/","og_site_name":"Fe y Alegr\u00eda en Venezuela","twitter_card":"summary_large_image","twitter_misc":{"Tiempo de lectura":"2 minutos"},"schema":{"@context":"https:\/\/schema.org","@graph":[{"@type":"WebPage","@id":"https:\/\/www.feyalegria.org\/venezuela\/perfil-del-egresado\/","url":"https:\/\/www.feyalegria.org\/venezuela\/perfil-del-egresado\/","name":"Perfil del egresado - Fe y Alegr\u00eda en Venezuela","isPartOf":{"@id":"https:\/\/www.feyalegria.org\/venezuela\/#website"},"datePublished":"2024-05-07T15:11:29+00:00","inLanguage":"es","potentialAction":[{"@type":"ReadAction","target":["https:\/\/www.feyalegria.org\/venezuela\/perfil-del-egresado\/"]}]},{"@type":"WebSite","@id":"https:\/\/www.feyalegria.org\/venezuela\/#website","url":"https:\/\/www.feyalegria.org\/venezuela\/","name":"Fe y Alegr\u00eda en Venezuela","description":"","potentialAction":[{"@type":"SearchAction","target":{"@type":"EntryPoint","urlTemplate":"https:\/\/www.feyalegria.org\/venezuela\/?s={search_term_string}"},"query-input":{"@type":"PropertyValueSpecification","valueRequired":true,"valueName":"search_term_string"}}],"inLanguage":"es"}]}},"_links":{"self":[{"href":"https:\/\/www.feyalegria.org\/venezuela\/wp-json\/wp\/v2\/pages\/5850","targetHints":{"allow":["GET"]}}],"collection":[{"href":"https:\/\/www.feyalegria.org\/venezuela\/wp-json\/wp\/v2\/pages"}],"about":[{"href":"https:\/\/www.feyalegria.org\/venezuela\/wp-json\/wp\/v2\/types\/page"}],"author":[{"embeddable":true,"href":"https:\/\/www.feyalegria.org\/venezuela\/wp-json\/wp\/v2\/users\/6"}],"replies":[{"embeddable":true,"href":"https:\/\/www.feyalegria.org\/venezuela\/wp-json\/wp\/v2\/comments?post=5850"}],"version-history":[{"count":0,"href":"https:\/\/www.feyalegria.org\/venezuela\/wp-json\/wp\/v2\/pages\/5850\/revisions"}],"wp:attachment":[{"href":"https:\/\/www.feyalegria.org\/venezuela\/wp-json\/wp\/v2\/media?parent=5850"}],"wp:term":[{"taxonomy":"folder","embeddable":true,"href":"https:\/\/www.feyalegria.org\/venezuela\/wp-json\/wp\/v2\/folder?post=5850"}],"curies":[{"name":"wp","href":"https:\/\/api.w.org\/{rel}","templated":true}]}}