 {"id":719,"date":"2020-08-01T05:46:15","date_gmt":"2020-08-01T05:46:15","guid":{"rendered":"https:\/\/www.feyalegria.org\/venezuela\/?page_id=719"},"modified":"2025-05-27T20:13:09","modified_gmt":"2025-05-27T20:13:09","slug":"centros-educativos-zona-caracas","status":"publish","type":"page","link":"https:\/\/www.feyalegria.org\/venezuela\/centros-educativos-zona-caracas\/","title":{"rendered":"Centros educativos Zona Caracas"},"content":{"rendered":"<div class=\"wpb-content-wrapper\"><p>[vc_row][vc_column width=\u00bb2\/3&#8243;]<div style=\"background-color:;height: 50px\" class=\"nicdark_section  \"><\/div>[\/vc_column][vc_column width=\u00bb1\/3&#8243; css=\u00bb.vc_custom_1596260583144{margin-top: -35px !important;padding-left: 40px !important;}\u00bb]<a href=\"https:\/\/www.feyalegria.org\/venezuela\/directorio-fe-y-alegria-escuela\/\" title=\"Directorio\"  data-id=\"mpc_button-2669d0b1e4793d0\" class=\"mpc-button mpc-init mpc-transition mpc-typography--default \" ><div class=\"mpc-button__content mpc-effect-type--none mpc-effect-side--none\"><span class=\"mpc-button__title mpc-transition\">Volver al Directorio<\/span><\/div><div class=\"mpc-button__background mpc-transition mpc-effect-type--fade mpc-effect-side--in\"><\/div><\/a>[\/vc_column][\/vc_row][vc_row][vc_column][vc_row_inner][vc_column_inner width=\u00bb1\/3&#8243; css=\u00bb.vc_custom_1596259587901{padding-top: 40px !important;padding-left: 40px !important;}\u00bb][vc_column_text css=\u00bb.vc_custom_1748371505701{margin-top: -30px !important;}\u00bb]<\/p>\n<p><strong>Abraham Reyes<\/strong><\/p>\n<p>Zona Central, detr\u00e1s del Bloque 29,<br \/>\nParroquia 23 de Enero,<br \/>\nCaracas, Distrito Capital.<br \/>\n(0412) 922 5658<\/p>\n<p><a href=\"mailto:areyes.cca@feyalegria.edu.ve\">areyes.cca@feyalegria.edu.ve<\/a>[\/vc_column_text]<div style=\"background-color:;height: 30px\" class=\"nicdark_section  \"><\/div>[vc_separator color=\u00bbmulled_wine\u00bb align=\u00bbalign_left\u00bb style=\u00bbshadow\u00bb el_width=\u00bb50&#8243;][vc_column_text css=\u00bb\u00bb]<strong>Don Pedro <\/strong><br \/>\nAv. Guaicaipuro, Terrazas de<br \/>\nlas Acacias, entrada Barrio Mar\u00edn,<br \/>\nCaracas, Distrito Capital.<br \/>\n(0212) 632 7197<\/p>\n<p><a href=\"mailto:dpedro.ccs@feyalegria.edu.ve\">dpedro.ccs@feyalegria.edu.ve<\/a>[\/vc_column_text]<div style=\"background-color:;height: 30px\" class=\"nicdark_section  \"><\/div>[vc_separator color=\u00bbmulled_wine\u00bb align=\u00bbalign_left\u00bb style=\u00bbshadow\u00bb el_width=\u00bb50&#8243;][vc_column_text css=\u00bb\u00bb]<strong>Jos\u00e9 Mar\u00eda V\u00e9laz<\/strong><br \/>\nSector Industrial Ruiz Pineda,<br \/>\nTelares Palo Grande, Parroquia Caricuao,<br \/>\nCaracas, Distrito Capital.<br \/>\n(0412) 736 0803<\/p>\n<p><a href=\"mailto:jmvelaz.ccs@feyalegria.edu.ve\">jmvelaz.ccs@feyalegria.edu.ve<\/a>[\/vc_column_text]<div style=\"background-color:;height: 30px\" class=\"nicdark_section  \"><\/div>[vc_separator color=\u00bbmulled_wine\u00bb align=\u00bbalign_left\u00bb style=\u00bbshadow\u00bb el_width=\u00bb50&#8243;][vc_column_text css=\u00bb\u00bb]<strong>Las Mayas<\/strong><br \/>\nSalida del I.N.H., Adyacente al Sector<br \/>\nLas Mayas, Parroquia Coche,<br \/>\nCaracas, Distrito Capital.<br \/>\n(0414) 208 8894<\/p>\n<p><a href=\"mailto:lmayas.ccs@feyalegria.edu.ve\">lmayas.ccs@feyalegria.edu.ve<\/a>[\/vc_column_text]<div style=\"background-color:;height: 30px\" class=\"nicdark_section  \"><\/div>[vc_separator color=\u00bbmulled_wine\u00bb align=\u00bbalign_left\u00bb style=\u00bbshadow\u00bb el_width=\u00bb50&#8243;][vc_column_text css=\u00bb\u00bb]<strong>Luisa Amalia Vegas de Vegas<\/strong><br \/>\nUrb. El Tibur\u00f3n, Km. 23 Carretera El Junquito,<br \/>\nUrb. El Junko, estado Vargas.<br \/>\n(0412) 209 1580<\/p>\n<p><a href=\"mailto:lavegas.ccs@feyalegria.edu.ve\">lavegas.ccs@feyalegria.edu.ve<\/a>[\/vc_column_text]<div style=\"background-color:;height: 30px\" class=\"nicdark_section  \"><\/div>[vc_separator color=\u00bbmulled_wine\u00bb align=\u00bbalign_left\u00bb style=\u00bbshadow\u00bb el_width=\u00bb50&#8243;][vc_column_text css=\u00bb\u00bb]<strong>Padre Machado<\/strong><\/p>\n<p>Av. Centro Am\u00e9rica, final Norte,<br \/>\nLas Acacias, Caracas, Distrito Capital.<br \/>\n(0212) 634 2206<\/p>\n<p><a href=\"mailto:pmachado.ccs@feyalegria.edu.ve\">pmachado.ccs@feyalegria.edu.ve<\/a>[\/vc_column_text]<div style=\"background-color:;height: 30px\" class=\"nicdark_section  \"><\/div>[vc_separator color=\u00bbmulled_wine\u00bb align=\u00bbalign_left\u00bb style=\u00bbshadow\u00bb el_width=\u00bb50&#8243;][vc_column_text css=\u00bb\u00bb]<strong>San Judas Tadeo<\/strong><\/p>\n<p>Ca\u00f1icito a Cerro, Barrio La Cruz,<br \/>\nSectores El Valle y Los Rosales,<br \/>\nCaracas, Distrito Capital.<br \/>\n(0412) 507 8179<\/p>\n<p><a href=\"mailto:sjtadeo.ccs@feyalegria.edu.ve\">sjtadeo.ccs@feyalegria.edu.ve<\/a>[\/vc_column_text]<div style=\"background-color:;height: 30px\" class=\"nicdark_section  \"><\/div>[vc_separator color=\u00bbmulled_wine\u00bb align=\u00bbalign_left\u00bb style=\u00bbshadow\u00bb el_width=\u00bb50&#8243;][vc_column_text css=\u00bb\u00bb]<strong>Virginia de Ruiz<\/strong><\/p>\n<p>Final Av. Sim\u00f3n Bol\u00edvar, La Silsa,<br \/>\nCatia, Caracas, Distrito Capital.<br \/>\n(0212) 858 7253<\/p>\n<p><a href=\"mailto:vruiz.ccs@feyalegria.edu.ve\">vruiz.ccs@feyalegria.edu.ve<\/a>[\/vc_column_text]<div style=\"background-color:;height: 30px\" class=\"nicdark_section  \"><\/div>[vc_separator color=\u00bbmulled_wine\u00bb align=\u00bbalign_left\u00bb style=\u00bbshadow\u00bb el_width=\u00bb50&#8243;][vc_column_text css=\u00bb\u00bb]<\/p>\n<p><strong>Virginia de Ruiz II<\/strong><br \/>\nFinal Av. Sim\u00f3n Bol\u00edvar, La Silsa, Catia,<br \/>\nCaracas, Distrito Capital.<br \/>\n(0414) 207 3476<\/p>\n<p>vruiz2.ccs@feyalegria.edu.ve[\/vc_column_text][\/vc_column_inner][vc_column_inner width=\u00bb1\/3&#8243; css=\u00bb.vc_custom_1596259609387{padding-top: 40px !important;padding-left: 40px !important;}\u00bb][vc_column_text css=\u00bb.vc_custom_1748372790238{margin-top: -30px !important;}\u00bb]<\/p>\n<p><strong>Alianza<\/strong><br \/>\nCalle Los Paraparos,<br \/>\nParroquia La Vega,<br \/>\nCaracas, Distrito Capital.<br \/>\n(0424) 205 8784<\/p>\n<p><a href=\"mailto:alianza.ccs@feyalegria.edu.ve\">alianza.ccs@feyalegria.edu.ve<\/a>[\/vc_column_text]<div style=\"background-color:;height: 30px\" class=\"nicdark_section  \"><\/div>[vc_separator color=\u00bbmulled_wine\u00bb align=\u00bbalign_left\u00bb style=\u00bbshadow\u00bb el_width=\u00bb50&#8243;][vc_column_text css=\u00bb\u00bb]<strong>Enrique de Oss\u00f3<\/strong><br \/>\nCalle Bol\u00edvar, Esq. 4\u00ba Callej\u00f3n,<br \/>\nAv. Mor\u00e1n, Urb. Arvelo, Artigas,<br \/>\nCaracas, Distrito Capital.<br \/>\n(0426) 121 6500<\/p>\n<p><a href=\"mailto:edosso.ccs@feyalegria.edu.ve\">edosso.ccs@feyalegria.edu.ve<\/a>[\/vc_column_text]<div style=\"background-color:;height: 30px\" class=\"nicdark_section  \"><\/div>[vc_separator color=\u00bbmulled_wine\u00bb align=\u00bbalign_left\u00bb style=\u00bbshadow\u00bb el_width=\u00bb50&#8243;][vc_column_text css=\u00bb\u00bb]<strong>Juan Pablo II<\/strong><br \/>\nCarretera Vieja Caracas \u2013 La Guaira,<br \/>\nCalle Los Manantiales, Barrio El Pauj\u00ed,<br \/>\nPlan de Manzano, Caracas, Distrito Capital.<br \/>\n(0426) 814 4143<\/p>\n<p><a href=\"mailto:jpabloii.ccs@feyalegria.edu.ve\">jpabloii.ccs@feyalegria.edu.ve<\/a>[\/vc_column_text]<div style=\"background-color:;height: 30px\" class=\"nicdark_section  \"><\/div>[vc_separator color=\u00bbmulled_wine\u00bb align=\u00bbalign_left\u00bb style=\u00bbshadow\u00bb el_width=\u00bb50&#8243;][vc_column_text css=\u00bb\u00bb]<strong>Luis Ca\u00f1izales Verde<\/strong><br \/>\nTerraza H, Sector Cristo Rey,<br \/>\nParroquia 23 de Enero,<br \/>\nCaracas, Distrito Capital.<br \/>\n(0212) 858 9198 | (0412) 910 3421<\/p>\n<p><a href=\"mailto:lcverde.ccs@feyalegria.edu.ve\">lcverde.ccs@feyalegria.edu.ve<\/a>[\/vc_column_text]<div style=\"background-color:;height: 30px\" class=\"nicdark_section  \"><\/div>[vc_separator color=\u00bbmulled_wine\u00bb align=\u00bbalign_left\u00bb style=\u00bbshadow\u00bb el_width=\u00bb50&#8243;][vc_column_text css=\u00bb\u00bb]<strong>Madre Cecilia Cros<\/strong><br \/>\nCalle San Isidro, Altavista, Catia,<br \/>\nCaracas, Distrito Capital.<br \/>\n(0212) 860 2336<\/p>\n<p><a href=\"mailto:mccros.ccs@feyalegria.edu.ve\">mccros.ccs@feyalegria.edu.ve<\/a>[\/vc_column_text]<div style=\"background-color:;height: 30px\" class=\"nicdark_section  \"><\/div>[vc_separator color=\u00bbmulled_wine\u00bb align=\u00bbalign_left\u00bb style=\u00bbshadow\u00bb el_width=\u00bb50&#8243;][vc_column_text css=\u00bb\u00bb]<strong>Prisco Villasmil<\/strong><br \/>\nBarrio Coraz\u00f3n de Jes\u00fas, subida La Pedrera,<br \/>\nAnt\u00edmano, Caracas, Distrito Capital.<br \/>\n(0414) 032 4194 | (0412) 377 0848<\/p>\n<p><a href=\"mailto:dpvillasmil.ccs@feyalegria.edu.ve\">dpvillasmil.ccs@feyalegria.edu.ve<\/a>[\/vc_column_text]<div style=\"background-color:;height: 30px\" class=\"nicdark_section  \"><\/div>[vc_separator color=\u00bbmulled_wine\u00bb align=\u00bbalign_left\u00bb style=\u00bbshadow\u00bb el_width=\u00bb50&#8243;][vc_column_text css=\u00bb\u00bb]<strong>San Jos\u00e9 de Calasanz<\/strong><br \/>\nCalle Libertad, Barrio Andr\u00e9s Eloy<br \/>\nBlanco, Parroquia 23 de Enero,<br \/>\nCaracas, Distrito Capital.<br \/>\n(0412) 631 4424<\/p>\n<p><a href=\"mailto:sjcalazans.ccs@feyalegria.edu.ve\">sjcalazans.ccs@feyalegria.edu.ve<\/a>[\/vc_column_text]<div style=\"background-color:;height: 30px\" class=\"nicdark_section  \"><\/div>[vc_separator color=\u00bbmulled_wine\u00bb align=\u00bbalign_left\u00bb style=\u00bbshadow\u00bb el_width=\u00bb50&#8243;][vc_column_text css=\u00bb\u00bb]<strong>Sim\u00f3n Bol\u00edvar<\/strong><br \/>\nAv. San Juan de Luz, Palmar Este,<br \/>\nCaraballeda, estado Vargas.<br \/>\n(0212) 355 8365 | (0424) 293 4419<\/p>\n<p><a href=\"mailto:sbolivar.ccs@feyalegria.edu.ve\">sbolivar.ccs@feyalegria.edu.ve<\/a>[\/vc_column_text]<div style=\"background-color:;height: 30px\" class=\"nicdark_section  \"><\/div>[vc_separator color=\u00bbmulled_wine\u00bb align=\u00bbalign_left\u00bb style=\u00bbshadow\u00bb el_width=\u00bb50&#8243;][\/vc_column_inner][vc_column_inner width=\u00bb1\/3&#8243; css=\u00bb.vc_custom_1596259621316{padding-top: 40px !important;padding-left: 40px !important;}\u00bb][vc_column_text css=\u00bb.vc_custom_1748373355545{margin-top: -30px !important;}\u00bb]<\/p>\n<p><strong>Andy Aparicio<\/strong><br \/>\nAv. Principal Urbanizaci\u00f3n Las Casitas,<br \/>\nSector 4, Parte Alta Los Mangos, La Vega,<br \/>\nCaracas, Distrito Capital.<br \/>\n(0212) 476 3605 | 3625<\/p>\n<p><a href=\"mailto:aaparicio.ccs@feyalegria.edu.ve\">aaparicio.ccs@feyalegria.edu.ve<\/a>[\/vc_column_text]<div style=\"background-color:;height: 30px\" class=\"nicdark_section  \"><\/div>[vc_separator color=\u00bbmulled_wine\u00bb align=\u00bbalign_left\u00bb style=\u00bbshadow\u00bb el_width=\u00bb50&#8243;][vc_column_text css=\u00bb\u00bb]<strong>Eugenio Andr\u00e9s Mendoza<\/strong><br \/>\nKm. 3, Carretera El Junquito,<br \/>\nSector Brisas de Propatria,<br \/>\nCaracas, Distrito Capital.<br \/>\n(0212) 875 8100 | (0412) 713 2950<\/p>\n<p><a href=\"mailto:eamendoza.ccs@feyalegria.edu.ve\">eamendoza.ccs@feyalegria.edu.ve<\/a>[\/vc_column_text]<div style=\"background-color:;height: 30px\" class=\"nicdark_section  \"><\/div>[vc_separator color=\u00bbmulled_wine\u00bb align=\u00bbalign_left\u00bb style=\u00bbshadow\u00bb el_width=\u00bb50&#8243;][vc_column_text css=\u00bb\u00bb]<strong>La Rinconada<\/strong><br \/>\nFinal Av. Intercomunal del Valle,<br \/>\nParroquia Coche,<br \/>\nCaracas, Distrito Capital.<br \/>\n(0412) 258 5299<\/p>\n<p><a href=\"mailto:lrinconada.ccs@feyalegria.edu.ve\">lrinconada.ccs@feyalegria.edu.ve<\/a>[\/vc_column_text]<div style=\"background-color:;height: 30px\" class=\"nicdark_section  \"><\/div>[vc_separator color=\u00bbmulled_wine\u00bb align=\u00bbalign_left\u00bb style=\u00bbshadow\u00bb el_width=\u00bb50&#8243;][vc_column_text css=\u00bb\u00bb]<strong>Luis Mar\u00eda Olaso<\/strong><br \/>\nCalle El Carmen, Sector La Pradera,<br \/>\nParroquia La Vega,<br \/>\nCaracas, Distrito Capital<br \/>\n(0414) 286 5924 | (0426) 511 5068<\/p>\n<p><a href=\"mailto:lmolaso.ccs@feyalegria.edu.ve\">lmolaso.ccs@feyalegria.edu.ve<\/a>[\/vc_column_text]<div style=\"background-color:;height: 30px\" class=\"nicdark_section  \"><\/div>[vc_separator color=\u00bbmulled_wine\u00bb align=\u00bbalign_left\u00bb style=\u00bbshadow\u00bb el_width=\u00bb50&#8243;][vc_column_text css=\u00bb\u00bb]<strong>Mar\u00eda Rosa Molas<\/strong><br \/>\nUrb. Sim\u00f3n Bol\u00edvar, frente al Bloque 20,<br \/>\nCatia, Caracas, Distrito Capital<br \/>\n(0212) 870 2598 | (0412) 888 7927<\/p>\n<p><a href=\"mailto:mrmolas.ccs@feyalegria.edu.ve\">mrmolas.ccs@feyalegria.edu.ve<\/a>[\/vc_column_text]<div style=\"background-color:;height: 30px\" class=\"nicdark_section  \"><\/div>[vc_separator color=\u00bbmulled_wine\u00bb align=\u00bbalign_left\u00bb style=\u00bbshadow\u00bb el_width=\u00bb50&#8243;][vc_column_text css=\u00bb\u00bb]<strong>Sagrada Familia<\/strong><br \/>\nKm. 7, Carretera El Junquito, Barrio<br \/>\nLos Manquitos, Caracas, Distrito Capital.<br \/>\n(0212) 422 3057 | (0412) 205 2860<\/p>\n<p><a href=\"mailto:sfamilia.ccs@feyalegria.edu.ve\">sfamilia.ccs@feyalegria.edu.ve<\/a>[\/vc_column_text]<div style=\"background-color:;height: 30px\" class=\"nicdark_section  \"><\/div>[vc_separator color=\u00bbmulled_wine\u00bb align=\u00bbalign_left\u00bb style=\u00bbshadow\u00bb el_width=\u00bb50&#8243;][vc_column_text css=\u00bb\u00bb]<strong>San Jos\u00e9 Obrero<\/strong><br \/>\nSector Matapalos, Subida La Colmena,<br \/>\nLa Cumbre, Ant\u00edmano,<br \/>\nCaracas, Distrito Capital.<br \/>\n(0414) 255 4422<\/p>\n<p><a href=\"mailto:sjobrero.ccs@feyalegria.edu.ve\">sjobrero.ccs@feyalegria.edu.ve<\/a>[\/vc_column_text]<div style=\"background-color:;height: 30px\" class=\"nicdark_section  \"><\/div>[vc_separator color=\u00bbmulled_wine\u00bb align=\u00bbalign_left\u00bb style=\u00bbshadow\u00bb el_width=\u00bb50&#8243;][vc_column_text css=\u00bb\u00bb]<strong>Virgen Ni\u00f1a<\/strong><br \/>\nCasalta 2, frente al Barrio El Nazareno<br \/>\ny Bloque 8 de Urb. Pedro El\u00edas Guti\u00e9rrez,<br \/>\nCatia, Caracas, Distrito Capital.<br \/>\n(0424) 184 6171<\/p>\n<p><a href=\"mailto:vnina.ccs@feyalegria.edu.ve\">vnina.ccs@feyalegria.edu.ve<\/a>[\/vc_column_text][vc_separator color=\u00bbmulled_wine\u00bb align=\u00bbalign_left\u00bb style=\u00bbshadow\u00bb el_width=\u00bb50&#8243;][\/vc_column_inner][\/vc_row_inner][\/vc_column][\/vc_row][vc_row][vc_column]<div style=\"background-color:;height: 100px\" class=\"nicdark_section  \"><\/div>[\/vc_column][\/vc_row]<\/p>\n<\/div>","protected":false},"excerpt":{"rendered":"<p>[vc_row][vc_column width=\u00bb2\/3&#8243;][\/vc_column][vc_column width=\u00bb1\/3&#8243; css=\u00bb.vc_custom_1596260583144{margin-top: -35px !important;padding-left: 40px !important;}\u00bb][\/vc_column][\/vc_row][vc_row][vc_column][vc_row_inner][vc_column_inner width=\u00bb1\/3&#8243; css=\u00bb.vc_custom_1596259587901{padding-top: 40px !important;padding-left: 40px !important;}\u00bb][vc_column_text css=\u00bb.vc_custom_1748371505701{margin-top: -30px !important;}\u00bb] Abraham Reyes Zona Central, detr\u00e1s del Bloque 29, Parroquia 23 de Enero, Caracas, Distrito Capital. (0412) 922 5658 areyes.cca@feyalegria.edu.ve[\/vc_column_text][vc_separator color=\u00bbmulled_wine\u00bb align=\u00bbalign_left\u00bb style=\u00bbshadow\u00bb el_width=\u00bb50&#8243;][vc_column_text css=\u00bb\u00bb]Don Pedro Av. Guaicaipuro, Terrazas de las Acacias, entrada Barrio Mar\u00edn, Caracas, Distrito Capital. (0212)<\/p>\n","protected":false},"author":90,"featured_media":0,"parent":0,"menu_order":0,"comment_status":"closed","ping_status":"closed","template":"","meta":{"_acf_changed":false,"footnotes":""},"folder":[],"class_list":["post-719","page","type-page","status-publish","hentry"],"acf":[],"yoast_head":"<!-- This site is optimized with the Yoast SEO plugin v27.2 - https:\/\/yoast.com\/product\/yoast-seo-wordpress\/ -->\n<title>Centros educativos Zona Caracas - Fe y Alegr\u00eda en Venezuela<\/title>\n<meta name=\"robots\" content=\"index, follow, max-snippet:-1, max-image-preview:large, max-video-preview:-1\" \/>\n<link rel=\"canonical\" href=\"https:\/\/www.feyalegria.org\/venezuela\/centros-educativos-zona-caracas\/\" \/>\n<meta property=\"og:locale\" content=\"es_ES\" \/>\n<meta property=\"og:type\" content=\"article\" \/>\n<meta property=\"og:title\" content=\"Centros educativos Zona Caracas - Fe y Alegr\u00eda en Venezuela\" \/>\n<meta property=\"og:description\" content=\"[vc_row][vc_column width=\u00bb2\/3&#8243;][\/vc_column][vc_column width=\u00bb1\/3&#8243; css=\u00bb.vc_custom_1596260583144{margin-top: -35px !important;padding-left: 40px !important;}\u00bb][\/vc_column][\/vc_row][vc_row][vc_column][vc_row_inner][vc_column_inner width=\u00bb1\/3&#8243; css=\u00bb.vc_custom_1596259587901{padding-top: 40px !important;padding-left: 40px !important;}\u00bb][vc_column_text css=\u00bb.vc_custom_1748371505701{margin-top: -30px !important;}\u00bb] Abraham Reyes Zona Central, detr\u00e1s del Bloque 29, Parroquia 23 de Enero, Caracas, Distrito Capital. (0412) 922 5658 areyes.cca@feyalegria.edu.ve[\/vc_column_text][vc_separator color=\u00bbmulled_wine\u00bb align=\u00bbalign_left\u00bb style=\u00bbshadow\u00bb el_width=\u00bb50&#8243;][vc_column_text css=\u00bb\u00bb]Don Pedro Av. Guaicaipuro, Terrazas de las Acacias, entrada Barrio Mar\u00edn, Caracas, Distrito Capital. (0212)\" \/>\n<meta property=\"og:url\" content=\"https:\/\/www.feyalegria.org\/venezuela\/centros-educativos-zona-caracas\/\" \/>\n<meta property=\"og:site_name\" content=\"Fe y Alegr\u00eda en Venezuela\" \/>\n<meta property=\"article:modified_time\" content=\"2025-05-27T20:13:09+00:00\" \/>\n<meta name=\"twitter:card\" content=\"summary_large_image\" \/>\n<meta name=\"twitter:label1\" content=\"Tiempo de lectura\" \/>\n\t<meta name=\"twitter:data1\" content=\"4 minutos\" \/>\n<script type=\"application\/ld+json\" class=\"yoast-schema-graph\">{\"@context\":\"https:\/\/schema.org\",\"@graph\":[{\"@type\":\"WebPage\",\"@id\":\"https:\/\/www.feyalegria.org\/venezuela\/centros-educativos-zona-caracas\/\",\"url\":\"https:\/\/www.feyalegria.org\/venezuela\/centros-educativos-zona-caracas\/\",\"name\":\"Centros educativos Zona Caracas - Fe y Alegr\u00eda en Venezuela\",\"isPartOf\":{\"@id\":\"https:\/\/www.feyalegria.org\/venezuela\/#website\"},\"datePublished\":\"2020-08-01T05:46:15+00:00\",\"dateModified\":\"2025-05-27T20:13:09+00:00\",\"inLanguage\":\"es\",\"potentialAction\":[{\"@type\":\"ReadAction\",\"target\":[\"https:\/\/www.feyalegria.org\/venezuela\/centros-educativos-zona-caracas\/\"]}]},{\"@type\":\"WebSite\",\"@id\":\"https:\/\/www.feyalegria.org\/venezuela\/#website\",\"url\":\"https:\/\/www.feyalegria.org\/venezuela\/\",\"name\":\"Fe y Alegr\u00eda en Venezuela\",\"description\":\"\",\"potentialAction\":[{\"@type\":\"SearchAction\",\"target\":{\"@type\":\"EntryPoint\",\"urlTemplate\":\"https:\/\/www.feyalegria.org\/venezuela\/?s={search_term_string}\"},\"query-input\":{\"@type\":\"PropertyValueSpecification\",\"valueRequired\":true,\"valueName\":\"search_term_string\"}}],\"inLanguage\":\"es\"}]}<\/script>\n<!-- \/ Yoast SEO plugin. -->","yoast_head_json":{"title":"Centros educativos Zona Caracas - Fe y Alegr\u00eda en Venezuela","robots":{"index":"index","follow":"follow","max-snippet":"max-snippet:-1","max-image-preview":"max-image-preview:large","max-video-preview":"max-video-preview:-1"},"canonical":"https:\/\/www.feyalegria.org\/venezuela\/centros-educativos-zona-caracas\/","og_locale":"es_ES","og_type":"article","og_title":"Centros educativos Zona Caracas - Fe y Alegr\u00eda en Venezuela","og_description":"[vc_row][vc_column width=\u00bb2\/3&#8243;][\/vc_column][vc_column width=\u00bb1\/3&#8243; css=\u00bb.vc_custom_1596260583144{margin-top: -35px !important;padding-left: 40px !important;}\u00bb][\/vc_column][\/vc_row][vc_row][vc_column][vc_row_inner][vc_column_inner width=\u00bb1\/3&#8243; css=\u00bb.vc_custom_1596259587901{padding-top: 40px !important;padding-left: 40px !important;}\u00bb][vc_column_text css=\u00bb.vc_custom_1748371505701{margin-top: -30px !important;}\u00bb] Abraham Reyes Zona Central, detr\u00e1s del Bloque 29, Parroquia 23 de Enero, Caracas, Distrito Capital. (0412) 922 5658 areyes.cca@feyalegria.edu.ve[\/vc_column_text][vc_separator color=\u00bbmulled_wine\u00bb align=\u00bbalign_left\u00bb style=\u00bbshadow\u00bb el_width=\u00bb50&#8243;][vc_column_text css=\u00bb\u00bb]Don Pedro Av. Guaicaipuro, Terrazas de las Acacias, entrada Barrio Mar\u00edn, Caracas, Distrito Capital. (0212)","og_url":"https:\/\/www.feyalegria.org\/venezuela\/centros-educativos-zona-caracas\/","og_site_name":"Fe y Alegr\u00eda en Venezuela","article_modified_time":"2025-05-27T20:13:09+00:00","twitter_card":"summary_large_image","twitter_misc":{"Tiempo de lectura":"4 minutos"},"schema":{"@context":"https:\/\/schema.org","@graph":[{"@type":"WebPage","@id":"https:\/\/www.feyalegria.org\/venezuela\/centros-educativos-zona-caracas\/","url":"https:\/\/www.feyalegria.org\/venezuela\/centros-educativos-zona-caracas\/","name":"Centros educativos Zona Caracas - Fe y Alegr\u00eda en Venezuela","isPartOf":{"@id":"https:\/\/www.feyalegria.org\/venezuela\/#website"},"datePublished":"2020-08-01T05:46:15+00:00","dateModified":"2025-05-27T20:13:09+00:00","inLanguage":"es","potentialAction":[{"@type":"ReadAction","target":["https:\/\/www.feyalegria.org\/venezuela\/centros-educativos-zona-caracas\/"]}]},{"@type":"WebSite","@id":"https:\/\/www.feyalegria.org\/venezuela\/#website","url":"https:\/\/www.feyalegria.org\/venezuela\/","name":"Fe y Alegr\u00eda en Venezuela","description":"","potentialAction":[{"@type":"SearchAction","target":{"@type":"EntryPoint","urlTemplate":"https:\/\/www.feyalegria.org\/venezuela\/?s={search_term_string}"},"query-input":{"@type":"PropertyValueSpecification","valueRequired":true,"valueName":"search_term_string"}}],"inLanguage":"es"}]}},"_links":{"self":[{"href":"https:\/\/www.feyalegria.org\/venezuela\/wp-json\/wp\/v2\/pages\/719","targetHints":{"allow":["GET"]}}],"collection":[{"href":"https:\/\/www.feyalegria.org\/venezuela\/wp-json\/wp\/v2\/pages"}],"about":[{"href":"https:\/\/www.feyalegria.org\/venezuela\/wp-json\/wp\/v2\/types\/page"}],"author":[{"embeddable":true,"href":"https:\/\/www.feyalegria.org\/venezuela\/wp-json\/wp\/v2\/users\/90"}],"replies":[{"embeddable":true,"href":"https:\/\/www.feyalegria.org\/venezuela\/wp-json\/wp\/v2\/comments?post=719"}],"version-history":[{"count":0,"href":"https:\/\/www.feyalegria.org\/venezuela\/wp-json\/wp\/v2\/pages\/719\/revisions"}],"wp:attachment":[{"href":"https:\/\/www.feyalegria.org\/venezuela\/wp-json\/wp\/v2\/media?parent=719"}],"wp:term":[{"taxonomy":"folder","embeddable":true,"href":"https:\/\/www.feyalegria.org\/venezuela\/wp-json\/wp\/v2\/folder?post=719"}],"curies":[{"name":"wp","href":"https:\/\/api.w.org\/{rel}","templated":true}]}}