 {"id":727,"date":"2020-08-01T05:54:40","date_gmt":"2020-08-01T05:54:40","guid":{"rendered":"https:\/\/www.feyalegria.org\/venezuela\/?page_id=727"},"modified":"2025-05-19T19:29:55","modified_gmt":"2025-05-19T19:29:55","slug":"centros-educativos-zona-lara-llanos","status":"publish","type":"page","link":"https:\/\/www.feyalegria.org\/venezuela\/centros-educativos-zona-lara-llanos\/","title":{"rendered":"Centros educativos Zona Lara Llanos"},"content":{"rendered":"<div class=\"wpb-content-wrapper\"><p>[vc_row][vc_column width=\u00bb2\/3&#8243;]<div style=\"background-color:;height: 50px\" class=\"nicdark_section  \"><\/div>[\/vc_column][vc_column width=\u00bb1\/3&#8243; css=\u00bb.vc_custom_1596260583144{margin-top: -35px !important;padding-left: 40px !important;}\u00bb]<a href=\"https:\/\/www.feyalegria.org\/venezuela\/directorio-fe-y-alegria-escuela\/\" title=\"Directorio\"  data-id=\"mpc_button-4669e154ed19df5\" class=\"mpc-button mpc-init mpc-transition \" ><div class=\"mpc-button__content mpc-effect-type--none mpc-effect-side--none\"><span class=\"mpc-button__title mpc-transition\">Volver al Directorio<\/span><\/div><div class=\"mpc-button__background mpc-transition mpc-effect-type--fade mpc-effect-side--in\"><\/div><\/a>[\/vc_column][\/vc_row][vc_row][vc_column][vc_row_inner][vc_column_inner width=\u00bb1\/3&#8243; css=\u00bb.vc_custom_1596259587901{padding-top: 40px !important;padding-left: 40px !important;}\u00bb][vc_column_text css=\u00bb.vc_custom_1709589660670{margin-top: -30px !important;}\u00bb]<\/p>\n<p>&nbsp;<\/p>\n<p><strong>Ana Soto<\/strong><\/p>\n<p>Carretera vieja a Carora, Km 10,<br \/>\nSector Los Rosales, Pavia Arriba,<br \/>\nBarquisimeto, estado Lara.<br \/>\n(0251) 992 5520<\/p>\n<p><a href=\"mailto:asoto.lar@feyalegria.edu.ve\">asoto.lar@feyalegria.edu.ve<\/a>[\/vc_column_text][vc_separator color=\u00bbmulled_wine\u00bb align=\u00bbalign_left\u00bb style=\u00bbshadow\u00bb el_width=\u00bb50&#8243;][vc_column_text css=\u00bb.vc_custom_1712680390137{margin-top: -30px !important;}\u00bb]<\/p>\n<p>&nbsp;<\/p>\n<p><strong>Al\u00ed Primera<\/strong><\/p>\n<p>Barrio 1\u00ba de Diciembre, Calle 01,<br \/>\n5\u00aa Etapa, Barinas, estado Barinas.<br \/>\n(0273) 542 5936<\/p>\n<p><a href=\"mailto:arprimera.lar@feyalegria.edu.ve\">arprimera.lar@feyalegria.edu.ve<\/a><\/p>\n<p>[\/vc_column_text][vc_separator color=\u00bbmulled_wine\u00bb align=\u00bbalign_left\u00bb style=\u00bbshadow\u00bb el_width=\u00bb50&#8243;][vc_column_text css=\u00bb.vc_custom_1709590789212{margin-top: -30px !important;}\u00bb]<\/p>\n<p>&nbsp;<\/p>\n<p><b>Padre Pedro Legaria<\/b><\/p>\n<p>Vereda 5 entre calles 5 y 6,<br \/>\nBarrio La Municipal,<br \/>\nBarquisimeto, estado Lara.<br \/>\n(0412)\u00a0 525 5486<\/p>\n<p><a href=\"mailto:pplegaria.lar@feyalegria.edu.ve\">pplegaria.lar@feyalegria.edu.ve<\/a><\/p>\n<p>[\/vc_column_text][vc_separator color=\u00bbmulled_wine\u00bb align=\u00bbalign_left\u00bb style=\u00bbshadow\u00bb el_width=\u00bb50&#8243;][vc_column_text css=\u00bb.vc_custom_1709589835776{margin-top: -30px !important;}\u00bb]<\/p>\n<p>&nbsp;<\/p>\n<p><strong>Escuela Campesina<\/strong><br \/>\nVillanueva, Sanare,<br \/>\nestado Lara.<br \/>\n(0253) 694 9826<\/p>\n<p><a href=\"mailto:ecampesina.lar@feyalegria.edu.ve\">ecampesina.lar@feyalegria.edu.ve<\/a>[\/vc_column_text][vc_separator color=\u00bbmulled_wine\u00bb align=\u00bbalign_left\u00bb style=\u00bbshadow\u00bb el_width=\u00bb50&#8243;][vc_column_text css=\u00bb.vc_custom_1709590045324{margin-top: -30px !important;}\u00bb]<\/p>\n<p>&nbsp;<\/p>\n<p><strong>Juan XXIII<\/strong><\/p>\n<p>Barrio La Pastora,<br \/>\nCarrera 9 con Calle 23,<br \/>\nParroquia Uni\u00f3n, Barquisimeto, Edo. Lara.<br \/>\n(0251) 237 3739 | 237 3501<\/p>\n<p><a href=\"mailto:juanxxiii.lar@feyalegria.edu.ve\">juanxxiii.lar@feyalegria.edu.ve<\/a>[\/vc_column_text][vc_separator color=\u00bbmulled_wine\u00bb align=\u00bbalign_left\u00bb style=\u00bbshadow\u00bb el_width=\u00bb50&#8243;][vc_column_text css=\u00bb.vc_custom_1709591936634{margin-top: -30px !important;}\u00bb]<\/p>\n<p>&nbsp;<\/p>\n<p><strong>Variquisimeto<\/strong><\/p>\n<p>Carrera 7, Entre 1 y 4, Barrio Sim\u00f3n Bol\u00edvar,<br \/>\nParroquia Juan de Villegas,<br \/>\nBarquisimeto, estado Lara.<br \/>\n(0251) 447 7134<\/p>\n<p><a href=\"mailto:Variquisimeto.lar@feyalegria.edu.ve\">Variquisimeto.lar@feyalegria.edu.ve<\/a>[\/vc_column_text][vc_separator color=\u00bbmulled_wine\u00bb align=\u00bbalign_left\u00bb style=\u00bbshadow\u00bb el_width=\u00bb50&#8243;][vc_column_text css=\u00bb.vc_custom_1709591756702{margin-top: -30px !important;}\u00bb]<\/p>\n<p>&nbsp;<\/p>\n<p><strong>Santa Elena<\/strong><\/p>\n<p>Calle 3, Av. 5 y 6, Barrio Santa Elena,<br \/>\nAcarigua, estado Portuguesa.<br \/>\n(0414) 951 1095<\/p>\n<p><a href=\"mailto:SELENA.LAR@FEYALEGRIA.EDU.VE\">SELENA.LAR@FEYALEGRIA.EDU.VE<\/a><\/p>\n<p>[\/vc_column_text][\/vc_column_inner][vc_column_inner width=\u00bb1\/3&#8243; css=\u00bb.vc_custom_1596259609387{padding-top: 40px !important;padding-left: 40px !important;}\u00bb][vc_column_text css=\u00bb.vc_custom_1709589773660{margin-top: -30px !important;}\u00bb]<\/p>\n<p>&nbsp;<\/p>\n<p><strong>Cardenal Marcelo Sp\u00ednola<\/strong><br \/>\nCalle La Florida, Sector San Francisco,<br \/>\nBarrio El Tostao I,<br \/>\nBarquisimeto, estado Lara.<br \/>\n(0412) 517 2396<\/p>\n<p><a href=\"mailto:cmspinola.lar@feyalegria.edu.ve\">cmspinola.lar@feyalegria.edu.ve<\/a>[\/vc_column_text][vc_separator color=\u00bbmulled_wine\u00bb align=\u00bbalign_left\u00bb style=\u00bbshadow\u00bb el_width=\u00bb50&#8243;][vc_column_text css=\u00bb.vc_custom_1709589916646{margin-top: -30px !important;}\u00bb]<\/p>\n<p>&nbsp;<\/p>\n<p><strong>Inst. Agropecuario Jos\u00e9 Mar\u00eda V\u00e9laz <\/strong><br \/>\nCaser\u00edo el Picure, San Ignacio del Masparro,<br \/>\nDolores, estado Barinas.<br \/>\n(0426) 109 8080<\/p>\n<p><a href=\"mailto:masparro@gmail.com\">masparro@gmail.com<\/a>[\/vc_column_text][vc_separator color=\u00bbmulled_wine\u00bb align=\u00bbalign_left\u00bb style=\u00bbshadow\u00bb el_width=\u00bb50&#8243;][vc_column_text css=\u00bb.vc_custom_1709590086909{margin-top: -30px !important;}\u00bb]<\/p>\n<p>&nbsp;<\/p>\n<p><strong>La Inmaculada<\/strong><br \/>\nUrb. Sim\u00f3n Bol\u00edvar, Av. Principal<br \/>\ncruce c\/ Calle Cede\u00f1o,<br \/>\nBarinas, estado Barinas.<br \/>\n(0273) 552 4724<\/p>\n<p><a href=\"mailto:feyalegrialainmaculadabarinas@gmail.com\">feyalegrialainmaculadabarinas@gmail.com<\/a>[\/vc_column_text][vc_separator color=\u00bbmulled_wine\u00bb align=\u00bbalign_left\u00bb style=\u00bbshadow\u00bb el_width=\u00bb50&#8243;][vc_column_text css=\u00bb.vc_custom_1712680306027{margin-top: -30px !important;}\u00bb]<\/p>\n<p>&nbsp;<\/p>\n<p><b>U.E.C. Patricia de Reyes<\/b><\/p>\n<p>Parroquia Cecilio Zubillaga Perera<br \/>\nLa Pastora, estado Lara.<br \/>\n(0424) 137 08203<\/p>\n<p><a href=\"mailto:mpmdeoca_lapastora.lar@feyalegria.edu.ve\">mpmdeoca_lapastora.lar@feyalegria.edu.ve<\/a>[\/vc_column_text][vc_separator color=\u00bbmulled_wine\u00bb align=\u00bbalign_left\u00bb style=\u00bbshadow\u00bb el_width=\u00bb50&#8243;][vc_column_text css=\u00bb.vc_custom_1709590300669{margin-top: -30px !important;}\u00bb]<\/p>\n<p>&nbsp;<\/p>\n<p><strong>Nuestra Se\u00f1ora de Coromoto<\/strong><\/p>\n<p>Final Calle 28, Ayacucho,<br \/>\nBarrio Bella Vista II,<br \/>\nAcarigua, Estado Portuguesa<br \/>\n(0255) 621 5736<\/p>\n<p><a href=\"mailto:nscoromoto.lar@feyalegria.edu.ve\">nscoromoto.lar@feyalegria.edu.ve<\/a><\/p>\n<p>[\/vc_column_text][vc_separator color=\u00bbmulled_wine\u00bb align=\u00bbalign_left\u00bb style=\u00bbshadow\u00bb el_width=\u00bb50&#8243;][vc_column_text css=\u00bb.vc_custom_1709590230687{margin-top: -30px !important;}\u00bb]<\/p>\n<p>&nbsp;<\/p>\n<p><strong>Monse\u00f1or Romero<\/strong><\/p>\n<p>Carretera V\u00eda Carorita,<br \/>\nSector Jos\u00e9 Cruces, Calle La Torre<br \/>\nc\/ Calle Fe y Alegr\u00eda, Altos del Trompillo,<br \/>\nBarquisimeto, estado Lara.<br \/>\n(0412) 159 5105<\/p>\n<p><a href=\"mailto:moromero.lar@feyalegria.edu.ve\">moromero.lar@feyalegria.edu.ve<\/a>[\/vc_column_text][\/vc_column_inner][vc_column_inner width=\u00bb1\/3&#8243; css=\u00bb.vc_custom_1596259621316{padding-top: 40px !important;padding-left: 40px !important;}\u00bb][vc_column_text css=\u00bb.vc_custom_1712680574218{margin-top: -30px !important;}\u00bb]<\/p>\n<p>&nbsp;<\/p>\n<p><b>San Francisco | Las Tinajitas<\/b><\/p>\n<p>Calle 13B,\u00a0 con Av. 3, Sector 3<br \/>\nBarrio Las Tinajitas,<br \/>\nBarquisimeto, estado Lara.<br \/>\n(0424) 511 3856<\/p>\n<p><a href=\"mailto:sfrancisco_tinajitas.lar@feyalegria.edu.ve\">sfrancisco_tinajitas.lar@feyalegria.edu.ve<\/a>[\/vc_column_text][vc_separator color=\u00bbmulled_wine\u00bb align=\u00bbalign_left\u00bb style=\u00bbshadow\u00bb el_width=\u00bb50&#8243;][vc_column_text css=\u00bb.vc_custom_1709589995571{margin-top: -30px !important;}\u00bb]<\/p>\n<p>&nbsp;<\/p>\n<p><strong>U.E. Padre Jos\u00e9 Mar\u00eda V\u00e9laz<\/strong><\/p>\n<p>Carrera 14, N\u00b0 5-29, Barrio Matur\u00edn,<br \/>\nGuanare, estado Portuguesa.<br \/>\n(0257) 251 3452 | 265 3452<\/p>\n<p><a href=\"mailto:pjmvelaz.lar@gmail.com\">pjmvelaz.lar@gmail.com<\/a>[\/vc_column_text][vc_separator color=\u00bbmulled_wine\u00bb align=\u00bbalign_left\u00bb style=\u00bbshadow\u00bb el_width=\u00bb50&#8243;][vc_column_text css=\u00bb.vc_custom_1709590136786{margin-top: -30px !important;}\u00bb]<\/p>\n<p>&nbsp;<\/p>\n<p><strong>Mons. Pedro Felipe Montes de Oca<\/strong><br \/>\nCalle Fe y Alegr\u00eda,<br \/>\nUrb. Campanero,<br \/>\nCarora, estado Lara.<br \/>\n(0252) 421 6657<\/p>\n<p><a href=\"mailto:mpmdeoca.lar@feyalegria.edu.ve\">mpmdeoca.lar@feyalegria.edu.ve<\/a>[\/vc_column_text][vc_separator color=\u00bbmulled_wine\u00bb align=\u00bbalign_left\u00bb style=\u00bbshadow\u00bb el_width=\u00bb50&#8243;][vc_column_text css=\u00bb.vc_custom_1709590366878{margin-top: -30px !important;}\u00bb]<\/p>\n<p>&nbsp;<\/p>\n<p><strong>Felipe Salvador Gilij<\/strong><\/p>\n<p>1\u00ba de Diciembre, II Etapa, Calle 2,<br \/>\nBarinas, estado Barinas.<br \/>\n(0273) 532 6856<\/p>\n<p><a href=\"mailto:pfsgilij.lar@feyalegria.edu.ve\">pfsgilij.lar@feyalegria.edu.ve<\/a><\/p>\n<p>[\/vc_column_text][vc_separator color=\u00bbmulled_wine\u00bb align=\u00bbalign_left\u00bb style=\u00bbshadow\u00bb el_width=\u00bb50&#8243;][vc_column_text css=\u00bb.vc_custom_1709590864488{margin-top: -30px !important;}\u00bb]<\/p>\n<p>&nbsp;<\/p>\n<p><strong>San Francisco<\/strong><br \/>\nCalle 6 con Carrera 5A y 5B,<br \/>\nBarrio San Francisco,<br \/>\nBarquisimeto, estado Lara.<br \/>\n(0412) 016 8771<\/p>\n<p><a href=\"mailto:sfrancisco.lar@feyalegria.edu.ve\">sfrancisco.lar@feyalegria.edu.ve<\/a><\/p>\n<p>[\/vc_column_text][vc_separator color=\u00bbmulled_wine\u00bb align=\u00bbalign_left\u00bb style=\u00bbshadow\u00bb el_width=\u00bb50&#8243;][vc_column_text css=\u00bb.vc_custom_1709591809064{margin-top: -30px !important;}\u00bb]<\/p>\n<p>&nbsp;<\/p>\n<p><strong>Teresa de la Asunci\u00f3n<\/strong><\/p>\n<p>Calle Fe y Alegr\u00eda, Urb. Los Pr\u00f3ceres,<br \/>\nBarinas, estado Barinas.<br \/>\n(0273) 533 6808<\/p>\n<p><a href=\"mailto:teresafeyalegria@gmail.com\">teresafeyalegria@gmail.com<\/a><\/p>\n<p>[\/vc_column_text][\/vc_column_inner][\/vc_row_inner][\/vc_column][\/vc_row][vc_row][vc_column]<div style=\"background-color:;height: 100px\" class=\"nicdark_section  \"><\/div>[\/vc_column][\/vc_row]<\/p>\n<\/div>","protected":false},"excerpt":{"rendered":"<p>[vc_row][vc_column width=\u00bb2\/3&#8243;][\/vc_column][vc_column width=\u00bb1\/3&#8243; css=\u00bb.vc_custom_1596260583144{margin-top: -35px !important;padding-left: 40px !important;}\u00bb][\/vc_column][\/vc_row][vc_row][vc_column][vc_row_inner][vc_column_inner width=\u00bb1\/3&#8243; css=\u00bb.vc_custom_1596259587901{padding-top: 40px !important;padding-left: 40px !important;}\u00bb][vc_column_text css=\u00bb.vc_custom_1709589660670{margin-top: -30px !important;}\u00bb] &nbsp; Ana Soto Carretera vieja a Carora, Km 10, Sector Los Rosales, Pavia Arriba, Barquisimeto, estado Lara. (0251) 992 5520 asoto.lar@feyalegria.edu.ve[\/vc_column_text][vc_separator color=\u00bbmulled_wine\u00bb align=\u00bbalign_left\u00bb style=\u00bbshadow\u00bb el_width=\u00bb50&#8243;][vc_column_text css=\u00bb.vc_custom_1712680390137{margin-top: -30px !important;}\u00bb] &nbsp; Al\u00ed Primera Barrio 1\u00ba de Diciembre, Calle 01, 5\u00aa<\/p>\n","protected":false},"author":90,"featured_media":0,"parent":0,"menu_order":0,"comment_status":"closed","ping_status":"closed","template":"","meta":{"_acf_changed":false,"footnotes":""},"folder":[],"class_list":["post-727","page","type-page","status-publish","hentry"],"acf":[],"yoast_head":"<!-- This site is optimized with the Yoast SEO plugin v27.2 - https:\/\/yoast.com\/product\/yoast-seo-wordpress\/ -->\n<title>Centros educativos Zona Lara Llanos - Fe y Alegr\u00eda en Venezuela<\/title>\n<meta name=\"robots\" content=\"index, follow, max-snippet:-1, max-image-preview:large, max-video-preview:-1\" \/>\n<link rel=\"canonical\" href=\"https:\/\/www.feyalegria.org\/venezuela\/centros-educativos-zona-lara-llanos\/\" \/>\n<meta property=\"og:locale\" content=\"es_ES\" \/>\n<meta property=\"og:type\" content=\"article\" \/>\n<meta property=\"og:title\" content=\"Centros educativos Zona Lara Llanos - Fe y Alegr\u00eda en Venezuela\" \/>\n<meta property=\"og:description\" content=\"[vc_row][vc_column width=\u00bb2\/3&#8243;][\/vc_column][vc_column width=\u00bb1\/3&#8243; css=\u00bb.vc_custom_1596260583144{margin-top: -35px !important;padding-left: 40px !important;}\u00bb][\/vc_column][\/vc_row][vc_row][vc_column][vc_row_inner][vc_column_inner width=\u00bb1\/3&#8243; css=\u00bb.vc_custom_1596259587901{padding-top: 40px !important;padding-left: 40px !important;}\u00bb][vc_column_text css=\u00bb.vc_custom_1709589660670{margin-top: -30px !important;}\u00bb] &nbsp; Ana Soto Carretera vieja a Carora, Km 10, Sector Los Rosales, Pavia Arriba, Barquisimeto, estado Lara. (0251) 992 5520 asoto.lar@feyalegria.edu.ve[\/vc_column_text][vc_separator color=\u00bbmulled_wine\u00bb align=\u00bbalign_left\u00bb style=\u00bbshadow\u00bb el_width=\u00bb50&#8243;][vc_column_text css=\u00bb.vc_custom_1712680390137{margin-top: -30px !important;}\u00bb] &nbsp; Al\u00ed Primera Barrio 1\u00ba de Diciembre, Calle 01, 5\u00aa\" \/>\n<meta property=\"og:url\" content=\"https:\/\/www.feyalegria.org\/venezuela\/centros-educativos-zona-lara-llanos\/\" \/>\n<meta property=\"og:site_name\" content=\"Fe y Alegr\u00eda en Venezuela\" \/>\n<meta property=\"article:modified_time\" content=\"2025-05-19T19:29:55+00:00\" \/>\n<meta name=\"twitter:card\" content=\"summary_large_image\" \/>\n<meta name=\"twitter:label1\" content=\"Tiempo de lectura\" \/>\n\t<meta name=\"twitter:data1\" content=\"3 minutos\" \/>\n<script type=\"application\/ld+json\" class=\"yoast-schema-graph\">{\"@context\":\"https:\/\/schema.org\",\"@graph\":[{\"@type\":\"WebPage\",\"@id\":\"https:\/\/www.feyalegria.org\/venezuela\/centros-educativos-zona-lara-llanos\/\",\"url\":\"https:\/\/www.feyalegria.org\/venezuela\/centros-educativos-zona-lara-llanos\/\",\"name\":\"Centros educativos Zona Lara Llanos - Fe y Alegr\u00eda en Venezuela\",\"isPartOf\":{\"@id\":\"https:\/\/www.feyalegria.org\/venezuela\/#website\"},\"datePublished\":\"2020-08-01T05:54:40+00:00\",\"dateModified\":\"2025-05-19T19:29:55+00:00\",\"inLanguage\":\"es\",\"potentialAction\":[{\"@type\":\"ReadAction\",\"target\":[\"https:\/\/www.feyalegria.org\/venezuela\/centros-educativos-zona-lara-llanos\/\"]}]},{\"@type\":\"WebSite\",\"@id\":\"https:\/\/www.feyalegria.org\/venezuela\/#website\",\"url\":\"https:\/\/www.feyalegria.org\/venezuela\/\",\"name\":\"Fe y Alegr\u00eda en Venezuela\",\"description\":\"\",\"potentialAction\":[{\"@type\":\"SearchAction\",\"target\":{\"@type\":\"EntryPoint\",\"urlTemplate\":\"https:\/\/www.feyalegria.org\/venezuela\/?s={search_term_string}\"},\"query-input\":{\"@type\":\"PropertyValueSpecification\",\"valueRequired\":true,\"valueName\":\"search_term_string\"}}],\"inLanguage\":\"es\"}]}<\/script>\n<!-- \/ Yoast SEO plugin. -->","yoast_head_json":{"title":"Centros educativos Zona Lara Llanos - Fe y Alegr\u00eda en Venezuela","robots":{"index":"index","follow":"follow","max-snippet":"max-snippet:-1","max-image-preview":"max-image-preview:large","max-video-preview":"max-video-preview:-1"},"canonical":"https:\/\/www.feyalegria.org\/venezuela\/centros-educativos-zona-lara-llanos\/","og_locale":"es_ES","og_type":"article","og_title":"Centros educativos Zona Lara Llanos - Fe y Alegr\u00eda en Venezuela","og_description":"[vc_row][vc_column width=\u00bb2\/3&#8243;][\/vc_column][vc_column width=\u00bb1\/3&#8243; css=\u00bb.vc_custom_1596260583144{margin-top: -35px !important;padding-left: 40px !important;}\u00bb][\/vc_column][\/vc_row][vc_row][vc_column][vc_row_inner][vc_column_inner width=\u00bb1\/3&#8243; css=\u00bb.vc_custom_1596259587901{padding-top: 40px !important;padding-left: 40px !important;}\u00bb][vc_column_text css=\u00bb.vc_custom_1709589660670{margin-top: -30px !important;}\u00bb] &nbsp; Ana Soto Carretera vieja a Carora, Km 10, Sector Los Rosales, Pavia Arriba, Barquisimeto, estado Lara. (0251) 992 5520 asoto.lar@feyalegria.edu.ve[\/vc_column_text][vc_separator color=\u00bbmulled_wine\u00bb align=\u00bbalign_left\u00bb style=\u00bbshadow\u00bb el_width=\u00bb50&#8243;][vc_column_text css=\u00bb.vc_custom_1712680390137{margin-top: -30px !important;}\u00bb] &nbsp; Al\u00ed Primera Barrio 1\u00ba de Diciembre, Calle 01, 5\u00aa","og_url":"https:\/\/www.feyalegria.org\/venezuela\/centros-educativos-zona-lara-llanos\/","og_site_name":"Fe y Alegr\u00eda en Venezuela","article_modified_time":"2025-05-19T19:29:55+00:00","twitter_card":"summary_large_image","twitter_misc":{"Tiempo de lectura":"3 minutos"},"schema":{"@context":"https:\/\/schema.org","@graph":[{"@type":"WebPage","@id":"https:\/\/www.feyalegria.org\/venezuela\/centros-educativos-zona-lara-llanos\/","url":"https:\/\/www.feyalegria.org\/venezuela\/centros-educativos-zona-lara-llanos\/","name":"Centros educativos Zona Lara Llanos - Fe y Alegr\u00eda en Venezuela","isPartOf":{"@id":"https:\/\/www.feyalegria.org\/venezuela\/#website"},"datePublished":"2020-08-01T05:54:40+00:00","dateModified":"2025-05-19T19:29:55+00:00","inLanguage":"es","potentialAction":[{"@type":"ReadAction","target":["https:\/\/www.feyalegria.org\/venezuela\/centros-educativos-zona-lara-llanos\/"]}]},{"@type":"WebSite","@id":"https:\/\/www.feyalegria.org\/venezuela\/#website","url":"https:\/\/www.feyalegria.org\/venezuela\/","name":"Fe y Alegr\u00eda en Venezuela","description":"","potentialAction":[{"@type":"SearchAction","target":{"@type":"EntryPoint","urlTemplate":"https:\/\/www.feyalegria.org\/venezuela\/?s={search_term_string}"},"query-input":{"@type":"PropertyValueSpecification","valueRequired":true,"valueName":"search_term_string"}}],"inLanguage":"es"}]}},"_links":{"self":[{"href":"https:\/\/www.feyalegria.org\/venezuela\/wp-json\/wp\/v2\/pages\/727","targetHints":{"allow":["GET"]}}],"collection":[{"href":"https:\/\/www.feyalegria.org\/venezuela\/wp-json\/wp\/v2\/pages"}],"about":[{"href":"https:\/\/www.feyalegria.org\/venezuela\/wp-json\/wp\/v2\/types\/page"}],"author":[{"embeddable":true,"href":"https:\/\/www.feyalegria.org\/venezuela\/wp-json\/wp\/v2\/users\/90"}],"replies":[{"embeddable":true,"href":"https:\/\/www.feyalegria.org\/venezuela\/wp-json\/wp\/v2\/comments?post=727"}],"version-history":[{"count":0,"href":"https:\/\/www.feyalegria.org\/venezuela\/wp-json\/wp\/v2\/pages\/727\/revisions"}],"wp:attachment":[{"href":"https:\/\/www.feyalegria.org\/venezuela\/wp-json\/wp\/v2\/media?parent=727"}],"wp:term":[{"taxonomy":"folder","embeddable":true,"href":"https:\/\/www.feyalegria.org\/venezuela\/wp-json\/wp\/v2\/folder?post=727"}],"curies":[{"name":"wp","href":"https:\/\/api.w.org\/{rel}","templated":true}]}}