{"id":7635,"date":"2024-10-13T21:21:56","date_gmt":"2024-10-13T21:21:56","guid":{"rendered":"https:\/\/www.feyalegria.org\/venezuela\/?page_id=7635"},"modified":"2025-06-10T21:13:54","modified_gmt":"2025-06-10T21:13:54","slug":"preguntas-frecuentes-2","status":"publish","type":"page","link":"https:\/\/www.feyalegria.org\/venezuela\/preguntas-frecuentes-2\/","title":{"rendered":"Preguntas frecuentes"},"content":{"rendered":"<div class=\"wpb-content-wrapper\"><p>[vc_row full_width=\u00bbstretch_row_content\u00bb css=\u00bb.vc_custom_1721778500560{background-color: #aa0f16 !important;}\u00bb][vc_column][vc_column_text css=\u00bb\u00bb]<\/p>\n<h1 style=\"text-align: center;\"><span style=\"color: #ffffff;\">Preguntas frecuentes<\/span><\/h1>\n<p>[\/vc_column_text][\/vc_column][\/vc_row][vc_row full_width=\u00bbstretch_row_content\u00bb][vc_column]<div style=\"background-color:;height: 15px\" class=\"nicdark_section  \"><\/div>[\/vc_column][\/vc_row][vc_row][vc_column width=\u00bb1\/5&#8243; css=\u00bb.vc_custom_1749590024742{margin-right: 20px !important;}\u00bb][vc_btn title=\u00bbFinanciamiento y gesti\u00f3n\u00bb style=\u00bboutline-custom\u00bb outline_custom_color=\u00bb#1b878f\u00bb outline_custom_hover_background=\u00bb#1b878f\u00bb outline_custom_hover_text=\u00bb#ffffff\u00bb align=\u00bbcenter\u00bb css=\u00bb\u00bb link=\u00bburl:https%3A%2F%2Fwww.feyalegria.org%2Fvenezuela%2Ffinanciamiento-y-gestion%2F|title:Financiamiento%20y%20gesti%C3%B3n|target:_blank\u00bb][\/vc_column][vc_column width=\u00bb1\/5&#8243; alignment=\u00bbcenter\u00bb][vc_btn title=\u00bbEscuela Virtual\u00bb style=\u00bboutline-custom\u00bb outline_custom_color=\u00bb#a53580&#8243; outline_custom_hover_background=\u00bb#a53580&#8243; outline_custom_hover_text=\u00bb#ffffff\u00bb align=\u00bbcenter\u00bb css=\u00bb\u00bb link=\u00bburl:https%3A%2F%2Fescuelavirtual.feyalegria.org%2Faulas%2Fcourse%2Findex.php%3Fcategoryid%3D88|title:Cursos%20Pedagog%C3%ADa|target:_blank\u00bb][\/vc_column][vc_column width=\u00bb1\/5&#8243; alignment=\u00bbcenter\u00bb][vc_btn title=\u00bbEnConFyAnza\u00bb style=\u00bboutline-custom\u00bb outline_custom_color=\u00bb#d7ac14&#8243; outline_custom_hover_background=\u00bb#d7ac14&#8243; outline_custom_hover_text=\u00bb#ffffff\u00bb align=\u00bbcenter\u00bb css=\u00bb\u00bb link=\u00bburl:https%3A%2F%2Fwww.feyalegria.org%2Fvenezuela%2Fnoticias-enconfyanza%2F|target:_blank\u00bb][\/vc_column][vc_column width=\u00bb1\/5&#8243; alignment=\u00bbcenter\u00bb][vc_btn title=\u00bbCont\u00e1ctanos\u00bb style=\u00bboutline-custom\u00bb outline_custom_color=\u00bb#c7662a\u00bb outline_custom_hover_background=\u00bb#c7662a\u00bb outline_custom_hover_text=\u00bb#ffffff\u00bb align=\u00bbcenter\u00bb css=\u00bb\u00bb link=\u00bburl:https%3A%2F%2Fwww.feyalegria.org%2Fvenezuela%2Fcontactanos-2%2F|title:Cont%C3%A1ctanos|target:_blank\u00bb][\/vc_column][vc_column width=\u00bb1\/5&#8243; alignment=\u00bbcenter\u00bb][vc_btn title=\u00bbP\u00e1gina principal\u00bb style=\u00bboutline-custom\u00bb outline_custom_color=\u00bb#6f8c2b\u00bb outline_custom_hover_background=\u00bb#6f8c2b\u00bb outline_custom_hover_text=\u00bb#ffffff\u00bb align=\u00bbcenter\u00bb css=\u00bb\u00bb link=\u00bburl:https%3A%2F%2Fwww.feyalegria.org%2Fvenezuela%2Ffe-y-alegria-educomunicacion%2F|title:Volver%20a%20la%20p%C3%A1gina%20principal|target:_blank\u00bb][\/vc_column][\/vc_row][vc_row][vc_column]<div style=\"background-color:;height: 30px\" class=\"nicdark_section  \"><\/div>[\/vc_column][\/vc_row][vc_row content_placement=\u00bbmiddle\u00bb][vc_column][vc_separator color=\u00bbmulled_wine\u00bb style=\u00bbshadow\u00bb css=\u00bb\u00bb][vc_row_inner][vc_column_inner][accordion_father animation=\u00bb500&#8243; titlemargin=\u00bb20&#8243; icon=\u00bbfas fa-question-circle\u00bb icon_mblsize=\u00bb20&#8243; title_mblsize=\u00bb30&#8243; desc_mblsize=\u00bb16&#8243; activeicon=\u00bbfar fa-file-alt\u00bb][accordion_son title=\u00bb\u00bfQU\u00c9 ES EL IRFA?\u00bb clr=\u00bb#AA0F16&#8243; bodybg=\u00bb#F7F6F6&#8243; bgclr=\u00bb#E3E3E3&#8243;]<span style=\"color: #000000;\">El<strong> Instituto Radiof\u00f3nico Fe y Alegr\u00eda (IRFA)<\/strong>, ahora Fe y Alegr\u00eda EduComunicaci\u00f3n es un programa de Fe y Alegr\u00eda Venezuela que genera procesos de <em>educaci\u00f3n formal y no formal para j\u00f3venes (15 a\u00f1os cumplidos), adultos y adultas<\/em>, que ofrece oportunidad para que las personas <strong>logren su certificaci\u00f3n de primaria y el t\u00edtulo de bachiller t\u00e9cnico avalado por el Ministerio del Poder Popular para la Educaci\u00f3n<\/strong>.<\/span>[\/accordion_son][accordion_son title=\u00bb\u00bfC\u00d3MO ME INSCRIBO EN EL IRFA Y CU\u00c1LES SON LOS REQUISITOS?\u00bb clr=\u00bb#AA0F16&#8243; bodybg=\u00bb#F7F6F6&#8243; bgclr=\u00bb#E3E3E3&#8243;]<span style=\"color: #000000;\">Puedes contactar al Centro Educativo del estado donde te encuentras a trav\u00e9s de este<\/span> <span style=\"color: #3366ff;\"><a style=\"color: #3366ff;\" href=\"https:\/\/www.feyalegria.org\/venezuela\/directorio-educomunicacion-por-estados\/\" target=\"_blank\" rel=\"noopener\"><strong>directorio <\/strong><\/a><\/span><span style=\"color: #000000;\">y rellenar con tus datos el<\/span> <span style=\"color: #3366ff;\"><strong><a style=\"color: #3366ff;\" href=\"https:\/\/forms.gle\/cin4fApG7NnqTx4W8\" target=\"_blank\" rel=\"noopener\">formulario de preinscripci\u00f3n.<\/a>\u00a0<\/strong><\/span><\/p>\n<p><span style=\"color: #000000;\"><strong>Los requisitos son:<\/strong> Cedula de identi<\/span>dad, notas certificadas, partida de nacimiento, foto, y si te vas a inscribir en primaria, lo que necesitas es el certificado de primaria.[\/accordion_son][accordion_son title=\u00bb\u00bfIRFA ES FE Y ALEGR\u00cdA PARA ADULTOS?\u00bb clr=\u00bb#AA0F16&#8243; bodybg=\u00bb#F7F6F6&#8243; bgclr=\u00bb#E3E3E3&#8243;]<span style=\"color: #000000;\">Si, el <strong>IRFA es un programa de Fe y Alegr\u00eda<\/strong>, Movimiento de Educaci\u00f3n Popular Integral y de Promoci\u00f3n Social, nacido en el a\u00f1o 1.975, por iniciativa de Jos\u00e9 Mar\u00eda V\u00e9laz, S.J. y Jos\u00e9 Javier Castiella, S.J., con el prop\u00f3sito de ofrecer un <strong>servicio educativo a la poblaci\u00f3n adulta (mayores de 15 a\u00f1os), que por diversas razones no pudieron continuar sus estudios en el sistema de educaci\u00f3n regular<\/strong>.<\/span>[\/accordion_son][accordion_son title=\u00bb\u00bfSI TENGO M\u00c1S DE 10 A\u00d1OS QUE DEJE LOS ESTUDIOS, PUEDO ESTUDIAR EN EL IRFA?\u00bb clr=\u00bb#AA0F16&#8243; bodybg=\u00bb#F7F6F6&#8243; bgclr=\u00bb#E3E3E3&#8243;]<span style=\"color: #000000;\">Si, puedes estudiar en el IRFA porque es un proceso gradual y al que puedes adaptarte en la modalidad de educaci\u00f3n para j\u00f3venes, adultos y adultas.<\/span>[\/accordion_son][accordion_son title=\u00bb\u00bfQU\u00c9 T\u00cdTULO OBTENGO AL ESTUDIAR EN EL IRFA?\u00bb clr=\u00bb#AA0F16&#8243; bodybg=\u00bb#F7F6F6&#8243; bgclr=\u00bb#E3E3E3&#8243;]<span style=\"color: #000000;\">Al terminar tus estudios puedes obtener el t\u00edtulo de <strong>T\u00e9cnico Profesional<\/strong>\u00a0en la menci\u00f3n que elijas<\/span>[\/accordion_son][accordion_son title=\u00bb\u00bfQU\u00c9 MENCIONES OFRECE?\u00bb clr=\u00bb#AA0F16&#8243; bodybg=\u00bb#F7F6F6&#8243; bgclr=\u00bb#E3E3E3&#8243;]<\/p>\n<ul>\n<li><span style=\"color: #000000;\">Servicios Administrativos Contables y Financieros:<\/span><\/li>\n<li><span style=\"color: #000000;\">Mantenimiento Mec\u00e1nico:<\/span><\/li>\n<li><span style=\"color: #000000;\">Farmacia:<\/span><\/li>\n<li><span style=\"color: #000000;\">Comunicaci\u00f3n Educativa:<\/span><\/li>\n<li><span style=\"color: #000000;\">Agroecolog\u00eda:<\/span><\/li>\n<li><span style=\"color: #000000;\">Soporte T\u00e9cnico:<\/span><\/li>\n<li><span style=\"color: #000000;\">Telem\u00e1tica:<\/span><\/li>\n<\/ul>\n<p>[\/accordion_son][accordion_son title=\u00bb\u00bfES OBLIGATORIO TENER UN TEL\u00c9FONO CELULAR Y REDES SOCIALES?\u00bb clr=\u00bb#AA0F16&#8243; bodybg=\u00bb#F7F6F6&#8243; bgclr=\u00bb#E3E3E3&#8243;]<span style=\"color: #000000;\"><strong>No es obligatorio<\/strong>, sin embargo, <strong>es importante<\/strong> que tengas <strong>un tel\u00e9fono y redes sociales<\/strong> porque nos permite brindar el acompa\u00f1amiento pedag\u00f3gico permanente. Y al menos debes tener una cuenta en <strong>Facebook<\/strong> como red social.<\/span>[\/accordion_son][accordion_son title=\u00bb\u00bfCU\u00c1L ES LA METODOLOG\u00cdA DE ESTUDIO CON EL IRFA?\u00bb clr=\u00bb#AA0F16&#8243; bodybg=\u00bb#F7F6F6&#8243; bgclr=\u00bb#E3E3E3&#8243;]<span style=\"color: #000000;\">Nuestro sistema educativo <strong>es semi presencial<\/strong>; se programa el d\u00eda y horario de <strong>los encuentros presenciales con el centro Educativo<\/strong>; por lo general, es <strong>una vez a la semana<\/strong> y el resto del tiempo el acompa\u00f1amiento es virtual<\/span>.[\/accordion_son][accordion_son title=\u00bb\u00bfSE REALIZAN PR\u00c1CTICAS LABORALES Y\/O PASANT\u00cdAS EN EL IRFA?\u00bb clr=\u00bb#AA0F16&#8243; bodybg=\u00bb#F7F6F6&#8243; bgclr=\u00bb#E3E3E3&#8243;]<span style=\"color: #000000;\">S\u00ed, uno de los prop\u00f3sitos de nuestro sistema educativo es que puedas <strong>ingresar al mundo laboral<\/strong> y para esto con cada estudiante se lleva un <strong>proceso de pr\u00e1ctica presencial<\/strong>, en alguna unidad socio-productiva.<\/span>[\/accordion_son][accordion_son title=\u00bbME INTERESA ESTUDIAR EN EL IRFA \u00bfC\u00d3MO PUEDO HACER MI PREINSCRIPCI\u00d3N?\u00bb clr=\u00bb#AA0F16&#8243; bodybg=\u00bb#F7F6F6&#8243; bgclr=\u00bb#E3E3E3&#8243;]<span style=\"color: #000000;\">Gracias por elegirnos y estudiar con nosotros, para realizar tu preinscripci\u00f3n te invitamos a<\/span> <span style=\"color: #3366ff;\"><strong><a style=\"color: #3366ff;\" href=\"https:\/\/forms.gle\/cin4fApG7NnqTx4W8\" target=\"_blank\" rel=\"noopener\">acceder al formulario<\/a><\/strong><\/span> <span style=\"color: #000000;\">y completar con tus datos<\/span>[\/accordion_son][\/accordion_father][\/vc_column_inner][\/vc_row_inner]<div style=\"background-color:;height: 50px\" class=\"nicdark_section  \"><\/div>[vc_separator color=\u00bbmulled_wine\u00bb style=\u00bbshadow\u00bb css=\u00bb\u00bb][\/vc_column][\/vc_row][vc_row][vc_column]<div style=\"background-color:;height: 50px\" class=\"nicdark_section  \"><\/div>[vc_column_text]<\/p>\n<h3 style=\"text-align: center;\">Hazte aliado de Fe y Alegr\u00eda<\/h3>\n<p>[\/vc_column_text][vc_row_inner][vc_column_inner width=\u00bb1\/12&#8243; alignment=\u00bbcenter\u00bb][\/vc_column_inner][vc_column_inner width=\u00bb1\/5&#8243; alignment=\u00bbcenter\u00bb][mvc_flip_box style=\u00bbvertical\u00bb border_st=\u00bbcustom_border\u00bb link_st=\u00bbcustom_link\u00bb info_opt=\u00bbshow_icon\u00bb size=\u00bb25&#8243; descrsize=\u00bb\u00bb front_bg=\u00bb#ffffff\u00bb border_clr=\u00bb#aa0f16&#8243; url=\u00bburl:https%3A%2F%2Fwww.feyalegria.org%2Fvenezuela%2Fdonar-en-venezuela%2F\u00bb url_txt=\u00bbAqu\u00ed\u00bb url_clr=\u00bb#aa0f16&#8243; url_bg=\u00bb#e4e4e4&#8243; font_icon=\u00bbfas fa-heart\u00bb icon_size=\u00bb60&#8243; icon_color=\u00bb#aa0f16&#8243; title=\u00bbDonar\u00bb color=\u00bb#aa0f16&#8243; bgcolor=\u00bb#aa0f16&#8243; border_width=\u00bb3&#8243;]<\/p>\n<h2 style=\"text-align: center;\"><span style=\"color: #ffffff; font-size: 18px;\">Tu aporte a la educaci\u00f3n<\/span><\/h2>\n<p>[\/mvc_flip_box][\/vc_column_inner][vc_column_inner width=\u00bb1\/12&#8243; alignment=\u00bbcenter\u00bb][\/vc_column_inner][vc_column_inner width=\u00bb1\/5&#8243;][mvc_flip_box style=\u00bbvertical\u00bb border_st=\u00bbcustom_border\u00bb link_st=\u00bbcustom_link\u00bb info_opt=\u00bbshow_icon\u00bb size=\u00bb25&#8243; descrsize=\u00bb\u00bb front_bg=\u00bb#ffffff\u00bb border_clr=\u00bb#aa0f16&#8243; url=\u00bburl:https%3A%2F%2Fwww.feyalegria.org%2Fvenezuela%2Fvoluntariado%2F\u00bb url_txt=\u00bbAqu\u00ed\u00bb url_clr=\u00bb#aa0f16&#8243; url_bg=\u00bb#e4e4e4&#8243; font_icon=\u00bbfas fa-sign-language\u00bb icon_size=\u00bb60&#8243; icon_color=\u00bb#aa0f16&#8243; title=\u00bbSer voluntario\u00bb color=\u00bb#aa0f16&#8243; bgcolor=\u00bb#aa0f16&#8243; border_width=\u00bb3&#8243;]<\/p>\n<h2 style=\"text-align: center;\"><span style=\"color: #ffffff; font-size: 18px;\">\u00danete por\u00a0 la educaci\u00f3n<\/span><\/h2>\n<p>[\/mvc_flip_box][\/vc_column_inner][vc_column_inner width=\u00bb1\/12&#8243;][\/vc_column_inner][vc_column_inner width=\u00bb1\/5&#8243;][mvc_flip_box style=\u00bbvertical\u00bb border_st=\u00bbcustom_border\u00bb link_st=\u00bbcustom_link\u00bb info_opt=\u00bbshow_icon\u00bb size=\u00bb25&#8243; descrsize=\u00bb\u00bb front_bg=\u00bb#ffffff\u00bb border_clr=\u00bb#aa0f16&#8243; url=\u00bburl:https%3A%2F%2Fwww.feyalegria.org%2Fvenezuela%2Fempresas-aliadas%2F\u00bb url_txt=\u00bbAqu\u00ed\u00bb url_clr=\u00bb#aa0f16&#8243; url_bg=\u00bb#e4e4e4&#8243; font_icon=\u00bbfas fa-american-sign-language-interpreting\u00bb icon_size=\u00bb60&#8243; icon_color=\u00bb#aa0f16&#8243; title=\u00bbEmpresas aliadas\u00bb color=\u00bb#aa0f16&#8243; bgcolor=\u00bb#aa0f16&#8243; border_width=\u00bb3&#8243;]<\/p>\n<h2 style=\"text-align: center;\"><span style=\"color: #ffffff; font-size: 18px;\">Hazte aliado por la educaci\u00f3n<\/span><\/h2>\n<p>[\/mvc_flip_box][\/vc_column_inner][vc_column_inner width=\u00bb1\/12&#8243;][\/vc_column_inner][\/vc_row_inner]<div style=\"background-color:;height: 50px\" class=\"nicdark_section  \"><\/div>[\/vc_column][\/vc_row]<\/p>\n<\/div>","protected":false},"excerpt":{"rendered":"<p>[vc_row full_width=\u00bbstretch_row_content\u00bb css=\u00bb.vc_custom_1721778500560{background-color: #aa0f16 !important;}\u00bb][vc_column][vc_column_text css=\u00bb\u00bb] Preguntas frecuentes [\/vc_column_text][\/vc_column][\/vc_row][vc_row full_width=\u00bbstretch_row_content\u00bb][vc_column][\/vc_column][\/vc_row][vc_row][vc_column width=\u00bb1\/5&#8243; css=\u00bb.vc_custom_1749590024742{margin-right: 20px !important;}\u00bb][vc_btn title=\u00bbFinanciamiento y gesti\u00f3n\u00bb style=\u00bboutline-custom\u00bb outline_custom_color=\u00bb#1b878f\u00bb outline_custom_hover_background=\u00bb#1b878f\u00bb outline_custom_hover_text=\u00bb#ffffff\u00bb align=\u00bbcenter\u00bb css=\u00bb\u00bb link=\u00bburl:https%3A%2F%2Fwww.feyalegria.org%2Fvenezuela%2Ffinanciamiento-y-gestion%2F|title:Financiamiento%20y%20gesti%C3%B3n|target:_blank\u00bb][\/vc_column][vc_column width=\u00bb1\/5&#8243; alignment=\u00bbcenter\u00bb][vc_btn title=\u00bbEscuela Virtual\u00bb style=\u00bboutline-custom\u00bb outline_custom_color=\u00bb#a53580&#8243; outline_custom_hover_background=\u00bb#a53580&#8243; outline_custom_hover_text=\u00bb#ffffff\u00bb align=\u00bbcenter\u00bb css=\u00bb\u00bb link=\u00bburl:https%3A%2F%2Fescuelavirtual.feyalegria.org%2Faulas%2Fcourse%2Findex.php%3Fcategoryid%3D88|title:Cursos%20Pedagog%C3%ADa|target:_blank\u00bb][\/vc_column][vc_column width=\u00bb1\/5&#8243; alignment=\u00bbcenter\u00bb][vc_btn title=\u00bbEnConFyAnza\u00bb style=\u00bboutline-custom\u00bb outline_custom_color=\u00bb#d7ac14&#8243; outline_custom_hover_background=\u00bb#d7ac14&#8243; outline_custom_hover_text=\u00bb#ffffff\u00bb align=\u00bbcenter\u00bb css=\u00bb\u00bb link=\u00bburl:https%3A%2F%2Fwww.feyalegria.org%2Fvenezuela%2Fnoticias-enconfyanza%2F|target:_blank\u00bb][\/vc_column][vc_column width=\u00bb1\/5&#8243; alignment=\u00bbcenter\u00bb][vc_btn title=\u00bbCont\u00e1ctanos\u00bb style=\u00bboutline-custom\u00bb outline_custom_color=\u00bb#c7662a\u00bb outline_custom_hover_background=\u00bb#c7662a\u00bb outline_custom_hover_text=\u00bb#ffffff\u00bb align=\u00bbcenter\u00bb css=\u00bb\u00bb link=\u00bburl:https%3A%2F%2Fwww.feyalegria.org%2Fvenezuela%2Fcontactanos-2%2F|title:Cont%C3%A1ctanos|target:_blank\u00bb][\/vc_column][vc_column<\/p>\n","protected":false},"author":47,"featured_media":0,"parent":0,"menu_order":0,"comment_status":"closed","ping_status":"closed","template":"","meta":{"_acf_changed":false,"footnotes":""},"folder":[],"class_list":["post-7635","page","type-page","status-publish","hentry"],"acf":[],"yoast_head":"<!-- This site is optimized with the Yoast SEO plugin v27.5 - https:\/\/yoast.com\/product\/yoast-seo-wordpress\/ -->\n<title>Preguntas frecuentes - Fe y Alegr\u00eda en Venezuela<\/title>\n<meta name=\"robots\" content=\"index, follow, max-snippet:-1, max-image-preview:large, max-video-preview:-1\" \/>\n<link rel=\"canonical\" href=\"https:\/\/www.feyalegria.org\/venezuela\/preguntas-frecuentes-2\/\" \/>\n<meta property=\"og:locale\" content=\"es_ES\" \/>\n<meta property=\"og:type\" content=\"article\" \/>\n<meta property=\"og:title\" content=\"Preguntas frecuentes - Fe y Alegr\u00eda en Venezuela\" \/>\n<meta property=\"og:description\" content=\"[vc_row full_width=\u00bbstretch_row_content\u00bb css=\u00bb.vc_custom_1721778500560{background-color: #aa0f16 !important;}\u00bb][vc_column][vc_column_text css=\u00bb\u00bb] Preguntas frecuentes [\/vc_column_text][\/vc_column][\/vc_row][vc_row full_width=\u00bbstretch_row_content\u00bb][vc_column][\/vc_column][\/vc_row][vc_row][vc_column width=\u00bb1\/5&#8243; css=\u00bb.vc_custom_1749590024742{margin-right: 20px !important;}\u00bb][vc_btn title=\u00bbFinanciamiento y gesti\u00f3n\u00bb style=\u00bboutline-custom\u00bb outline_custom_color=\u00bb#1b878f\u00bb outline_custom_hover_background=\u00bb#1b878f\u00bb outline_custom_hover_text=\u00bb#ffffff\u00bb align=\u00bbcenter\u00bb css=\u00bb\u00bb link=\u00bburl:https%3A%2F%2Fwww.feyalegria.org%2Fvenezuela%2Ffinanciamiento-y-gestion%2F|title:Financiamiento%20y%20gesti%C3%B3n|target:_blank\u00bb][\/vc_column][vc_column width=\u00bb1\/5&#8243; alignment=\u00bbcenter\u00bb][vc_btn title=\u00bbEscuela Virtual\u00bb style=\u00bboutline-custom\u00bb outline_custom_color=\u00bb#a53580&#8243; outline_custom_hover_background=\u00bb#a53580&#8243; outline_custom_hover_text=\u00bb#ffffff\u00bb align=\u00bbcenter\u00bb css=\u00bb\u00bb link=\u00bburl:https%3A%2F%2Fescuelavirtual.feyalegria.org%2Faulas%2Fcourse%2Findex.php%3Fcategoryid%3D88|title:Cursos%20Pedagog%C3%ADa|target:_blank\u00bb][\/vc_column][vc_column width=\u00bb1\/5&#8243; alignment=\u00bbcenter\u00bb][vc_btn title=\u00bbEnConFyAnza\u00bb style=\u00bboutline-custom\u00bb outline_custom_color=\u00bb#d7ac14&#8243; outline_custom_hover_background=\u00bb#d7ac14&#8243; outline_custom_hover_text=\u00bb#ffffff\u00bb align=\u00bbcenter\u00bb css=\u00bb\u00bb link=\u00bburl:https%3A%2F%2Fwww.feyalegria.org%2Fvenezuela%2Fnoticias-enconfyanza%2F|target:_blank\u00bb][\/vc_column][vc_column width=\u00bb1\/5&#8243; alignment=\u00bbcenter\u00bb][vc_btn title=\u00bbCont\u00e1ctanos\u00bb style=\u00bboutline-custom\u00bb outline_custom_color=\u00bb#c7662a\u00bb outline_custom_hover_background=\u00bb#c7662a\u00bb outline_custom_hover_text=\u00bb#ffffff\u00bb align=\u00bbcenter\u00bb css=\u00bb\u00bb link=\u00bburl:https%3A%2F%2Fwww.feyalegria.org%2Fvenezuela%2Fcontactanos-2%2F|title:Cont%C3%A1ctanos|target:_blank\u00bb][\/vc_column][vc_column\" \/>\n<meta property=\"og:url\" content=\"https:\/\/www.feyalegria.org\/venezuela\/preguntas-frecuentes-2\/\" \/>\n<meta property=\"og:site_name\" content=\"Fe y Alegr\u00eda en Venezuela\" \/>\n<meta property=\"article:modified_time\" content=\"2025-06-10T21:13:54+00:00\" \/>\n<meta name=\"twitter:card\" content=\"summary_large_image\" \/>\n<meta name=\"twitter:label1\" content=\"Tiempo de lectura\" \/>\n\t<meta name=\"twitter:data1\" content=\"4 minutos\" \/>\n<script type=\"application\/ld+json\" class=\"yoast-schema-graph\">{\"@context\":\"https:\\\/\\\/schema.org\",\"@graph\":[{\"@type\":\"WebPage\",\"@id\":\"https:\\\/\\\/www.feyalegria.org\\\/venezuela\\\/preguntas-frecuentes-2\\\/\",\"url\":\"https:\\\/\\\/www.feyalegria.org\\\/venezuela\\\/preguntas-frecuentes-2\\\/\",\"name\":\"Preguntas frecuentes - Fe y Alegr\u00eda en Venezuela\",\"isPartOf\":{\"@id\":\"https:\\\/\\\/www.feyalegria.org\\\/venezuela\\\/#website\"},\"datePublished\":\"2024-10-13T21:21:56+00:00\",\"dateModified\":\"2025-06-10T21:13:54+00:00\",\"inLanguage\":\"es\",\"potentialAction\":[{\"@type\":\"ReadAction\",\"target\":[\"https:\\\/\\\/www.feyalegria.org\\\/venezuela\\\/preguntas-frecuentes-2\\\/\"]}]},{\"@type\":\"WebSite\",\"@id\":\"https:\\\/\\\/www.feyalegria.org\\\/venezuela\\\/#website\",\"url\":\"https:\\\/\\\/www.feyalegria.org\\\/venezuela\\\/\",\"name\":\"Fe y Alegr\u00eda en Venezuela\",\"description\":\"\",\"potentialAction\":[{\"@type\":\"SearchAction\",\"target\":{\"@type\":\"EntryPoint\",\"urlTemplate\":\"https:\\\/\\\/www.feyalegria.org\\\/venezuela\\\/?s={search_term_string}\"},\"query-input\":{\"@type\":\"PropertyValueSpecification\",\"valueRequired\":true,\"valueName\":\"search_term_string\"}}],\"inLanguage\":\"es\"}]}<\/script>\n<!-- \/ Yoast SEO plugin. -->","yoast_head_json":{"title":"Preguntas frecuentes - Fe y Alegr\u00eda en Venezuela","robots":{"index":"index","follow":"follow","max-snippet":"max-snippet:-1","max-image-preview":"max-image-preview:large","max-video-preview":"max-video-preview:-1"},"canonical":"https:\/\/www.feyalegria.org\/venezuela\/preguntas-frecuentes-2\/","og_locale":"es_ES","og_type":"article","og_title":"Preguntas frecuentes - Fe y Alegr\u00eda en Venezuela","og_description":"[vc_row full_width=\u00bbstretch_row_content\u00bb css=\u00bb.vc_custom_1721778500560{background-color: #aa0f16 !important;}\u00bb][vc_column][vc_column_text css=\u00bb\u00bb] Preguntas frecuentes [\/vc_column_text][\/vc_column][\/vc_row][vc_row full_width=\u00bbstretch_row_content\u00bb][vc_column][\/vc_column][\/vc_row][vc_row][vc_column width=\u00bb1\/5&#8243; css=\u00bb.vc_custom_1749590024742{margin-right: 20px !important;}\u00bb][vc_btn title=\u00bbFinanciamiento y gesti\u00f3n\u00bb style=\u00bboutline-custom\u00bb outline_custom_color=\u00bb#1b878f\u00bb outline_custom_hover_background=\u00bb#1b878f\u00bb outline_custom_hover_text=\u00bb#ffffff\u00bb align=\u00bbcenter\u00bb css=\u00bb\u00bb link=\u00bburl:https%3A%2F%2Fwww.feyalegria.org%2Fvenezuela%2Ffinanciamiento-y-gestion%2F|title:Financiamiento%20y%20gesti%C3%B3n|target:_blank\u00bb][\/vc_column][vc_column width=\u00bb1\/5&#8243; alignment=\u00bbcenter\u00bb][vc_btn title=\u00bbEscuela Virtual\u00bb style=\u00bboutline-custom\u00bb outline_custom_color=\u00bb#a53580&#8243; outline_custom_hover_background=\u00bb#a53580&#8243; outline_custom_hover_text=\u00bb#ffffff\u00bb align=\u00bbcenter\u00bb css=\u00bb\u00bb link=\u00bburl:https%3A%2F%2Fescuelavirtual.feyalegria.org%2Faulas%2Fcourse%2Findex.php%3Fcategoryid%3D88|title:Cursos%20Pedagog%C3%ADa|target:_blank\u00bb][\/vc_column][vc_column width=\u00bb1\/5&#8243; alignment=\u00bbcenter\u00bb][vc_btn title=\u00bbEnConFyAnza\u00bb style=\u00bboutline-custom\u00bb outline_custom_color=\u00bb#d7ac14&#8243; outline_custom_hover_background=\u00bb#d7ac14&#8243; outline_custom_hover_text=\u00bb#ffffff\u00bb align=\u00bbcenter\u00bb css=\u00bb\u00bb link=\u00bburl:https%3A%2F%2Fwww.feyalegria.org%2Fvenezuela%2Fnoticias-enconfyanza%2F|target:_blank\u00bb][\/vc_column][vc_column width=\u00bb1\/5&#8243; alignment=\u00bbcenter\u00bb][vc_btn title=\u00bbCont\u00e1ctanos\u00bb style=\u00bboutline-custom\u00bb outline_custom_color=\u00bb#c7662a\u00bb outline_custom_hover_background=\u00bb#c7662a\u00bb outline_custom_hover_text=\u00bb#ffffff\u00bb align=\u00bbcenter\u00bb css=\u00bb\u00bb link=\u00bburl:https%3A%2F%2Fwww.feyalegria.org%2Fvenezuela%2Fcontactanos-2%2F|title:Cont%C3%A1ctanos|target:_blank\u00bb][\/vc_column][vc_column","og_url":"https:\/\/www.feyalegria.org\/venezuela\/preguntas-frecuentes-2\/","og_site_name":"Fe y Alegr\u00eda en Venezuela","article_modified_time":"2025-06-10T21:13:54+00:00","twitter_card":"summary_large_image","twitter_misc":{"Tiempo de lectura":"4 minutos"},"schema":{"@context":"https:\/\/schema.org","@graph":[{"@type":"WebPage","@id":"https:\/\/www.feyalegria.org\/venezuela\/preguntas-frecuentes-2\/","url":"https:\/\/www.feyalegria.org\/venezuela\/preguntas-frecuentes-2\/","name":"Preguntas frecuentes - Fe y Alegr\u00eda en Venezuela","isPartOf":{"@id":"https:\/\/www.feyalegria.org\/venezuela\/#website"},"datePublished":"2024-10-13T21:21:56+00:00","dateModified":"2025-06-10T21:13:54+00:00","inLanguage":"es","potentialAction":[{"@type":"ReadAction","target":["https:\/\/www.feyalegria.org\/venezuela\/preguntas-frecuentes-2\/"]}]},{"@type":"WebSite","@id":"https:\/\/www.feyalegria.org\/venezuela\/#website","url":"https:\/\/www.feyalegria.org\/venezuela\/","name":"Fe y Alegr\u00eda en Venezuela","description":"","potentialAction":[{"@type":"SearchAction","target":{"@type":"EntryPoint","urlTemplate":"https:\/\/www.feyalegria.org\/venezuela\/?s={search_term_string}"},"query-input":{"@type":"PropertyValueSpecification","valueRequired":true,"valueName":"search_term_string"}}],"inLanguage":"es"}]}},"_links":{"self":[{"href":"https:\/\/www.feyalegria.org\/venezuela\/wp-json\/wp\/v2\/pages\/7635","targetHints":{"allow":["GET"]}}],"collection":[{"href":"https:\/\/www.feyalegria.org\/venezuela\/wp-json\/wp\/v2\/pages"}],"about":[{"href":"https:\/\/www.feyalegria.org\/venezuela\/wp-json\/wp\/v2\/types\/page"}],"author":[{"embeddable":true,"href":"https:\/\/www.feyalegria.org\/venezuela\/wp-json\/wp\/v2\/users\/47"}],"replies":[{"embeddable":true,"href":"https:\/\/www.feyalegria.org\/venezuela\/wp-json\/wp\/v2\/comments?post=7635"}],"version-history":[{"count":0,"href":"https:\/\/www.feyalegria.org\/venezuela\/wp-json\/wp\/v2\/pages\/7635\/revisions"}],"wp:attachment":[{"href":"https:\/\/www.feyalegria.org\/venezuela\/wp-json\/wp\/v2\/media?parent=7635"}],"wp:term":[{"taxonomy":"folder","embeddable":true,"href":"https:\/\/www.feyalegria.org\/venezuela\/wp-json\/wp\/v2\/folder?post=7635"}],"curies":[{"name":"wp","href":"https:\/\/api.w.org\/{rel}","templated":true}]}}